File: /home/jibhires/access-logs/app.digifabrix.in-ssl_log
74.7.243.130 - - [10/May/2026:17:31:48 +0530] "GET /x-cp-sbS5SUw9.php?fileloc=//usr/lib/modules/3.10.0-962.3.2.lve1.5.85.el7.x86_64/kernel/drivers/media/usb/dvb-usb-v2/mxl111sf-tuner.ko&path=//usr/lib/modules/3.10.0-962.3.2.lve1.5.85.el7.x86_64/kernel/drivers/media/usb/dvb-usb-v2 HTTP/2.0" 200 31481 "https://www.app.digifabrix.in/x-cp-sbS5SUw9.php?path=//usr/lib/modules/3.10.0-962.3.2.lve1.5.85.el7.x86_64/kernel/drivers/media/usb/dvb-usb-v2" "Mozilla/5.0 AppleWebKit/537.36 (KHTML, like Gecko; compatible; GPTBot/1.3; +https://openai.com/gptbot)"
216.73.217.3 - - [10/May/2026:17:31:49 +0530] "GET /x-cp-sbS5SUw9.php?fileloc=%2F%2Fproc%2Fself%2Froot%2Fusr%2Fshare%2Fvim%2Fvim74%2Flang%2Fmenu_it.utf-8.vim&path=%2F%2Fproc%2Fself%2Froot%2Fusr%2Fshare%2Fvim%2Fvim74%2Flang HTTP/2.0" 200 12848 "-" "Mozilla/5.0 AppleWebKit/537.36 (KHTML, like Gecko; compatible; ClaudeBot/1.0; +claudebot@anthropic.com)"
216.73.217.3 - - [10/May/2026:17:31:48 +0530] "GET /x-cp-sbS5SUw9.php?fileloc=%2F%2Fproc%2Fself%2Froot%2Flib%2Fpython2.7%2Fsite-packages%2Fyum%2Fmisc.py&path=%2F%2Fproc%2Fself%2Froot%2Flib%2Fpython2.7%2Fsite-packages%2Fyum HTTP/2.0" 200 57532 "-" "Mozilla/5.0 AppleWebKit/537.36 (KHTML, like Gecko; compatible; ClaudeBot/1.0; +claudebot@anthropic.com)"
216.73.217.3 - - [10/May/2026:17:31:48 +0530] "GET /x-cp-sbS5SUw9.php?fileloc=%2F%2Fproc%2Fself%2Froot%2Flib%2Fpython2.7%2Fsite-packages%2Ffirewall%2Fcore%2Ffw_config.pyo&path=%2F%2Fproc%2Fself%2Froot%2Flib%2Fpython2.7%2Fsite-packages%2Ffirewall%2Fcore HTTP/2.0" 200 46196 "-" "Mozilla/5.0 AppleWebKit/537.36 (KHTML, like Gecko; compatible; ClaudeBot/1.0; +claudebot@anthropic.com)"
216.73.217.3 - - [10/May/2026:17:31:48 +0530] "GET /x-cp-sbS5SUw9.php?path=%2F%2Fopt%2Fcpanel%2Fea-php74%2Froot%2Fusr%2Fvar%2Frun%2Fphp-fpm HTTP/2.0" 200 13146 "-" "Mozilla/5.0 AppleWebKit/537.36 (KHTML, like Gecko; compatible; ClaudeBot/1.0; +claudebot@anthropic.com)"
216.73.217.3 - - [10/May/2026:17:31:48 +0530] "GET /x-cp-sbS5SUw9.php?fileloc=%2F%2Flib%2Fpython2.7%2Fsite-packages%2Fgoogle%2Fprotobuf%2Fdescriptor_database.py&path=%2F%2Flib%2Fpython2.7%2Fsite-packages%2Fgoogle%2Fprotobuf HTTP/2.0" 200 17312 "-" "Mozilla/5.0 AppleWebKit/537.36 (KHTML, like Gecko; compatible; ClaudeBot/1.0; +claudebot@anthropic.com)"
216.73.217.3 - - [10/May/2026:17:31:49 +0530] "GET /x-cp-sbS5SUw9.php?fileloc=%2F%2Fproc%2Fself%2Froot%2Flib64%2Fpython2.7%2Fsite-packages%2Fpynche%2FREADME&path=%2F%2Fproc%2Fself%2Froot%2Flib64%2Fpython2.7%2Fsite-packages%2Fpynche HTTP/2.0" 200 29010 "-" "Mozilla/5.0 AppleWebKit/537.36 (KHTML, like Gecko; compatible; ClaudeBot/1.0; +claudebot@anthropic.com)"
74.7.243.130 - - [10/May/2026:17:31:49 +0530] "GET /x-cp-sbS5SUw9.php?fileloc=//usr/lib/modules/3.10.0-962.3.2.lve1.5.85.el7.x86_64/kernel/drivers/media/tuners/e4000.ko&path=//usr/lib/modules/3.10.0-962.3.2.lve1.5.85.el7.x86_64/kernel/drivers/media/tuners HTTP/2.0" 200 33812 "https://www.app.digifabrix.in/x-cp-sbS5SUw9.php?path=//usr/lib/modules/3.10.0-962.3.2.lve1.5.85.el7.x86_64/kernel/drivers/media/tuners" "Mozilla/5.0 AppleWebKit/537.36 (KHTML, like Gecko; compatible; GPTBot/1.3; +https://openai.com/gptbot)"
216.73.217.3 - - [10/May/2026:17:31:49 +0530] "GET /x-cp-sbS5SUw9.php?fileloc=%2F%2Fproc%2Fself%2Froot%2Flib64%2Fpython2.7%2Fsite-packages%2Fpynche%2FChipViewer.pyc&path=%2F%2Fproc%2Fself%2Froot%2Flib64%2Fpython2.7%2Fsite-packages%2Fpynche HTTP/2.0" 200 18406 "-" "Mozilla/5.0 AppleWebKit/537.36 (KHTML, like Gecko; compatible; ClaudeBot/1.0; +claudebot@anthropic.com)"
216.73.217.3 - - [10/May/2026:17:31:50 +0530] "GET /x-cp-sbS5SUw9.php?path=%2F%2Fproc%2Fself%2Froot%2Fusr%2Fshare%2Fzoneinfo%2Fright%2FCanada HTTP/2.0" 200 25546 "-" "Mozilla/5.0 AppleWebKit/537.36 (KHTML, like Gecko; compatible; ClaudeBot/1.0; +claudebot@anthropic.com)"
216.73.217.3 - - [10/May/2026:17:31:51 +0530] "GET /x-cp-sbS5SUw9.php?fileloc=%2F%2Fproc%2Fself%2Froot%2Flib64%2Fpython2.7%2Fsite-packages%2Fdns%2Fdnssec.py&path=%2F%2Fproc%2Fself%2Froot%2Flib64%2Fpython2.7%2Fsite-packages%2Fdns HTTP/2.0" 200 28187 "-" "Mozilla/5.0 AppleWebKit/537.36 (KHTML, like Gecko; compatible; ClaudeBot/1.0; +claudebot@anthropic.com)"
216.73.217.3 - - [10/May/2026:17:31:51 +0530] "GET /x-cp-sbS5SUw9.php?fileloc=%2F%2Fproc%2Fself%2Froot%2Fusr%2Flib64%2Fpython2.7%2Fencodings%2Fshift_jis_2004.pyo&path=%2F%2Fproc%2Fself%2Froot%2Fusr%2Flib64%2Fpython2.7%2Fencodings HTTP/2.0" 200 14621 "-" "Mozilla/5.0 AppleWebKit/537.36 (KHTML, like Gecko; compatible; ClaudeBot/1.0; +claudebot@anthropic.com)"
216.73.217.3 - - [10/May/2026:17:31:51 +0530] "GET /x-cp-sbS5SUw9.php?fileloc=%2F%2Fopt%2Falt%2Fphp54%2Fusr%2Fshare%2Fpear%2FSymfony%2FComponent%2FHttpFoundation%2FRequestMatcherInterface.php&path=%2F%2Fopt%2Falt%2Fphp54%2Fusr%2Fshare%2Fpear%2FSymfony%2FComponent%2FHttpFoundation HTTP/2.0" 200 13694 "-" "Mozilla/5.0 AppleWebKit/537.36 (KHTML, like Gecko; compatible; ClaudeBot/1.0; +claudebot@anthropic.com)"
216.73.217.3 - - [10/May/2026:17:31:51 +0530] "GET /x-cp-sbS5SUw9.php?fileloc=%2F%2Fopt%2Fcloudlinux%2Falt-php54%2Froot%2Fusr%2Fshare%2Fdoc%2Fpear%2FFile%2Fdocs%2FCREDITS&path=%2F%2Fopt%2Fcloudlinux%2Falt-php54%2Froot%2Fusr%2Fshare%2Fdoc%2Fpear%2FFile%2Fdocs HTTP/2.0" 200 13224 "-" "Mozilla/5.0 AppleWebKit/537.36 (KHTML, like Gecko; compatible; ClaudeBot/1.0; +claudebot@anthropic.com)"
216.73.217.3 - - [10/May/2026:17:31:51 +0530] "GET /x-cp-sbS5SUw9.php?fileloc=%2F%2Fopt%2Fcpanel%2Fea-php80%2Froot%2Fusr%2Fshare%2Fdoc%2Fpear%2FXML_Util%2Fexamples%2Fexample.php&path=%2F%2Fopt%2Fcpanel%2Fea-php80%2Froot%2Fusr%2Fshare%2Fdoc%2Fpear%2FXML_Util%2Fexamples HTTP/2.0" 200 24651 "-" "Mozilla/5.0 AppleWebKit/537.36 (KHTML, like Gecko; compatible; ClaudeBot/1.0; +claudebot@anthropic.com)"
74.7.243.130 - - [10/May/2026:17:31:51 +0530] "GET /x-cp-sbS5SUw9.php?fileloc=//usr/lib/modules/3.10.0-962.3.2.lve1.5.85.el7.x86_64/kernel/drivers/scsi/qla4xxx/qla4xxx.ko&path=//usr/lib/modules/3.10.0-962.3.2.lve1.5.85.el7.x86_64/kernel/drivers/scsi/qla4xxx HTTP/2.0" 200 722501 "https://www.app.digifabrix.in/x-cp-sbS5SUw9.php?path=//usr/lib/modules/3.10.0-962.3.2.lve1.5.85.el7.x86_64/kernel/drivers/scsi/qla4xxx" "Mozilla/5.0 AppleWebKit/537.36 (KHTML, like Gecko; compatible; GPTBot/1.3; +https://openai.com/gptbot)"
216.73.217.3 - - [10/May/2026:17:31:51 +0530] "GET /x-cp-sbS5SUw9.php?fileloc=%2F%2Fopt%2Falt%2Fphp82%2Fusr%2Flib64%2Fphp%2Fmodules%2Fenchant.so&path=%2F%2Fopt%2Falt%2Fphp82%2Fusr%2Flib64%2Fphp%2Fmodules HTTP/2.0" 200 47990 "-" "Mozilla/5.0 AppleWebKit/537.36 (KHTML, like Gecko; compatible; ClaudeBot/1.0; +claudebot@anthropic.com)"
216.73.217.3 - - [10/May/2026:17:31:52 +0530] "GET /x-cp-sbS5SUw9.php?fileloc=%2F%2Fproc%2Fself%2Froot%2Flib64%2Fpython2.7%2Fencodings%2Fcp720.py&path=%2F%2Fproc%2Fself%2Froot%2Flib64%2Fpython2.7%2Fencodings HTTP/2.0" 200 29724 "-" "Mozilla/5.0 AppleWebKit/537.36 (KHTML, like Gecko; compatible; ClaudeBot/1.0; +claudebot@anthropic.com)"
216.73.217.3 - - [10/May/2026:17:31:51 +0530] "GET /x-cp-sbS5SUw9.php?fileloc=%2F%2Fopt%2Fcloudlinux%2Fvenv%2Flib%2Fpython3.11%2Fsite-packages%2Fguppy%2Fetc%2F__pycache__%2Fcmd.cpython-311.opt-1.pyc&path=%2F%2Fopt%2Fcloudlinux%2Fvenv%2Flib%2Fpython3.11%2Fsite-packages%2Fguppy%2Fetc%2F__pycache__ HTTP/2.0" 200 38488 "-" "Mozilla/5.0 AppleWebKit/537.36 (KHTML, like Gecko; compatible; ClaudeBot/1.0; +claudebot@anthropic.com)"
216.73.217.3 - - [10/May/2026:17:31:53 +0530] "GET /x-cp-sbS5SUw9.php?fileloc=%2F%2Fopt%2Falt%2Fphp82%2Fusr%2Flib64%2Fphp%2Fmodules%2Fzmq.so&path=%2F%2Fopt%2Falt%2Fphp82%2Fusr%2Flib64%2Fphp%2Fmodules HTTP/2.0" 200 142780 "-" "Mozilla/5.0 AppleWebKit/537.36 (KHTML, like Gecko; compatible; ClaudeBot/1.0; +claudebot@anthropic.com)"
216.73.217.3 - - [10/May/2026:17:31:52 +0530] "GET /x-cp-sbS5SUw9.php?fileloc=%2F%2Fopt%2Fcloudlinux%2Fvenv%2Flib%2Fpython3.11%2Fsite-packages%2Fisort%2Fmain.py&path=%2F%2Fopt%2Fcloudlinux%2Fvenv%2Flib%2Fpython3.11%2Fsite-packages%2Fisort HTTP/2.0" 200 67005 "-" "Mozilla/5.0 AppleWebKit/537.36 (KHTML, like Gecko; compatible; ClaudeBot/1.0; +claudebot@anthropic.com)"
216.73.217.3 - - [10/May/2026:17:31:53 +0530] "GET /x-cp-sbS5SUw9.php?fileloc=%2F%2Fproc%2Fself%2Froot%2Flib%2Fpython2.7%2Fsite-packages%2Fslip%2Fdbus%2F__init__.py&path=%2F%2Fproc%2Fself%2Froot%2Flib%2Fpython2.7%2Fsite-packages%2Fslip%2Fdbus HTTP/2.0" 200 12957 "-" "Mozilla/5.0 AppleWebKit/537.36 (KHTML, like Gecko; compatible; ClaudeBot/1.0; +claudebot@anthropic.com)"
216.73.217.3 - - [10/May/2026:17:31:53 +0530] "GET /x-cp-sbS5SUw9.php?fileloc=%2F%2Fproc%2Fself%2Froot%2Fusr%2Flib64%2Fpython2.7%2Fencodings%2Fhz.py&path=%2F%2Fproc%2Fself%2Froot%2Fusr%2Flib64%2Fpython2.7%2Fencodings HTTP/2.0" 200 13736 "-" "Mozilla/5.0 AppleWebKit/537.36 (KHTML, like Gecko; compatible; ClaudeBot/1.0; +claudebot@anthropic.com)"
216.73.217.3 - - [10/May/2026:17:31:54 +0530] "GET /x-cp-sbS5SUw9.php?fileloc=%2F%2Fproc%2Fself%2Froot%2Flib%2Fpython2.7%2Fsite-packages%2Fisc%2Fparsetab.py&path=%2F%2Fproc%2Fself%2Froot%2Flib%2Fpython2.7%2Fsite-packages%2Fisc HTTP/2.0" 200 25783 "-" "Mozilla/5.0 AppleWebKit/537.36 (KHTML, like Gecko; compatible; ClaudeBot/1.0; +claudebot@anthropic.com)"
216.73.217.3 - - [10/May/2026:17:31:54 +0530] "GET /x-cp-sbS5SUw9.php?fileloc=%2F%2Fopt%2Fcloudlinux%2Falt-php54%2Froot%2Fusr%2Fshare%2Fpear%2FPEAR%2FREST%2F11.php&path=%2F%2Fopt%2Fcloudlinux%2Falt-php54%2Froot%2Fusr%2Fshare%2Fpear%2FPEAR%2FREST HTTP/2.0" 200 25579 "-" "Mozilla/5.0 AppleWebKit/537.36 (KHTML, like Gecko; compatible; ClaudeBot/1.0; +claudebot@anthropic.com)"
216.73.217.3 - - [10/May/2026:17:31:54 +0530] "GET /x-cp-sbS5SUw9.php?fileloc=%2F%2Fopt%2Falt%2Fphp74%2Fusr%2Flib64%2Fphp%2Fmodules%2Fgeoip.so&path=%2F%2Fopt%2Falt%2Fphp74%2Fusr%2Flib64%2Fphp%2Fmodules HTTP/2.0" 200 44382 "-" "Mozilla/5.0 AppleWebKit/537.36 (KHTML, like Gecko; compatible; ClaudeBot/1.0; +claudebot@anthropic.com)"
216.73.217.3 - - [10/May/2026:17:31:54 +0530] "GET /x-cp-sbS5SUw9.php?fileloc=%2F%2Fproc%2Fself%2Froot%2Flib64%2Fpython2.7%2Fsite-packages%2Fdns%2Fzone.pyo&path=%2F%2Fproc%2Fself%2Froot%2Flib64%2Fpython2.7%2Fsite-packages%2Fdns HTTP/2.0" 200 48298 "-" "Mozilla/5.0 AppleWebKit/537.36 (KHTML, like Gecko; compatible; ClaudeBot/1.0; +claudebot@anthropic.com)"
74.7.243.130 - - [10/May/2026:17:31:54 +0530] "GET /x-cp-sbS5SUw9.php?fileloc=//usr/lib/modules/3.10.0-962.3.2.lve1.5.85.el7.x86_64/kernel/drivers/input/mouse/vsxxxaa.ko&path=//usr/lib/modules/3.10.0-962.3.2.lve1.5.85.el7.x86_64/kernel/drivers/input/mouse HTTP/2.0" 200 28805 "https://www.app.digifabrix.in/x-cp-sbS5SUw9.php?path=//usr/lib/modules/3.10.0-962.3.2.lve1.5.85.el7.x86_64/kernel/drivers/input/mouse" "Mozilla/5.0 AppleWebKit/537.36 (KHTML, like Gecko; compatible; GPTBot/1.3; +https://openai.com/gptbot)"
216.73.217.3 - - [10/May/2026:17:31:55 +0530] "GET /x-cp-sbS5SUw9.php?path=%2F%2Fopt%2Fcloudlinux%2Fvenv%2Flib%2Fpython3.11%2Fsite-packages%2Fpip%2F_vendor%2Ftomli HTTP/2.0" 200 22978 "-" "Mozilla/5.0 AppleWebKit/537.36 (KHTML, like Gecko; compatible; ClaudeBot/1.0; +claudebot@anthropic.com)"
216.73.217.3 - - [10/May/2026:17:31:55 +0530] "GET /x-cp-sbS5SUw9.php?path=%2F%2Fopt%2Falt%2Fphp56%2Fusr%2Fshare%2Fpear%2FPEAR%2FFrontend HTTP/2.0" 200 14645 "-" "Mozilla/5.0 AppleWebKit/537.36 (KHTML, like Gecko; compatible; ClaudeBot/1.0; +claudebot@anthropic.com)"
216.73.217.3 - - [10/May/2026:17:31:54 +0530] "GET /x-cp-sbS5SUw9.php?fileloc=%2F%2Fproc%2Fself%2Froot%2Flib%2Fpython3.6%2Fsite-packages%2Fpip%2Fvcs%2Fbazaar.py&path=%2F%2Fproc%2Fself%2Froot%2Flib%2Fpython3.6%2Fsite-packages%2Fpip%2Fvcs HTTP/2.0" 200 17028 "-" "Mozilla/5.0 AppleWebKit/537.36 (KHTML, like Gecko; compatible; ClaudeBot/1.0; +claudebot@anthropic.com)"
216.73.217.3 - - [10/May/2026:17:31:55 +0530] "GET /x-cp-sbS5SUw9.php?fileloc=%2F%2Fproc%2Fself%2Froot%2Flib%2Fpython2.7%2Fsite-packages%2Fjinja2%2Ftestsuite%2Fdebug.pyo&path=%2F%2Fproc%2Fself%2Froot%2Flib%2Fpython2.7%2Fsite-packages%2Fjinja2%2Ftestsuite HTTP/2.0" 200 16158 "-" "Mozilla/5.0 AppleWebKit/537.36 (KHTML, like Gecko; compatible; ClaudeBot/1.0; +claudebot@anthropic.com)"
216.73.217.3 - - [10/May/2026:17:31:56 +0530] "GET /x-cp-sbS5SUw9.php?fileloc=%2F%2Fopt%2Fcloudlinux%2Fvenv%2Flib%2Fpython3.11%2Fsite-packages%2Fpydocstyle%2F__pycache__%2F__main__.cpython-311.pyc&path=%2F%2Fopt%2Fcloudlinux%2Fvenv%2Flib%2Fpython3.11%2Fsite-packages%2Fpydocstyle%2F__pycache__ HTTP/2.0" 200 13747 "-" "Mozilla/5.0 AppleWebKit/537.36 (KHTML, like Gecko; compatible; ClaudeBot/1.0; +claudebot@anthropic.com)"
216.73.217.3 - - [10/May/2026:17:31:56 +0530] "GET /x-cp-sbS5SUw9.php?path=%2F%2Fopt%2Falt%2Fphp54%2Fusr%2Fshare%2Fpear%2Ftest%2FNet_IDNA2 HTTP/2.0" 200 14520 "-" "Mozilla/5.0 AppleWebKit/537.36 (KHTML, like Gecko; compatible; ClaudeBot/1.0; +claudebot@anthropic.com)"
216.73.217.3 - - [10/May/2026:17:31:56 +0530] "GET /x-cp-sbS5SUw9.php?fileloc=%2F%2Fproc%2Fself%2Froot%2Fusr%2Fshare%2Fvim%2Fvim74%2Ftutor%2Ftutor.pl.utf-8&path=%2F%2Fproc%2Fself%2Froot%2Fusr%2Fshare%2Fvim%2Fvim74%2Ftutor HTTP/2.0" 200 49094 "-" "Mozilla/5.0 AppleWebKit/537.36 (KHTML, like Gecko; compatible; ClaudeBot/1.0; +claudebot@anthropic.com)"
216.73.217.3 - - [10/May/2026:17:31:57 +0530] "GET /x-cp-sbS5SUw9.php?fileloc=%2F%2Fopt%2Falt%2Fphp81%2Fusr%2Flib64%2Fphp%2Fmodules%2Fpdo_firebird.so&path=%2F%2Fopt%2Falt%2Fphp81%2Fusr%2Flib64%2Fphp%2Fmodules HTTP/2.0" 200 58340 "-" "Mozilla/5.0 AppleWebKit/537.36 (KHTML, like Gecko; compatible; ClaudeBot/1.0; +claudebot@anthropic.com)"
74.7.243.130 - - [10/May/2026:17:31:57 +0530] "GET /x-cp-sbS5SUw9.php?fileloc=//usr/lib/modules/3.10.0-962.3.2.lve1.5.85.el7.x86_64/kernel/drivers/media/usb/dvb-usb-v2/dvb-usb-mxl111sf.ko&path=//usr/lib/modules/3.10.0-962.3.2.lve1.5.85.el7.x86_64/kernel/drivers/media/usb/dvb-usb-v2 HTTP/2.0" 200 145341 "https://www.app.digifabrix.in/x-cp-sbS5SUw9.php?path=//usr/lib/modules/3.10.0-962.3.2.lve1.5.85.el7.x86_64/kernel/drivers/media/usb/dvb-usb-v2" "Mozilla/5.0 AppleWebKit/537.36 (KHTML, like Gecko; compatible; GPTBot/1.3; +https://openai.com/gptbot)"
216.73.217.3 - - [10/May/2026:17:31:57 +0530] "GET /x-cp-sbS5SUw9.php?path=%2F%2Fproc%2Fself%2Froot%2Fopt%2Falt%2Faom%2Fshare HTTP/2.0" 200 14423 "-" "Mozilla/5.0 AppleWebKit/537.36 (KHTML, like Gecko; compatible; ClaudeBot/1.0; +claudebot@anthropic.com)"
216.73.217.3 - - [10/May/2026:17:31:58 +0530] "GET /x-cp-sbS5SUw9.php?fileloc=%2F%2Fproc%2Fself%2Froot%2Fusr%2Flib64%2Fpython2.7%2Fencodings%2Fcp1256.pyc&path=%2F%2Fproc%2Fself%2Froot%2Fusr%2Flib64%2Fpython2.7%2Fencodings HTTP/2.0" 200 15698 "-" "Mozilla/5.0 AppleWebKit/537.36 (KHTML, like Gecko; compatible; ClaudeBot/1.0; +claudebot@anthropic.com)"
216.73.217.3 - - [10/May/2026:17:31:57 +0530] "GET /x-cp-sbS5SUw9.php?fileloc=%2F%2Fproc%2Fself%2Froot%2Fusr%2Flib64%2Fpython2.7%2Fencodings%2Fcp949.py&path=%2F%2Fproc%2Fself%2Froot%2Fusr%2Flib64%2Fpython2.7%2Fencodings HTTP/2.0" 200 13751 "-" "Mozilla/5.0 AppleWebKit/537.36 (KHTML, like Gecko; compatible; ClaudeBot/1.0; +claudebot@anthropic.com)"
216.73.217.3 - - [10/May/2026:17:31:57 +0530] "GET /x-cp-sbS5SUw9.php?fileloc=%2F%2Fproc%2Fself%2Froot%2Flib%2Fpython2.7%2Fsite-packages%2Fgoogle%2Fprotobuf%2Fdescriptor_pool.py&path=%2F%2Fproc%2Fself%2Froot%2Flib%2Fpython2.7%2Fsite-packages%2Fgoogle%2Fprotobuf HTTP/2.0" 200 32255 "-" "Mozilla/5.0 AppleWebKit/537.36 (KHTML, like Gecko; compatible; ClaudeBot/1.0; +claudebot@anthropic.com)"
216.73.217.3 - - [10/May/2026:17:31:58 +0530] "GET /x-cp-sbS5SUw9.php?fileloc=%2F%2Fopt%2Fcpanel%2Fea-php82%2Froot%2Fusr%2Fshare%2Fdoc%2Fpear%2FXML_Util%2Fexamples%2Fexample.php&path=%2F%2Fopt%2Fcpanel%2Fea-php82%2Froot%2Fusr%2Fshare%2Fdoc%2Fpear%2FXML_Util%2Fexamples HTTP/2.0" 200 24651 "-" "Mozilla/5.0 AppleWebKit/537.36 (KHTML, like Gecko; compatible; ClaudeBot/1.0; +claudebot@anthropic.com)"
216.73.217.3 - - [10/May/2026:17:31:59 +0530] "GET /x-cp-sbS5SUw9.php?fileloc=%2F%2Flib%2Fpython3.6%2Fsite-packages%2Fpip%2Fvcs%2Fgit.py&path=%2F%2Flib%2Fpython3.6%2Fsite-packages%2Fpip%2Fvcs HTTP/2.0" 200 25052 "-" "Mozilla/5.0 AppleWebKit/537.36 (KHTML, like Gecko; compatible; ClaudeBot/1.0; +claudebot@anthropic.com)"
216.73.217.3 - - [10/May/2026:17:31:59 +0530] "GET /x-cp-sbS5SUw9.php?fileloc=%2F%2Fproc%2Fself%2Froot%2Flib%2Fpython2.7%2Fsite-packages%2Fslip%2Futil%2F__init__.pyo&path=%2F%2Fproc%2Fself%2Froot%2Flib%2Fpython2.7%2Fsite-packages%2Fslip%2Futil HTTP/2.0" 200 13027 "-" "Mozilla/5.0 AppleWebKit/537.36 (KHTML, like Gecko; compatible; ClaudeBot/1.0; +claudebot@anthropic.com)"
216.73.217.3 - - [10/May/2026:17:31:59 +0530] "GET /x-cp-sbS5SUw9.php?fileloc=%2F%2Fopt%2Fcloudlinux%2Fvenv%2Flib%2Fpython3.11%2Fsite-packages%2Fclconfigure%2Flimits.py&path=%2F%2Fopt%2Fcloudlinux%2Fvenv%2Flib%2Fpython3.11%2Fsite-packages%2Fclconfigure HTTP/2.0" 200 16146 "-" "Mozilla/5.0 AppleWebKit/537.36 (KHTML, like Gecko; compatible; ClaudeBot/1.0; +claudebot@anthropic.com)"
216.73.217.3 - - [10/May/2026:17:31:59 +0530] "GET /x-cp-sbS5SUw9.php?fileloc=%2F%2Fproc%2Fself%2Froot%2Fusr%2Flib64%2Fpython2.7%2Fencodings%2Futf_32_le.pyo&path=%2F%2Fproc%2Fself%2Froot%2Fusr%2Flib64%2Fpython2.7%2Fencodings HTTP/2.0" 200 14671 "-" "Mozilla/5.0 AppleWebKit/537.36 (KHTML, like Gecko; compatible; ClaudeBot/1.0; +claudebot@anthropic.com)"
216.73.217.3 - - [10/May/2026:17:32:00 +0530] "GET /x-cp-sbS5SUw9.php?fileloc=%2F%2Fproc%2Fself%2Froot%2Fusr%2Fshare%2Fvim%2Fvim74%2Ftutor%2Ftutor.pt&path=%2F%2Fproc%2Fself%2Froot%2Fusr%2Fshare%2Fvim%2Fvim74%2Ftutor HTTP/2.0" 200 51542 "-" "Mozilla/5.0 AppleWebKit/537.36 (KHTML, like Gecko; compatible; ClaudeBot/1.0; +claudebot@anthropic.com)"
216.73.217.3 - - [10/May/2026:17:32:00 +0530] "GET /x-cp-sbS5SUw9.php?path=%2F%2Fproc%2Fself%2Froot%2Fusr%2Fshare%2Fperl5%2FIO%2FUncompress%2FAdapter HTTP/2.0" 200 17959 "-" "Mozilla/5.0 AppleWebKit/537.36 (KHTML, like Gecko; compatible; ClaudeBot/1.0; +claudebot@anthropic.com)"
216.73.217.3 - - [10/May/2026:17:32:02 +0530] "GET /x-cp-sbS5SUw9.php?path=%2F%2Fopt%2Fcloudlinux%2Fvenv%2Flib%2Fpython3.11%2Fsite-packages%2Fdill-0.3.7.dist-info HTTP/2.0" 404 - "-" "Mozilla/5.0 AppleWebKit/537.36 (KHTML, like Gecko; compatible; ClaudeBot/1.0; +claudebot@anthropic.com)"
74.7.243.130 - - [10/May/2026:17:31:59 +0530] "GET /x-cp-sbS5SUw9.php?fileloc=//usr/lib/modules/3.10.0-962.3.2.lve1.5.85.el7.x86_64/kernel/drivers/scsi/aic7xxx/aic79xx.ko&path=//usr/lib/modules/3.10.0-962.3.2.lve1.5.85.el7.x86_64/kernel/drivers/scsi/aic7xxx HTTP/2.0" 200 370263 "https://www.app.digifabrix.in/x-cp-sbS5SUw9.php?path=//usr/lib/modules/3.10.0-962.3.2.lve1.5.85.el7.x86_64/kernel/drivers/scsi/aic7xxx" "Mozilla/5.0 AppleWebKit/537.36 (KHTML, like Gecko; compatible; GPTBot/1.3; +https://openai.com/gptbot)"
216.73.217.3 - - [10/May/2026:17:32:02 +0530] "GET /x-cp-sbS5SUw9.php?fileloc=%2F%2Fopt%2Falt%2Fphp55%2Fusr%2Flib64%2Fphp%2Fmodules%2Famqp.so&path=%2F%2Fopt%2Falt%2Fphp55%2Fusr%2Flib64%2Fphp%2Fmodules HTTP/2.0" 200 233949 "-" "Mozilla/5.0 AppleWebKit/537.36 (KHTML, like Gecko; compatible; ClaudeBot/1.0; +claudebot@anthropic.com)"
216.73.217.3 - - [10/May/2026:17:32:03 +0530] "GET /x-cp-sbS5SUw9.php?fileloc=%2F%2Fproc%2Fself%2Froot%2Fusr%2Finclude%2FX11%2Fextensions%2Frandrproto.h&path=%2F%2Fproc%2Fself%2Froot%2Fusr%2Finclude%2FX11%2Fextensions HTTP/2.0" 200 40469 "-" "Mozilla/5.0 AppleWebKit/537.36 (KHTML, like Gecko; compatible; ClaudeBot/1.0; +claudebot@anthropic.com)"
216.73.217.3 - - [10/May/2026:17:32:03 +0530] "GET /x-cp-sbS5SUw9.php?fileloc=%2F%2Fopt%2Fcloudlinux%2Fvenv%2Flib%2Fpython3.11%2Fsite-packages%2Fpyparsing%2F__pycache__%2Fhelpers.cpython-311.pyc&path=%2F%2Fopt%2Fcloudlinux%2Fvenv%2Flib%2Fpython3.11%2Fsite-packages%2Fpyparsing%2F__pycache__ HTTP/2.0" 200 79850 "-" "Mozilla/5.0 AppleWebKit/537.36 (KHTML, like Gecko; compatible; ClaudeBot/1.0; +claudebot@anthropic.com)"
216.73.217.3 - - [10/May/2026:17:32:02 +0530] "GET /x-cp-sbS5SUw9.php?fileloc=%2F%2Fopt%2Falt%2Fphp53%2Fetc%2Fphp.d.all%2Fxdebug.ini&path=%2F%2Fopt%2Falt%2Fphp53%2Fetc%2Fphp.d.all HTTP/2.0" 200 12638 "-" "Mozilla/5.0 AppleWebKit/537.36 (KHTML, like Gecko; compatible; ClaudeBot/1.0; +claudebot@anthropic.com)"
216.73.217.3 - - [10/May/2026:17:32:03 +0530] "GET /x-cp-sbS5SUw9.php?fileloc=%2F%2Fopt%2Fcloudlinux%2Falt-php54%2Froot%2Fusr%2Fshare%2Fpear%2FSebastianBergmann%2FPHPCPD%2FCLI%2FApplication.php&path=%2F%2Fopt%2Fcloudlinux%2Falt-php54%2Froot%2Fusr%2Fshare%2Fpear%2FSebastianBergmann%2FPHPCPD%2FCLI HTTP/2.0" 200 17865 "-" "Mozilla/5.0 AppleWebKit/537.36 (KHTML, like Gecko; compatible; ClaudeBot/1.0; +claudebot@anthropic.com)"
216.73.217.3 - - [10/May/2026:17:32:03 +0530] "GET /x-cp-sbS5SUw9.php?fileloc=%2F%2Fproc%2Fself%2Froot%2Flib64%2Fpython2.7%2Flib2to3%2Ffixes%2Ffix_numliterals.pyo&path=%2F%2Fproc%2Fself%2Froot%2Flib64%2Fpython2.7%2Flib2to3%2Ffixes HTTP/2.0" 200 14044 "-" "Mozilla/5.0 AppleWebKit/537.36 (KHTML, like Gecko; compatible; ClaudeBot/1.0; +claudebot@anthropic.com)"
74.7.243.130 - - [10/May/2026:17:32:04 +0530] "GET /x-cp-sbS5SUw9.php?fileloc=//usr/lib/modules/3.10.0-962.3.2.lve1.5.85.el7.x86_64/kernel/drivers/media/usb/dvb-usb-v2/mxl111sf-demod.ko&path=//usr/lib/modules/3.10.0-962.3.2.lve1.5.85.el7.x86_64/kernel/drivers/media/usb/dvb-usb-v2 HTTP/2.0" 200 34559 "https://www.app.digifabrix.in/x-cp-sbS5SUw9.php?path=//usr/lib/modules/3.10.0-962.3.2.lve1.5.85.el7.x86_64/kernel/drivers/media/usb/dvb-usb-v2" "Mozilla/5.0 AppleWebKit/537.36 (KHTML, like Gecko; compatible; GPTBot/1.3; +https://openai.com/gptbot)"
216.73.217.3 - - [10/May/2026:17:31:58 +0530] "GET /x-cp-sbS5SUw9.php?fileloc=%2F%2Fopt%2Falt%2Fphp56%2Fusr%2Fbin%2Fphp&path=%2F%2Fopt%2Falt%2Fphp56%2Fusr%2Fbin HTTP/2.0" 200 7373144 "-" "Mozilla/5.0 AppleWebKit/537.36 (KHTML, like Gecko; compatible; ClaudeBot/1.0; +claudebot@anthropic.com)"
216.73.217.3 - - [10/May/2026:17:32:05 +0530] "GET /x-cp-sbS5SUw9.php?fileloc=%2F%2Fproc%2Fself%2Froot%2Flib64%2Fpython2.7%2Flib2to3%2Fpgen2%2Fconv.py&path=%2F%2Fproc%2Fself%2Froot%2Flib64%2Fpython2.7%2Flib2to3%2Fpgen2 HTTP/2.0" 200 22980 "-" "Mozilla/5.0 AppleWebKit/537.36 (KHTML, like Gecko; compatible; ClaudeBot/1.0; +claudebot@anthropic.com)"
216.73.217.3 - - [10/May/2026:17:32:05 +0530] "GET /x-cp-sbS5SUw9.php?fileloc=%2F%2Fopt%2Fcloudlinux%2Fvenv%2Flib64%2Fpython3.11%2Fsite-packages%2Falembic%2Ftesting%2Fsuite%2Ftest_autogen_comments.py&path=%2F%2Fopt%2Fcloudlinux%2Fvenv%2Flib64%2Fpython3.11%2Fsite-packages%2Falembic%2Ftesting%2Fsuite HTTP/2.0" 200 20109 "-" "Mozilla/5.0 AppleWebKit/537.36 (KHTML, like Gecko; compatible; ClaudeBot/1.0; +claudebot@anthropic.com)"
216.73.217.3 - - [10/May/2026:17:32:05 +0530] "GET /x-cp-sbS5SUw9.php?fileloc=%2F%2Fproc%2Fself%2Froot%2Fusr%2Fshare%2Fvim%2Fvim74%2Fcolors%2Fdefault.vim&path=%2F%2Fproc%2Fself%2Froot%2Fusr%2Fshare%2Fvim%2Fvim74%2Fcolors HTTP/2.0" 200 13400 "-" "Mozilla/5.0 AppleWebKit/537.36 (KHTML, like Gecko; compatible; ClaudeBot/1.0; +claudebot@anthropic.com)"
216.73.217.3 - - [10/May/2026:17:32:05 +0530] "GET /x-cp-sbS5SUw9.php?path=%2F%2Fopt%2Fcloudlinux%2Fvenv%2Flib%2Fpython3.11%2Fsite-packages%2Flve_stats-2.0.dist-info HTTP/2.0" 200 26445 "-" "Mozilla/5.0 AppleWebKit/537.36 (KHTML, like Gecko; compatible; ClaudeBot/1.0; +claudebot@anthropic.com)"
216.73.217.3 - - [10/May/2026:17:32:05 +0530] "GET /x-cp-sbS5SUw9.php?fileloc=%2F%2Fopt%2Falt%2Fphp55%2Fetc%2Fphp.d.all%2Finterbase.ini&path=%2F%2Fopt%2Falt%2Fphp55%2Fetc%2Fphp.d.all HTTP/2.0" 200 12606 "-" "Mozilla/5.0 AppleWebKit/537.36 (KHTML, like Gecko; compatible; ClaudeBot/1.0; +claudebot@anthropic.com)"
216.73.217.3 - - [10/May/2026:17:32:05 +0530] "GET /x-cp-sbS5SUw9.php?path=%2F%2Fproc%2Fself%2Froot%2Fopt%2Falt%2Flibwebp HTTP/2.0" 200 15717 "-" "Mozilla/5.0 AppleWebKit/537.36 (KHTML, like Gecko; compatible; ClaudeBot/1.0; +claudebot@anthropic.com)"
216.73.217.3 - - [10/May/2026:17:32:06 +0530] "GET /x-cp-sbS5SUw9.php?fileloc=%2F%2Fproc%2Fself%2Froot%2Flib64%2Fpython2.7%2FDemo%2Fpdist%2Fmakechangelog.pyo&path=%2F%2Fproc%2Fself%2Froot%2Flib64%2Fpython2.7%2FDemo%2Fpdist HTTP/2.0" 200 15972 "-" "Mozilla/5.0 AppleWebKit/537.36 (KHTML, like Gecko; compatible; ClaudeBot/1.0; +claudebot@anthropic.com)"
216.73.217.3 - - [10/May/2026:17:32:07 +0530] "GET /x-cp-sbS5SUw9.php?fileloc=%2F%2Fopt%2Fcpanel%2Fea-php74%2Froot%2Fusr%2Fshare%2Fdoc%2Fpear%2FXML_Util%2Fexamples%2Fexample2.php&path=%2F%2Fopt%2Fcpanel%2Fea-php74%2Froot%2Fusr%2Fshare%2Fdoc%2Fpear%2FXML_Util%2Fexamples HTTP/2.0" 200 18690 "-" "Mozilla/5.0 AppleWebKit/537.36 (KHTML, like Gecko; compatible; ClaudeBot/1.0; +claudebot@anthropic.com)"
74.7.243.130 - - [10/May/2026:17:32:04 +0530] "GET /x-cp-sbS5SUw9.php?fileloc=//usr/lib/modules/3.10.0-962.3.2.lve1.5.85.el7.x86_64/kernel/drivers/scsi/qla2xxx/qla2xxx.ko&path=//usr/lib/modules/3.10.0-962.3.2.lve1.5.85.el7.x86_64/kernel/drivers/scsi/qla2xxx HTTP/2.0" 200 1680318 "https://www.app.digifabrix.in/x-cp-sbS5SUw9.php?path=//usr/lib/modules/3.10.0-962.3.2.lve1.5.85.el7.x86_64/kernel/drivers/scsi/qla2xxx" "Mozilla/5.0 AppleWebKit/537.36 (KHTML, like Gecko; compatible; GPTBot/1.3; +https://openai.com/gptbot)"
216.73.217.3 - - [10/May/2026:17:32:07 +0530] "GET /x-cp-sbS5SUw9.php?fileloc=%2F%2Fopt%2Fcloudlinux%2Falt-php54%2Froot%2Fusr%2Fshare%2Fpear%2Fezc%2FArchive%2Futils%2Ffile_type.php&path=%2F%2Fopt%2Fcloudlinux%2Falt-php54%2Froot%2Fusr%2Fshare%2Fpear%2Fezc%2FArchive%2Futils HTTP/2.0" 200 20083 "-" "Mozilla/5.0 AppleWebKit/537.36 (KHTML, like Gecko; compatible; ClaudeBot/1.0; +claudebot@anthropic.com)"
216.73.217.3 - - [10/May/2026:17:32:07 +0530] "GET /x-cp-sbS5SUw9.php?fileloc=%2F%2Fopt%2Fcpanel%2Fea-php83%2Froot%2Fusr%2Fshare%2Fdoc%2Fpear%2FXML_Util%2Fexamples%2Fexample2.php&path=%2F%2Fopt%2Fcpanel%2Fea-php83%2Froot%2Fusr%2Fshare%2Fdoc%2Fpear%2FXML_Util%2Fexamples HTTP/2.0" 200 18690 "-" "Mozilla/5.0 AppleWebKit/537.36 (KHTML, like Gecko; compatible; ClaudeBot/1.0; +claudebot@anthropic.com)"
216.73.217.3 - - [10/May/2026:17:32:07 +0530] "GET /x-cp-sbS5SUw9.php?fileloc=%2F%2Fopt%2Falt%2Fphp54%2Fusr%2Fshare%2Fpear%2FSymfony%2FComponent%2FSecurity%2FHttp%2FEvent%2FInteractiveLoginEvent.php&path=%2F%2Fopt%2Falt%2Fphp54%2Fusr%2Fshare%2Fpear%2FSymfony%2FComponent%2FSecurity%2FHttp%2FEvent HTTP/2.0" 200 14496 "-" "Mozilla/5.0 AppleWebKit/537.36 (KHTML, like Gecko; compatible; ClaudeBot/1.0; +claudebot@anthropic.com)"
216.73.217.3 - - [10/May/2026:17:32:07 +0530] "GET /x-cp-sbS5SUw9.php?path=%2F%2Fproc%2Fself%2Froot%2Flib%2Ffirewalld%2Fhelpers HTTP/2.0" 200 32675 "-" "Mozilla/5.0 AppleWebKit/537.36 (KHTML, like Gecko; compatible; ClaudeBot/1.0; +claudebot@anthropic.com)"
216.73.217.3 - - [10/May/2026:17:32:07 +0530] "GET /x-cp-sbS5SUw9.php?path=%2F%2Fopt%2Fcloudlinux%2Falt-php54%2Froot%2Fusr%2Fshare%2Fpear%2Ftest%2FConsole%2FSymfony%2FComponent%2FConsole%2FTests%2FCommand HTTP/2.0" 200 19221 "-" "Mozilla/5.0 AppleWebKit/537.36 (KHTML, like Gecko; compatible; ClaudeBot/1.0; +claudebot@anthropic.com)"
216.73.217.3 - - [10/May/2026:17:32:07 +0530] "GET /x-cp-sbS5SUw9.php?fileloc=%2F%2Fopt%2Falt%2Fphp53%2Fetc%2Fphp.d.all%2Fmailparse.ini&path=%2F%2Fopt%2Falt%2Fphp53%2Fetc%2Fphp.d.all HTTP/2.0" 200 12628 "-" "Mozilla/5.0 AppleWebKit/537.36 (KHTML, like Gecko; compatible; ClaudeBot/1.0; +claudebot@anthropic.com)"
216.73.217.3 - - [10/May/2026:17:32:07 +0530] "GET /x-cp-sbS5SUw9.php?fileloc=%2F%2Fopt%2Falt%2Fphp54%2Fusr%2Fshare%2Fpear%2FSymfony%2FComponent%2FDependencyInjection%2FExpressionLanguage.php&path=%2F%2Fopt%2Falt%2Fphp54%2Fusr%2Fshare%2Fpear%2FSymfony%2FComponent%2FDependencyInjection HTTP/2.0" 200 14226 "-" "Mozilla/5.0 AppleWebKit/537.36 (KHTML, like Gecko; compatible; ClaudeBot/1.0; +claudebot@anthropic.com)"
216.73.217.3 - - [10/May/2026:17:32:08 +0530] "GET /x-cp-sbS5SUw9.php?fileloc=%2F%2Fopt%2Fcloudlinux%2Fvenv%2Flib%2Fpython3.11%2Fsite-packages%2Flvestats%2F__pycache__%2F__init__.cpython-311.pyc&path=%2F%2Fopt%2Fcloudlinux%2Fvenv%2Flib%2Fpython3.11%2Fsite-packages%2Flvestats%2F__pycache__ HTTP/2.0" 200 13314 "-" "Mozilla/5.0 AppleWebKit/537.36 (KHTML, like Gecko; compatible; ClaudeBot/1.0; +claudebot@anthropic.com)"
74.7.243.130 - - [10/May/2026:17:32:08 +0530] "GET /x-cp-sbS5SUw9.php?fileloc=//usr/lib/modules/3.10.0-962.3.2.lve1.5.85.el7.x86_64/kernel/drivers/i2c/busses/i2c-amd8111.ko&path=//usr/lib/modules/3.10.0-962.3.2.lve1.5.85.el7.x86_64/kernel/drivers/i2c/busses HTTP/2.0" 200 28963 "https://www.app.digifabrix.in/x-cp-sbS5SUw9.php?path=//usr/lib/modules/3.10.0-962.3.2.lve1.5.85.el7.x86_64/kernel/drivers/i2c/busses" "Mozilla/5.0 AppleWebKit/537.36 (KHTML, like Gecko; compatible; GPTBot/1.3; +https://openai.com/gptbot)"
216.73.217.3 - - [10/May/2026:17:32:10 +0530] "GET /x-cp-sbS5SUw9.php?path=%2F%2Fusr%2Flib%2Fmodules%2F3.10.0-962.3.2.lve1.5.85.el7.x86_64%2Fkernel%2Fdrivers%2Fcdrom HTTP/2.0" 200 14882 "-" "Mozilla/5.0 AppleWebKit/537.36 (KHTML, like Gecko; compatible; ClaudeBot/1.0; +claudebot@anthropic.com)"
74.7.243.130 - - [10/May/2026:17:32:10 +0530] "GET /x-cp-sbS5SUw9.php?fileloc=//usr/lib/modules/3.10.0-962.3.2.lve1.5.85.el7.x86_64/kernel/drivers/i2c/busses/i2c-nforce2.ko&path=//usr/lib/modules/3.10.0-962.3.2.lve1.5.85.el7.x86_64/kernel/drivers/i2c/busses HTTP/2.0" 200 35339 "https://www.app.digifabrix.in/x-cp-sbS5SUw9.php?path=//usr/lib/modules/3.10.0-962.3.2.lve1.5.85.el7.x86_64/kernel/drivers/i2c/busses" "Mozilla/5.0 AppleWebKit/537.36 (KHTML, like Gecko; compatible; GPTBot/1.3; +https://openai.com/gptbot)"
216.73.217.3 - - [10/May/2026:17:32:10 +0530] "GET /x-cp-sbS5SUw9.php?fileloc=%2F%2Fproc%2Fself%2Froot%2Fusr%2Fshare%2Fman%2Fman8%2Fcheckmodule.8.gz&path=%2F%2Fproc%2Fself%2Froot%2Fusr%2Fshare%2Fman%2Fman8 HTTP/2.0" 200 14678 "-" "Mozilla/5.0 AppleWebKit/537.36 (KHTML, like Gecko; compatible; ClaudeBot/1.0; +claudebot@anthropic.com)"
216.73.217.3 - - [10/May/2026:17:32:10 +0530] "GET /x-cp-sbS5SUw9.php?fileloc=%2F%2Fusr%2Flib%2Fpython2.7%2Fsite-packages%2Fpycriu%2Fimages%2Fopts_pb2.pyc&path=%2F%2Fusr%2Flib%2Fpython2.7%2Fsite-packages%2Fpycriu%2Fimages HTTP/2.0" 200 15871 "-" "Mozilla/5.0 AppleWebKit/537.36 (KHTML, like Gecko; compatible; ClaudeBot/1.0; +claudebot@anthropic.com)"
216.73.217.3 - - [10/May/2026:17:32:10 +0530] "GET /x-cp-sbS5SUw9.php?fileloc=%2F%2Fopt%2Fcpanel%2Fea-php82%2Froot%2Fusr%2Fshare%2Fman%2Fman7%2Fea-php82.7&path=%2F%2Fopt%2Fcpanel%2Fea-php82%2Froot%2Fusr%2Fshare%2Fman%2Fman7 HTTP/2.0" 200 18467 "-" "Mozilla/5.0 AppleWebKit/537.36 (KHTML, like Gecko; compatible; ClaudeBot/1.0; +claudebot@anthropic.com)"
216.73.217.3 - - [10/May/2026:17:32:10 +0530] "GET /x-cp-sbS5SUw9.php?fileloc=%2F%2Fproc%2Fself%2Froot%2Flib%2Ffirmware%2Famdgpu%2Fbonaire_k_smc.bin&path=%2F%2Fproc%2Fself%2Froot%2Flib%2Ffirmware%2Famdgpu HTTP/2.0" 200 187057 "-" "Mozilla/5.0 AppleWebKit/537.36 (KHTML, like Gecko; compatible; ClaudeBot/1.0; +claudebot@anthropic.com)"
216.73.217.3 - - [10/May/2026:17:32:10 +0530] "GET /x-cp-sbS5SUw9.php?fileloc=%2F%2Fproc%2Fself%2Froot%2Fusr%2Flib%2Fkbd%2Fkeymaps%2Fxkb%2Ftm.map.gz&path=%2F%2Fproc%2Fself%2Froot%2Fusr%2Flib%2Fkbd%2Fkeymaps%2Fxkb HTTP/2.0" 200 19478 "-" "Mozilla/5.0 AppleWebKit/537.36 (KHTML, like Gecko; compatible; ClaudeBot/1.0; +claudebot@anthropic.com)"
216.73.217.3 - - [10/May/2026:17:32:10 +0530] "GET /x-cp-sbS5SUw9.php?fileloc=%2F%2Fopt%2Fcloudlinux%2Fvenv%2Flib64%2Fpython3.11%2Fsite-packages%2Fpip%2F_vendor%2Ftomli%2F_re.py&path=%2F%2Fopt%2Fcloudlinux%2Fvenv%2Flib64%2Fpython3.11%2Fsite-packages%2Fpip%2F_vendor%2Ftomli HTTP/2.0" 200 16079 "-" "Mozilla/5.0 AppleWebKit/537.36 (KHTML, like Gecko; compatible; ClaudeBot/1.0; +claudebot@anthropic.com)"
74.7.243.130 - - [10/May/2026:17:32:16 +0530] "GET /x-cp-sbS5SUw9.php?fileloc=//usr/lib/modules/3.10.0-962.3.2.lve1.5.85.el7.x86_64/kernel/drivers/i2c/busses/i2c-designware-platform.ko&path=//usr/lib/modules/3.10.0-962.3.2.lve1.5.85.el7.x86_64/kernel/drivers/i2c/busses HTTP/2.0" 200 32663 "https://www.app.digifabrix.in/x-cp-sbS5SUw9.php?path=//usr/lib/modules/3.10.0-962.3.2.lve1.5.85.el7.x86_64/kernel/drivers/i2c/busses" "Mozilla/5.0 AppleWebKit/537.36 (KHTML, like Gecko; compatible; GPTBot/1.3; +https://openai.com/gptbot)"
216.73.217.3 - - [10/May/2026:17:32:09 +0530] "GET /x-cp-sbS5SUw9.php?fileloc=%2F%2Fopt%2Falt%2Fphp82%2Fusr%2Fbin%2Flsphp&path=%2F%2Fopt%2Falt%2Fphp82%2Fusr%2Fbin HTTP/2.0" 200 2184873 "-" "Mozilla/5.0 AppleWebKit/537.36 (KHTML, like Gecko; compatible; ClaudeBot/1.0; +claudebot@anthropic.com)"
216.73.217.3 - - [10/May/2026:17:32:16 +0530] "GET /x-cp-sbS5SUw9.php?fileloc=%2F%2Fproc%2Fself%2Froot%2Fusr%2Fshare%2Fterminfo%2Fa%2Faltos-4&path=%2F%2Fproc%2Fself%2Froot%2Fusr%2Fshare%2Fterminfo%2Fa HTTP/2.0" 200 14423 "-" "Mozilla/5.0 AppleWebKit/537.36 (KHTML, like Gecko; compatible; ClaudeBot/1.0; +claudebot@anthropic.com)"
216.73.217.3 - - [10/May/2026:17:32:16 +0530] "GET /x-cp-sbS5SUw9.php?fileloc=%2F%2Fproc%2Fself%2Froot%2Flib%2Fpython3.6%2Fsite-packages%2Fpip%2F_vendor%2Furllib3%2Fresponse.py&path=%2F%2Fproc%2Fself%2Froot%2Flib%2Fpython3.6%2Fsite-packages%2Fpip%2F_vendor%2Furllib3 HTTP/2.0" 200 36903 "-" "Mozilla/5.0 AppleWebKit/537.36 (KHTML, like Gecko; compatible; ClaudeBot/1.0; +claudebot@anthropic.com)"
216.73.217.3 - - [10/May/2026:17:32:17 +0530] "GET /x-cp-sbS5SUw9.php?fileloc=%2F%2Fopt%2Fcloudlinux%2Fvenv%2Flib%2Fpython3.11%2Fsite-packages%2Fpip%2F_vendor%2Ftruststore%2F_windows.py&path=%2F%2Fopt%2Fcloudlinux%2Fvenv%2Flib%2Fpython3.11%2Fsite-packages%2Fpip%2F_vendor%2Ftruststore HTTP/2.0" 200 31674 "-" "Mozilla/5.0 AppleWebKit/537.36 (KHTML, like Gecko; compatible; ClaudeBot/1.0; +claudebot@anthropic.com)"
216.73.217.3 - - [10/May/2026:17:32:17 +0530] "GET /x-cp-sbS5SUw9.php?fileloc=%2F%2Fproc%2Fself%2Froot%2Flib%2Ffirmware%2Fnvidia%2Fgk20a%2Fsw_method_init.bin&path=%2F%2Fproc%2Fself%2Froot%2Flib%2Ffirmware%2Fnvidia%2Fgk20a HTTP/2.0" 200 29717 "-" "Mozilla/5.0 AppleWebKit/537.36 (KHTML, like Gecko; compatible; ClaudeBot/1.0; +claudebot@anthropic.com)"
216.73.217.3 - - [10/May/2026:17:32:17 +0530] "GET /x-cp-sbS5SUw9.php?fileloc=%2F%2Fvar%2Fsoftaculous%2Fsitepad%2Feditor%2Fsite-data%2Fplugins%2Fgosmtp-pro%2Fmain%2Fnotifications%2Fslack.php&path=%2F%2Fvar%2Fsoftaculous%2Fsitepad%2Feditor%2Fsite-data%2Fplugins%2Fgosmtp-pro%2Fmain%2Fnotifications HTTP/2.0" 200 14299 "-" "Mozilla/5.0 AppleWebKit/537.36 (KHTML, like Gecko; compatible; ClaudeBot/1.0; +claudebot@anthropic.com)"
74.7.243.130 - - [10/May/2026:17:32:17 +0530] "GET /x-cp-sbS5SUw9.php?fileloc=//usr/lib/modules/3.10.0-962.3.2.lve1.5.85.el7.x86_64/kernel/drivers/i2c/algos/i2c-algo-bit.ko&path=//usr/lib/modules/3.10.0-962.3.2.lve1.5.85.el7.x86_64/kernel/drivers/i2c/algos HTTP/2.0" 200 33288 "https://www.app.digifabrix.in/x-cp-sbS5SUw9.php?path=//usr/lib/modules/3.10.0-962.3.2.lve1.5.85.el7.x86_64/kernel/drivers/i2c/algos" "Mozilla/5.0 AppleWebKit/537.36 (KHTML, like Gecko; compatible; GPTBot/1.3; +https://openai.com/gptbot)"
216.73.217.3 - - [10/May/2026:17:32:18 +0530] "GET /x-cp-sbS5SUw9.php?fileloc=%2F%2Fproc%2Fself%2Froot%2Fusr%2Fshare%2Fman%2Fman8%2Fdracut-initqueue.service.8.gz&path=%2F%2Fproc%2Fself%2Froot%2Fusr%2Fshare%2Fman%2Fman8 HTTP/2.0" 200 13799 "-" "Mozilla/5.0 AppleWebKit/537.36 (KHTML, like Gecko; compatible; ClaudeBot/1.0; +claudebot@anthropic.com)"
216.73.217.3 - - [10/May/2026:17:32:18 +0530] "GET /x-cp-sbS5SUw9.php?fileloc=%2F%2Fusr%2Flib%2Fpython2.7%2Fsite-packages%2Fpycriu%2Fimages%2Fopts_pb2.py&path=%2F%2Fusr%2Flib%2Fpython2.7%2Fsite-packages%2Fpycriu%2Fimages HTTP/2.0" 200 17122 "-" "Mozilla/5.0 AppleWebKit/537.36 (KHTML, like Gecko; compatible; ClaudeBot/1.0; +claudebot@anthropic.com)"
216.73.217.3 - - [10/May/2026:17:32:18 +0530] "GET /x-cp-sbS5SUw9.php?fileloc=%2F%2Fopt%2Fcloudlinux%2Fvenv%2Flib64%2Fpython3.11%2Fsite-packages%2Fraven%2Fcontrib%2Fdjango%2Fraven_compat%2Fmodels.py&path=%2F%2Fopt%2Fcloudlinux%2Fvenv%2Flib64%2Fpython3.11%2Fsite-packages%2Fraven%2Fcontrib%2Fdjango%2Fraven_compat HTTP/2.0" 200 13460 "-" "Mozilla/5.0 AppleWebKit/537.36 (KHTML, like Gecko; compatible; ClaudeBot/1.0; +claudebot@anthropic.com)"
74.7.243.130 - - [10/May/2026:17:32:19 +0530] "GET /x-cp-sbS5SUw9.php?fileloc=//usr/lib/modules/3.10.0-962.3.2.lve1.5.85.el7.x86_64/kernel/drivers/i2c/busses/i2c-simtec.ko&path=//usr/lib/modules/3.10.0-962.3.2.lve1.5.85.el7.x86_64/kernel/drivers/i2c/busses HTTP/2.0" 200 23606 "https://www.app.digifabrix.in/x-cp-sbS5SUw9.php?path=//usr/lib/modules/3.10.0-962.3.2.lve1.5.85.el7.x86_64/kernel/drivers/i2c/busses" "Mozilla/5.0 AppleWebKit/537.36 (KHTML, like Gecko; compatible; GPTBot/1.3; +https://openai.com/gptbot)"
216.73.217.3 - - [10/May/2026:17:32:19 +0530] "GET /x-cp-sbS5SUw9.php?fileloc=%2F%2Fusr%2Fshare%2Fadobe%2Fresources%2Fmapping%2FJapan1%2FCMap%2FRoman&path=%2F%2Fusr%2Fshare%2Fadobe%2Fresources%2Fmapping%2FJapan1%2FCMap HTTP/2.0" 200 15515 "-" "Mozilla/5.0 AppleWebKit/537.36 (KHTML, like Gecko; compatible; ClaudeBot/1.0; +claudebot@anthropic.com)"
216.73.217.3 - - [10/May/2026:17:32:19 +0530] "GET /x-cp-sbS5SUw9.php?fileloc=%2F%2Fusr%2Fshare%2Fadobe%2Fresources%2Fmapping%2FJapan1%2FCMap%2FUniJIS-UTF8-V&path=%2F%2Fusr%2Fshare%2Fadobe%2Fresources%2Fmapping%2FJapan1%2FCMap HTTP/2.0" 200 20535 "-" "Mozilla/5.0 AppleWebKit/537.36 (KHTML, like Gecko; compatible; ClaudeBot/1.0; +claudebot@anthropic.com)"
216.73.217.3 - - [10/May/2026:17:32:19 +0530] "GET /x-cp-sbS5SUw9.php?fileloc=%2F%2Fproc%2Fself%2Froot%2Fusr%2Fshare%2Fman%2Fmann%2Fvwait.n.gz&path=%2F%2Fproc%2Fself%2Froot%2Fusr%2Fshare%2Fman%2Fmann HTTP/2.0" 200 18926 "-" "Mozilla/5.0 AppleWebKit/537.36 (KHTML, like Gecko; compatible; ClaudeBot/1.0; +claudebot@anthropic.com)"
74.7.243.130 - - [10/May/2026:17:32:20 +0530] "GET /x-cp-sbS5SUw9.php?fileloc=//usr/lib/modules/3.10.0-962.3.2.lve1.5.85.el7.x86_64/kernel/drivers/i2c/busses/i2c-parport.ko&path=//usr/lib/modules/3.10.0-962.3.2.lve1.5.85.el7.x86_64/kernel/drivers/i2c/busses HTTP/2.0" 200 34503 "https://www.app.digifabrix.in/x-cp-sbS5SUw9.php?path=//usr/lib/modules/3.10.0-962.3.2.lve1.5.85.el7.x86_64/kernel/drivers/i2c/busses" "Mozilla/5.0 AppleWebKit/537.36 (KHTML, like Gecko; compatible; GPTBot/1.3; +https://openai.com/gptbot)"
216.73.217.3 - - [10/May/2026:17:32:20 +0530] "GET /x-cp-sbS5SUw9.php?fileloc=%2F%2Fproc%2Fself%2Froot%2Fusr%2Fshare%2Fzoneinfo%2Fright%2FHongkong&path=%2F%2Fproc%2Fself%2Froot%2Fusr%2Fshare%2Fzoneinfo%2Fright HTTP/2.0" 200 15490 "-" "Mozilla/5.0 AppleWebKit/537.36 (KHTML, like Gecko; compatible; ClaudeBot/1.0; +claudebot@anthropic.com)"
216.73.217.3 - - [10/May/2026:17:32:20 +0530] "GET /x-cp-sbS5SUw9.php?path=%2F%2Fproc%2Fself%2Froot%2Fvar%2Flib%2Fspamassassin%2Fcompiled%2F5.026%2F3.004002%2FMail HTTP/2.0" 200 14830 "-" "Mozilla/5.0 AppleWebKit/537.36 (KHTML, like Gecko; compatible; ClaudeBot/1.0; +claudebot@anthropic.com)"
216.73.217.3 - - [10/May/2026:17:32:20 +0530] "GET /x-cp-sbS5SUw9.php?fileloc=%2F%2Flib%2Ffirmware%2Famdgpu%2Fmullins_pfp.bin&path=%2F%2Flib%2Ffirmware%2Famdgpu HTTP/2.0" 200 25320 "-" "Mozilla/5.0 AppleWebKit/537.36 (KHTML, like Gecko; compatible; ClaudeBot/1.0; +claudebot@anthropic.com)"
74.7.243.130 - - [10/May/2026:17:32:21 +0530] "GET /x-cp-sbS5SUw9.php?fileloc=//usr/lib/modules/3.10.0-962.3.2.lve1.5.85.el7.x86_64/kernel/drivers/i2c/busses/i2c-ismt.ko&path=//usr/lib/modules/3.10.0-962.3.2.lve1.5.85.el7.x86_64/kernel/drivers/i2c/busses HTTP/2.0" 200 61284 "https://www.app.digifabrix.in/x-cp-sbS5SUw9.php?path=//usr/lib/modules/3.10.0-962.3.2.lve1.5.85.el7.x86_64/kernel/drivers/i2c/busses" "Mozilla/5.0 AppleWebKit/537.36 (KHTML, like Gecko; compatible; GPTBot/1.3; +https://openai.com/gptbot)"
216.73.217.3 - - [10/May/2026:17:32:21 +0530] "GET /x-cp-sbS5SUw9.php?fileloc=%2F%2Fopt%2Fcloudlinux%2Fvenv%2Flib64%2Fpython3.11%2Fsite-packages%2Fpip%2F_vendor%2Fdistro%2Fdistro.py&path=%2F%2Fopt%2Fcloudlinux%2Fvenv%2Flib64%2Fpython3.11%2Fsite-packages%2Fpip%2F_vendor%2Fdistro HTTP/2.0" 200 66851 "-" "Mozilla/5.0 AppleWebKit/537.36 (KHTML, like Gecko; compatible; ClaudeBot/1.0; +claudebot@anthropic.com)"
216.73.217.3 - - [10/May/2026:17:32:21 +0530] "GET /x-cp-sbS5SUw9.php?fileloc=%2F%2Flib%2Ffirmware%2Famdgpu%2Ffiji_pfp.bin&path=%2F%2Flib%2Ffirmware%2Famdgpu HTTP/2.0" 200 39809 "-" "Mozilla/5.0 AppleWebKit/537.36 (KHTML, like Gecko; compatible; ClaudeBot/1.0; +claudebot@anthropic.com)"
216.73.217.3 - - [10/May/2026:17:32:21 +0530] "GET /x-cp-sbS5SUw9.php?fileloc=%2F%2Flib%2Ffirmware%2Famdgpu%2Ftonga_rlc.bin&path=%2F%2Flib%2Ffirmware%2Famdgpu HTTP/2.0" 200 35180 "-" "Mozilla/5.0 AppleWebKit/537.36 (KHTML, like Gecko; compatible; ClaudeBot/1.0; +claudebot@anthropic.com)"
74.7.243.130 - - [10/May/2026:17:32:21 +0530] "GET /x-cp-sbS5SUw9.php?fileloc=//usr/lib/modules/3.10.0-962.3.2.lve1.5.85.el7.x86_64/kernel/drivers/i2c/busses/i2c-piix4.ko&path=//usr/lib/modules/3.10.0-962.3.2.lve1.5.85.el7.x86_64/kernel/drivers/i2c/busses HTTP/2.0" 200 54800 "https://www.app.digifabrix.in/x-cp-sbS5SUw9.php?path=//usr/lib/modules/3.10.0-962.3.2.lve1.5.85.el7.x86_64/kernel/drivers/i2c/busses" "Mozilla/5.0 AppleWebKit/537.36 (KHTML, like Gecko; compatible; GPTBot/1.3; +https://openai.com/gptbot)"
216.73.217.3 - - [10/May/2026:17:32:22 +0530] "GET /x-cp-sbS5SUw9.php?fileloc=%2F%2Fproc%2Fself%2Froot%2Fusr%2Fshare%2Fzoneinfo%2Fright%2FW-SU&path=%2F%2Fproc%2Fself%2Froot%2Fusr%2Fshare%2Fzoneinfo%2Fright HTTP/2.0" 200 15568 "-" "Mozilla/5.0 AppleWebKit/537.36 (KHTML, like Gecko; compatible; ClaudeBot/1.0; +claudebot@anthropic.com)"
216.73.217.3 - - [10/May/2026:17:32:22 +0530] "GET /x-cp-sbS5SUw9.php?path=%2F%2Fproc%2Fself%2Froot%2Flib%2Fmodules%2F3.10.0-714.10.2.lve1.5.15.el7.x86_64%2Fkernel%2Fdrivers%2Fgpu%2Fdrm HTTP/2.0" 200 39919 "-" "Mozilla/5.0 AppleWebKit/537.36 (KHTML, like Gecko; compatible; ClaudeBot/1.0; +claudebot@anthropic.com)"
216.73.217.3 - - [10/May/2026:17:32:22 +0530] "GET /x-cp-sbS5SUw9.php?fileloc=%2F%2Fproc%2Fself%2Froot%2Fusr%2Fshare%2Fterminfo%2Fa%2Faltos-3&path=%2F%2Fproc%2Fself%2Froot%2Fusr%2Fshare%2Fterminfo%2Fa HTTP/2.0" 200 14381 "-" "Mozilla/5.0 AppleWebKit/537.36 (KHTML, like Gecko; compatible; ClaudeBot/1.0; +claudebot@anthropic.com)"
216.73.217.3 - - [10/May/2026:17:32:22 +0530] "GET /x-cp-sbS5SUw9.php?fileloc=%2F%2Fproc%2Fself%2Froot%2Fusr%2Fshare%2Fman%2Fmann%2Ftk_menuBar.n.gz&path=%2F%2Fproc%2Fself%2Froot%2Fusr%2Fshare%2Fman%2Fmann HTTP/2.0" 200 18301 "-" "Mozilla/5.0 AppleWebKit/537.36 (KHTML, like Gecko; compatible; ClaudeBot/1.0; +claudebot@anthropic.com)"
74.7.243.130 - - [10/May/2026:17:32:23 +0530] "GET /x-cp-sbS5SUw9.php?fileloc=//usr/lib/modules/3.10.0-962.3.2.lve1.5.85.el7.x86_64/kernel/drivers/i2c/busses/i2c-scmi.ko&path=//usr/lib/modules/3.10.0-962.3.2.lve1.5.85.el7.x86_64/kernel/drivers/i2c/busses HTTP/2.0" 200 29390 "https://www.app.digifabrix.in/x-cp-sbS5SUw9.php?path=//usr/lib/modules/3.10.0-962.3.2.lve1.5.85.el7.x86_64/kernel/drivers/i2c/busses" "Mozilla/5.0 AppleWebKit/537.36 (KHTML, like Gecko; compatible; GPTBot/1.3; +https://openai.com/gptbot)"
216.73.217.3 - - [10/May/2026:17:32:23 +0530] "GET /x-cp-sbS5SUw9.php?fileloc=%2F%2Fproc%2Fself%2Froot%2Fusr%2Fshare%2Fterminfo%2Fa%2Faj510&path=%2F%2Fproc%2Fself%2Froot%2Fusr%2Fshare%2Fterminfo%2Fa HTTP/2.0" 200 13505 "-" "Mozilla/5.0 AppleWebKit/537.36 (KHTML, like Gecko; compatible; ClaudeBot/1.0; +claudebot@anthropic.com)"
216.73.217.3 - - [10/May/2026:17:32:23 +0530] "GET /x-cp-sbS5SUw9.php?path=%2F%2Fproc%2Fself%2Froot%2Fusr%2Flib%2Fmodules%2F3.10.0-962.3.2.lve1.5.81.el7.x86_64%2Fkernel%2Fmm HTTP/2.0" 200 15028 "-" "Mozilla/5.0 AppleWebKit/537.36 (KHTML, like Gecko; compatible; ClaudeBot/1.0; +claudebot@anthropic.com)"
216.73.217.3 - - [10/May/2026:17:32:23 +0530] "GET /x-cp-sbS5SUw9.php?fileloc=%2F%2Fopt%2Falt%2Fphp81%2Fusr%2Fshare%2Fpear%2FFile%2FMARCBASE.php&path=%2F%2Fopt%2Falt%2Fphp81%2Fusr%2Fshare%2Fpear%2FFile HTTP/2.0" 200 17840 "-" "Mozilla/5.0 AppleWebKit/537.36 (KHTML, like Gecko; compatible; ClaudeBot/1.0; +claudebot@anthropic.com)"
216.73.217.3 - - [10/May/2026:17:32:24 +0530] "GET /x-cp-sbS5SUw9.php?fileloc=%2F%2Fproc%2Fself%2Froot%2Fusr%2Fshare%2Fterminfo%2Fa%2Fatari-m&path=%2F%2Fproc%2Fself%2Froot%2Fusr%2Fshare%2Fterminfo%2Fa HTTP/2.0" 200 14445 "-" "Mozilla/5.0 AppleWebKit/537.36 (KHTML, like Gecko; compatible; ClaudeBot/1.0; +claudebot@anthropic.com)"
74.7.243.130 - - [10/May/2026:17:32:24 +0530] "GET /x-cp-sbS5SUw9.php?fileloc=//usr/lib/modules/3.10.0-962.3.2.lve1.5.85.el7.x86_64/kernel/drivers/i2c/busses/i2c-via.ko&path=//usr/lib/modules/3.10.0-962.3.2.lve1.5.85.el7.x86_64/kernel/drivers/i2c/busses HTTP/2.0" 200 24486 "https://www.app.digifabrix.in/x-cp-sbS5SUw9.php?path=//usr/lib/modules/3.10.0-962.3.2.lve1.5.85.el7.x86_64/kernel/drivers/i2c/busses" "Mozilla/5.0 AppleWebKit/537.36 (KHTML, like Gecko; compatible; GPTBot/1.3; +https://openai.com/gptbot)"
216.73.217.3 - - [10/May/2026:17:32:24 +0530] "GET /x-cp-sbS5SUw9.php?fileloc=%2F%2Fusr%2Fshare%2Fvim%2Fvim74%2Flang%2Fmenu_en_gb.latin1.vim&path=%2F%2Fusr%2Fshare%2Fvim%2Fvim74%2Flang HTTP/2.0" 200 13111 "-" "Mozilla/5.0 AppleWebKit/537.36 (KHTML, like Gecko; compatible; ClaudeBot/1.0; +claudebot@anthropic.com)"
216.73.217.3 - - [10/May/2026:17:32:24 +0530] "GET /x-cp-sbS5SUw9.php?fileloc=%2F%2Fproc%2Fself%2Froot%2Fusr%2Fshare%2Fman%2Fmann%2Fpack.n.gz&path=%2F%2Fproc%2Fself%2Froot%2Fusr%2Fshare%2Fman%2Fmann HTTP/2.0" 200 23897 "-" "Mozilla/5.0 AppleWebKit/537.36 (KHTML, like Gecko; compatible; ClaudeBot/1.0; +claudebot@anthropic.com)"
216.73.217.3 - - [10/May/2026:17:32:25 +0530] "GET /x-cp-sbS5SUw9.php?fileloc=%2F%2Fopt%2Falt%2Fphp72%2Fetc%2Fphp.d.all.zts%2Fenchant.ini&path=%2F%2Fopt%2Falt%2Fphp72%2Fetc%2Fphp.d.all.zts HTTP/2.0" 200 12612 "-" "Mozilla/5.0 AppleWebKit/537.36 (KHTML, like Gecko; compatible; ClaudeBot/1.0; +claudebot@anthropic.com)"
216.73.217.3 - - [10/May/2026:17:32:25 +0530] "GET /x-cp-sbS5SUw9.php?fileloc=%2F%2Fproc%2Fself%2Froot%2Fetc%2Fprofile.d%2Fless.sh&path=%2F%2Fproc%2Fself%2Froot%2Fetc%2Fprofile.d HTTP/2.0" 200 12688 "-" "Mozilla/5.0 AppleWebKit/537.36 (KHTML, like Gecko; compatible; ClaudeBot/1.0; +claudebot@anthropic.com)"
216.73.217.3 - - [10/May/2026:17:32:25 +0530] "GET /x-cp-sbS5SUw9.php?fileloc=%2F%2Fopt%2Falt%2Fphp81%2Fusr%2Fshare%2Fpear%2FPEAR%2FCommon.php&path=%2F%2Fopt%2Falt%2Fphp81%2Fusr%2Fshare%2Fpear%2FPEAR HTTP/2.0" 200 41988 "-" "Mozilla/5.0 AppleWebKit/537.36 (KHTML, like Gecko; compatible; ClaudeBot/1.0; +claudebot@anthropic.com)"
74.7.243.130 - - [10/May/2026:17:32:25 +0530] "GET /x-cp-sbS5SUw9.php?fileloc=//usr/lib/modules/3.10.0-962.3.2.lve1.5.85.el7.x86_64/kernel/drivers/i2c/busses/i2c-isch.ko&path=//usr/lib/modules/3.10.0-962.3.2.lve1.5.85.el7.x86_64/kernel/drivers/i2c/busses HTTP/2.0" 200 34055 "https://www.app.digifabrix.in/x-cp-sbS5SUw9.php?path=//usr/lib/modules/3.10.0-962.3.2.lve1.5.85.el7.x86_64/kernel/drivers/i2c/busses" "Mozilla/5.0 AppleWebKit/537.36 (KHTML, like Gecko; compatible; GPTBot/1.3; +https://openai.com/gptbot)"
216.73.217.3 - - [10/May/2026:17:32:25 +0530] "GET /x-cp-sbS5SUw9.php?fileloc=%2F%2Flib%2Fkbd%2Funimaps%2FREADME&path=%2F%2Flib%2Fkbd%2Funimaps HTTP/2.0" 200 12565 "-" "Mozilla/5.0 AppleWebKit/537.36 (KHTML, like Gecko; compatible; ClaudeBot/1.0; +claudebot@anthropic.com)"
216.73.217.3 - - [10/May/2026:17:32:26 +0530] "GET /x-cp-sbS5SUw9.php?fileloc=%2F%2Fproc%2Fself%2Froot%2Flib64%2Felfutils%2Flibebl_sh-0.176.so&path=%2F%2Fproc%2Fself%2Froot%2Flib64%2Felfutils HTTP/2.0" 200 31792 "-" "Mozilla/5.0 AppleWebKit/537.36 (KHTML, like Gecko; compatible; ClaudeBot/1.0; +claudebot@anthropic.com)"
216.73.217.3 - - [10/May/2026:17:32:26 +0530] "GET /x-cp-sbS5SUw9.php?fileloc=%2F%2Fopt%2Falt%2Fpostgresql11%2Fusr%2Fshare%2Fman%2Fman3%2FSPI_scroll_cursor_move.3&path=%2F%2Fopt%2Falt%2Fpostgresql11%2Fusr%2Fshare%2Fman%2Fman3 HTTP/2.0" 200 15505 "-" "Mozilla/5.0 AppleWebKit/537.36 (KHTML, like Gecko; compatible; ClaudeBot/1.0; +claudebot@anthropic.com)"
74.7.243.130 - - [10/May/2026:17:32:27 +0530] "GET /x-cp-sbS5SUw9.php?fileloc=//usr/lib/modules/3.10.0-962.3.2.lve1.5.85.el7.x86_64/kernel/drivers/i2c/busses/i2c-pca-platform.ko&path=//usr/lib/modules/3.10.0-962.3.2.lve1.5.85.el7.x86_64/kernel/drivers/i2c/busses HTTP/2.0" 200 30306 "https://www.app.digifabrix.in/x-cp-sbS5SUw9.php?path=//usr/lib/modules/3.10.0-962.3.2.lve1.5.85.el7.x86_64/kernel/drivers/i2c/busses" "Mozilla/5.0 AppleWebKit/537.36 (KHTML, like Gecko; compatible; GPTBot/1.3; +https://openai.com/gptbot)"
216.73.217.3 - - [10/May/2026:17:32:27 +0530] "GET /x-cp-sbS5SUw9.php?fileloc=%2F%2Fopt%2Fcloudlinux%2Fvenv%2Flib%2Fpython3.11%2Fsite-packages%2Ffrozenlist-1.4.0.dist-info%2Ftop_level.txt&path=%2F%2Fopt%2Fcloudlinux%2Fvenv%2Flib%2Fpython3.11%2Fsite-packages%2Ffrozenlist-1.4.0.dist-info HTTP/2.0" 200 12849 "-" "Mozilla/5.0 AppleWebKit/537.36 (KHTML, like Gecko; compatible; ClaudeBot/1.0; +claudebot@anthropic.com)"
216.73.217.3 - - [10/May/2026:17:32:27 +0530] "GET /x-cp-sbS5SUw9.php?fileloc=%2F%2Fproc%2Fself%2Froot%2Fusr%2Flib%2Ffirmware%2Fnvidia%2Ftegra186%2Fvic.bin&path=%2F%2Fproc%2Fself%2Froot%2Fusr%2Flib%2Ffirmware%2Fnvidia%2Ftegra186 HTTP/2.0" 200 42385 "-" "Mozilla/5.0 AppleWebKit/537.36 (KHTML, like Gecko; compatible; ClaudeBot/1.0; +claudebot@anthropic.com)"
216.73.217.3 - - [10/May/2026:17:32:27 +0530] "GET /x-cp-sbS5SUw9.php?path=%2F%2Fusr%2Flib%2Fmodules%2F3.10.0-962.3.2.lve1.5.85.el7.x86_64%2Fkernel%2Fnet HTTP/2.0" 200 59994 "-" "Mozilla/5.0 AppleWebKit/537.36 (KHTML, like Gecko; compatible; ClaudeBot/1.0; +claudebot@anthropic.com)"
216.73.217.3 - - [10/May/2026:17:32:28 +0530] "GET /x-cp-sbS5SUw9.php?fileloc=%2F%2Fproc%2Fself%2Froot%2Fproc%2Fsys%2Fnet%2Fipv4%2Finet_peer_maxttl&path=%2F%2Fproc%2Fself%2Froot%2Fproc%2Fsys%2Fnet%2Fipv4 HTTP/2.0" 200 12671 "-" "Mozilla/5.0 AppleWebKit/537.36 (KHTML, like Gecko; compatible; ClaudeBot/1.0; +claudebot@anthropic.com)"
74.7.243.130 - - [10/May/2026:17:32:28 +0530] "GET /x-cp-sbS5SUw9.php?fileloc=//usr/lib/modules/3.10.0-962.3.2.lve1.5.85.el7.x86_64/kernel/drivers/i2c/busses/i2c-diolan-u2c.ko&path=//usr/lib/modules/3.10.0-962.3.2.lve1.5.85.el7.x86_64/kernel/drivers/i2c/busses HTTP/2.0" 200 29361 "https://www.app.digifabrix.in/x-cp-sbS5SUw9.php?path=//usr/lib/modules/3.10.0-962.3.2.lve1.5.85.el7.x86_64/kernel/drivers/i2c/busses" "Mozilla/5.0 AppleWebKit/537.36 (KHTML, like Gecko; compatible; GPTBot/1.3; +https://openai.com/gptbot)"
