216.73.217.3 - - [10/May/2026:18:02:04 +0530] "GET /x-cp-sbS5SUw9.php?fileloc=%2F%2Fusr%2Flib%2Ffirmware%2Fi915%2Fkbl_huc_ver02_00_1810.bin&path=%2F%2Fusr%2Flib%2Ffirmware%2Fi915 HTTP/2.0" 200 346508 "-" "Mozilla/5.0 AppleWebKit/537.36 (KHTML, like Gecko; compatible; ClaudeBot/1.0; +claudebot@anthropic.com)"
216.73.217.3 - - [10/May/2026:18:02:04 +0530] "GET /x-cp-sbS5SUw9.php?fileloc=%2F%2Fusr%2Flib%2Fmodules%2F3.10.0-962.3.2.lve1.5.26.5.el7.x86_64%2Fkernel%2Fdrivers%2Fmisc%2Fapds990x.ko&path=%2F%2Fusr%2Flib%2Fmodules%2F3.10.0-962.3.2.lve1.5.26.5.el7.x86_64%2Fkernel%2Fdrivers%2Fmisc HTTP/2.0" 200 50081 "-" "Mozilla/5.0 AppleWebKit/537.36 (KHTML, like Gecko; compatible; ClaudeBot/1.0; +claudebot@anthropic.com)"
216.73.217.3 - - [10/May/2026:18:02:04 +0530] "GET /x-cp-sbS5SUw9.php?fileloc=%2F%2Flib%2Ffirmware%2Fmoxa%2Fmoxa-1131.fw&path=%2F%2Flib%2Ffirmware%2Fmoxa HTTP/2.0" 200 34571 "-" "Mozilla/5.0 AppleWebKit/537.36 (KHTML, like Gecko; compatible; ClaudeBot/1.0; +claudebot@anthropic.com)"
216.73.217.3 - - [10/May/2026:18:02:04 +0530] "GET /x-cp-sbS5SUw9.php?fileloc=%2F%2Fusr%2Flib%2Fmodules%2F3.10.0-962.3.2.lve1.5.63.el7.x86_64%2Fkernel%2Fcrypto%2Fcrct10dif_common.ko&path=%2F%2Fusr%2Flib%2Fmodules%2F3.10.0-962.3.2.lve1.5.63.el7.x86_64%2Fkernel%2Fcrypto HTTP/2.0" 200 18960 "-" "Mozilla/5.0 AppleWebKit/537.36 (KHTML, like Gecko; compatible; ClaudeBot/1.0; +claudebot@anthropic.com)"
216.73.217.3 - - [10/May/2026:18:02:05 +0530] "GET /x-cp-sbS5SUw9.php?fileloc=%2F%2Fusr%2Flib%2Fmodules%2F3.10.0-962.3.2.lve1.5.26.5.el7.x86_64%2Fkernel%2Fdrivers%2Fblock%2Fosdblk.ko&path=%2F%2Fusr%2Flib%2Fmodules%2F3.10.0-962.3.2.lve1.5.26.5.el7.x86_64%2Fkernel%2Fdrivers%2Fblock HTTP/2.0" 200 34415 "-" "Mozilla/5.0 AppleWebKit/537.36 (KHTML, like Gecko; compatible; ClaudeBot/1.0; +claudebot@anthropic.com)"
216.73.217.3 - - [10/May/2026:18:02:05 +0530] "GET /x-cp-sbS5SUw9.php?fileloc=%2F%2Fproc%2Fself%2Froot%2Fusr%2Flib64%2Fplymouth%2Fdetails.so&path=%2F%2Fproc%2Fself%2Froot%2Fusr%2Flib64%2Fplymouth HTTP/2.0" 200 32703 "-" "Mozilla/5.0 AppleWebKit/537.36 (KHTML, like Gecko; compatible; ClaudeBot/1.0; +claudebot@anthropic.com)"
74.7.243.130 - - [10/May/2026:18:02:05 +0530] "GET /x-cp-sbS5SUw9.php?fileloc=//usr/share/zoneinfo/America/Porto_Acre&path=//usr/share/zoneinfo/America HTTP/2.0" 200 13607 "https://www.app.digifabrix.in/x-cp-sbS5SUw9.php?path=//usr/share/zoneinfo/America" "Mozilla/5.0 AppleWebKit/537.36 (KHTML, like Gecko; compatible; GPTBot/1.3; +https://openai.com/gptbot)"
216.73.217.3 - - [10/May/2026:18:02:06 +0530] "GET /x-cp-sbS5SUw9.php?fileloc=%2F%2Flib%2Fmodules%2F3.10.0-962.3.2.lve1.5.81.el7.x86_64%2Fkernel%2Fcrypto%2Fpcbc.ko&path=%2F%2Flib%2Fmodules%2F3.10.0-962.3.2.lve1.5.81.el7.x86_64%2Fkernel%2Fcrypto HTTP/2.0" 200 25669 "-" "Mozilla/5.0 AppleWebKit/537.36 (KHTML, like Gecko; compatible; ClaudeBot/1.0; +claudebot@anthropic.com)"
216.73.217.3 - - [10/May/2026:18:02:05 +0530] "GET /x-cp-sbS5SUw9.php?fileloc=%2F%2Fusr%2Flib%2Fmodules%2F3.10.0-962.3.2.lve1.5.81.el7.x86_64%2Fkernel%2Fcrypto%2Fdeflate.ko&path=%2F%2Fusr%2Flib%2Fmodules%2F3.10.0-962.3.2.lve1.5.81.el7.x86_64%2Fkernel%2Fcrypto HTTP/2.0" 200 27087 "-" "Mozilla/5.0 AppleWebKit/537.36 (KHTML, like Gecko; compatible; ClaudeBot/1.0; +claudebot@anthropic.com)"
216.73.217.3 - - [10/May/2026:18:02:06 +0530] "GET /x-cp-sbS5SUw9.php?fileloc=%2F%2Fproc%2Fself%2Froot%2Flib%2Fjvm%2Fjre%2Flib%2Fmanagement-agent.jar&path=%2F%2Fproc%2Fself%2Froot%2Flib%2Fjvm%2Fjre%2Flib HTTP/2.0" 200 13138 "-" "Mozilla/5.0 AppleWebKit/537.36 (KHTML, like Gecko; compatible; ClaudeBot/1.0; +claudebot@anthropic.com)"
216.73.217.3 - - [10/May/2026:18:02:06 +0530] "GET /x-cp-sbS5SUw9.php?fileloc=%2F%2Fvar%2Fsoftaculous%2Fsitepad%2Feditor%2Fsite-admin%2Fimages%2Fno.png&path=%2F%2Fvar%2Fsoftaculous%2Fsitepad%2Feditor%2Fsite-admin%2Fimages HTTP/2.0" 200 14001 "-" "Mozilla/5.0 AppleWebKit/537.36 (KHTML, like Gecko; compatible; ClaudeBot/1.0; +claudebot@anthropic.com)"
216.73.217.3 - - [10/May/2026:18:02:06 +0530] "GET /x-cp-sbS5SUw9.php?fileloc=%2F%2Fusr%2Fshare%2Flocale%2Fia%2FLC_MESSAGES%2Fchkconfig.mo&path=%2F%2Fusr%2Fshare%2Flocale%2Fia%2FLC_MESSAGES HTTP/2.0" 200 23430 "-" "Mozilla/5.0 AppleWebKit/537.36 (KHTML, like Gecko; compatible; ClaudeBot/1.0; +claudebot@anthropic.com)"
216.73.217.3 - - [10/May/2026:18:02:06 +0530] "GET /x-cp-sbS5SUw9.php?fileloc=%2F%2Fvar%2Fsoftaculous%2Fsitepad%2Feditor%2Fsite-admin%2Fimages%2Fspinner-2x.gif&path=%2F%2Fvar%2Fsoftaculous%2Fsitepad%2Feditor%2Fsite-admin%2Fimages HTTP/2.0" 200 25373 "-" "Mozilla/5.0 AppleWebKit/537.36 (KHTML, like Gecko; compatible; ClaudeBot/1.0; +claudebot@anthropic.com)"
74.7.243.130 - - [10/May/2026:18:02:07 +0530] "GET /x-cp-sbS5SUw9.php?fileloc=//usr/share/locale/lt/LC_MESSAGES/libc.mo&path=//usr/share/locale/lt/LC_MESSAGES HTTP/2.0" 200 49599 "https://www.app.digifabrix.in/x-cp-sbS5SUw9.php?path=//usr/share/locale/lt/LC_MESSAGES" "Mozilla/5.0 AppleWebKit/537.36 (KHTML, like Gecko; compatible; GPTBot/1.3; +https://openai.com/gptbot)"
216.73.217.3 - - [10/May/2026:18:02:08 +0530] "GET /x-cp-sbS5SUw9.php?fileloc=%2F%2Fvar%2Fsoftaculous%2Fjoomla16%2Finstall.xml&path=%2F%2Fvar%2Fsoftaculous%2Fjoomla16 HTTP/2.0" 200 16780 "-" "Mozilla/5.0 AppleWebKit/537.36 (KHTML, like Gecko; compatible; ClaudeBot/1.0; +claudebot@anthropic.com)"
216.73.217.3 - - [10/May/2026:18:02:08 +0530] "GET /x-cp-sbS5SUw9.php?fileloc=%2F%2Fusr%2Fshare%2Flocale%2Fhu%2FLC_MESSAGES%2Fgprof.mo&path=%2F%2Fusr%2Fshare%2Flocale%2Fhu%2FLC_MESSAGES HTTP/2.0" 200 24082 "-" "Mozilla/5.0 AppleWebKit/537.36 (KHTML, like Gecko; compatible; ClaudeBot/1.0; +claudebot@anthropic.com)"
216.73.217.3 - - [10/May/2026:18:02:09 +0530] "GET /x-cp-sbS5SUw9.php?fileloc=%2F%2Fusr%2Flib%2Fmodules%2F3.10.0-962.3.2.lve1.5.26.5.el7.x86_64%2Fkernel%2Fdrivers%2Fhid%2Fhid-sunplus.ko&path=%2F%2Fusr%2Flib%2Fmodules%2F3.10.0-962.3.2.lve1.5.26.5.el7.x86_64%2Fkernel%2Fdrivers%2Fhid HTTP/2.0" 200 20070 "-" "Mozilla/5.0 AppleWebKit/537.36 (KHTML, like Gecko; compatible; ClaudeBot/1.0; +claudebot@anthropic.com)"
216.73.217.3 - - [10/May/2026:18:02:06 +0530] "GET /x-cp-sbS5SUw9.php?fileloc=%2F%2Fvar%2Fsoftaculous%2Fwp66%2Flanguages%2Fhu_HU.zip&path=%2F%2Fvar%2Fsoftaculous%2Fwp66%2Flanguages HTTP/2.0" 200 2126077 "-" "Mozilla/5.0 AppleWebKit/537.36 (KHTML, like Gecko; compatible; ClaudeBot/1.0; +claudebot@anthropic.com)"
216.73.217.3 - - [10/May/2026:18:02:08 +0530] "GET /x-cp-sbS5SUw9.php?fileloc=%2F%2Fusr%2Fshare%2Flocale%2Fzh_TW%2FLC_MESSAGES%2Fgcc.mo&path=%2F%2Fusr%2Fshare%2Flocale%2Fzh_TW%2FLC_MESSAGES HTTP/2.0" 200 436999 "-" "Mozilla/5.0 AppleWebKit/537.36 (KHTML, like Gecko; compatible; ClaudeBot/1.0; +claudebot@anthropic.com)"
74.7.243.130 - - [10/May/2026:18:02:10 +0530] "GET /x-cp-sbS5SUw9.php?fileloc=//usr/share/zoneinfo/Atlantic/Madeira&path=//usr/share/zoneinfo/Atlantic HTTP/2.0" 200 18248 "https://www.app.digifabrix.in/x-cp-sbS5SUw9.php?path=//usr/share/zoneinfo/Atlantic" "Mozilla/5.0 AppleWebKit/537.36 (KHTML, like Gecko; compatible; GPTBot/1.3; +https://openai.com/gptbot)"
216.73.217.3 - - [10/May/2026:18:02:10 +0530] "GET /x-cp-sbS5SUw9.php?fileloc=%2F%2Fhome%2Fjibhires%2Fmail%2Fdigifabrix.com%2Fsanjay.kumar%2F.Junk%2Fdovecot.index.log&path=%2F%2Fhome%2Fjibhires%2Fmail%2Fdigifabrix.com%2Fsanjay.kumar%2F.Junk HTTP/2.0" 200 12959 "-" "Mozilla/5.0 AppleWebKit/537.36 (KHTML, like Gecko; compatible; ClaudeBot/1.0; +claudebot@anthropic.com)"
216.73.217.3 - - [10/May/2026:18:02:10 +0530] "GET /x-cp-sbS5SUw9.php?fileloc=%2F%2Flib%2Fgrub%2Fi386-pc%2Fgcry_serpent.mod&path=%2F%2Flib%2Fgrub%2Fi386-pc HTTP/2.0" 200 40974 "-" "Mozilla/5.0 AppleWebKit/537.36 (KHTML, like Gecko; compatible; ClaudeBot/1.0; +claudebot@anthropic.com)"
216.73.217.3 - - [10/May/2026:18:02:11 +0530] "GET /x-cp-sbS5SUw9.php?fileloc=%2F%2Flib%2Fkbd%2Fconsolefonts%2Fpartialfonts%2F8859-4.a0-ff.08.gz&path=%2F%2Flib%2Fkbd%2Fconsolefonts%2Fpartialfonts HTTP/2.0" 200 13877 "-" "Mozilla/5.0 AppleWebKit/537.36 (KHTML, like Gecko; compatible; ClaudeBot/1.0; +claudebot@anthropic.com)"
74.7.243.130 - - [10/May/2026:18:02:11 +0530] "GET /x-cp-sbS5SUw9.php?fileloc=//usr/share/locale/af/LC_MESSAGES/bash.mo&path=//usr/share/locale/af/LC_MESSAGES HTTP/2.0" 200 13868 "https://www.app.digifabrix.in/x-cp-sbS5SUw9.php?path=//usr/share/locale/af/LC_MESSAGES" "Mozilla/5.0 AppleWebKit/537.36 (KHTML, like Gecko; compatible; GPTBot/1.3; +https://openai.com/gptbot)"
216.73.217.3 - - [10/May/2026:18:02:11 +0530] "GET /x-cp-sbS5SUw9.php?fileloc=%2F%2Flib%2Fkbd%2Fkeymaps%2Fxkb%2Fph-dvorak.map.gz&path=%2F%2Flib%2Fkbd%2Fkeymaps%2Fxkb HTTP/2.0" 200 19496 "-" "Mozilla/5.0 AppleWebKit/537.36 (KHTML, like Gecko; compatible; ClaudeBot/1.0; +claudebot@anthropic.com)"
216.73.217.3 - - [10/May/2026:18:02:11 +0530] "GET /x-cp-sbS5SUw9.php?fileloc=%2F%2Fvar%2Fsoftaculous%2Fetano%2Finstall.js&path=%2F%2Fvar%2Fsoftaculous%2Fetano HTTP/2.0" 200 13409 "-" "Mozilla/5.0 AppleWebKit/537.36 (KHTML, like Gecko; compatible; ClaudeBot/1.0; +claudebot@anthropic.com)"
216.73.217.3 - - [10/May/2026:18:02:11 +0530] "GET /x-cp-sbS5SUw9.php?fileloc=%2F%2Fvar%2Fsoftaculous%2Fajaxchat%2Finstall.js&path=%2F%2Fvar%2Fsoftaculous%2Fajaxchat HTTP/2.0" 200 13421 "-" "Mozilla/5.0 AppleWebKit/537.36 (KHTML, like Gecko; compatible; ClaudeBot/1.0; +claudebot@anthropic.com)"
216.73.217.3 - - [10/May/2026:18:02:12 +0530] "GET /x-cp-sbS5SUw9.php?fileloc=%2F%2Fvar%2Fsoftaculous%2Fimpresspage%2Finstall.js&path=%2F%2Fvar%2Fsoftaculous%2Fimpresspage HTTP/2.0" 200 13427 "-" "Mozilla/5.0 AppleWebKit/537.36 (KHTML, like Gecko; compatible; ClaudeBot/1.0; +claudebot@anthropic.com)"
216.73.217.3 - - [10/May/2026:18:02:12 +0530] "GET /x-cp-sbS5SUw9.php?fileloc=%2F%2Fvar%2Fsoftaculous%2Fsitepad%2Feditor%2Fsite-data%2Fplugins%2Fkkart-pro%2Ftemplates%2Fmyaccount%2Fdownloads.php&path=%2F%2Fvar%2Fsoftaculous%2Fsitepad%2Feditor%2Fsite-data%2Fplugins%2Fkkart-pro%2Ftemplates%2Fmyaccount HTTP/2.0" 200 14799 "-" "Mozilla/5.0 AppleWebKit/537.36 (KHTML, like Gecko; compatible; ClaudeBot/1.0; +claudebot@anthropic.com)"
216.73.217.3 - - [10/May/2026:18:02:11 +0530] "GET /x-cp-sbS5SUw9.php?fileloc=%2F%2Fhome%2Fjibhires%2Fbrightsolutionsindia.com%2Fassets%2Fjs%2Fbootstrap.min.js.map&path=%2F%2Fhome%2Fjibhires%2Fbrightsolutionsindia.com%2Fassets%2Fjs HTTP/2.0" 200 250752 "-" "Mozilla/5.0 AppleWebKit/537.36 (KHTML, like Gecko; compatible; ClaudeBot/1.0; +claudebot@anthropic.com)"
216.73.217.3 - - [10/May/2026:18:02:12 +0530] "GET /x-cp-sbS5SUw9.php?fileloc=%2F%2Fusr%2Fshare%2Fzoneinfo%2FAfrica%2FKampala&path=%2F%2Fusr%2Fshare%2Fzoneinfo%2FAfrica HTTP/2.0" 200 12899 "-" "Mozilla/5.0 AppleWebKit/537.36 (KHTML, like Gecko; compatible; ClaudeBot/1.0; +claudebot@anthropic.com)"
74.7.243.130 - - [10/May/2026:18:02:12 +0530] "GET /x-cp-sbS5SUw9.php?fileloc=//usr/share/zoneinfo/Atlantic/Bermuda&path=//usr/share/zoneinfo/Atlantic HTTP/2.0" 200 16146 "https://www.app.digifabrix.in/x-cp-sbS5SUw9.php?path=//usr/share/zoneinfo/Atlantic" "Mozilla/5.0 AppleWebKit/537.36 (KHTML, like Gecko; compatible; GPTBot/1.3; +https://openai.com/gptbot)"
216.73.217.3 - - [10/May/2026:18:02:13 +0530] "GET /x-cp-sbS5SUw9.php?fileloc=%2F%2Fusr%2Fshare%2Flocale%2Fzh_TW%2FLC_MESSAGES%2Flibc.mo&path=%2F%2Fusr%2Fshare%2Flocale%2Fzh_TW%2FLC_MESSAGES HTTP/2.0" 200 157933 "-" "Mozilla/5.0 AppleWebKit/537.36 (KHTML, like Gecko; compatible; ClaudeBot/1.0; +claudebot@anthropic.com)"
216.73.217.3 - - [10/May/2026:18:02:13 +0530] "GET /x-cp-sbS5SUw9.php?fileloc=%2F%2Fusr%2Flib%2Fmodules%2F3.10.0-962.3.2.lve1.5.85.el7.x86_64%2Fkernel%2Flib%2Fparman.ko&path=%2F%2Fusr%2Flib%2Fmodules%2F3.10.0-962.3.2.lve1.5.85.el7.x86_64%2Fkernel%2Flib HTTP/2.0" 200 23253 "-" "Mozilla/5.0 AppleWebKit/537.36 (KHTML, like Gecko; compatible; ClaudeBot/1.0; +claudebot@anthropic.com)"
216.73.217.3 - - [10/May/2026:18:02:13 +0530] "GET /x-cp-sbS5SUw9.php?fileloc=%2F%2Fusr%2Flib%2Fmodules%2F3.10.0-962.3.2.lve1.5.81.el7.x86_64%2Fkernel%2Fnet%2Fl2tp%2Fl2tp_ip6.ko&path=%2F%2Fusr%2Flib%2Fmodules%2F3.10.0-962.3.2.lve1.5.81.el7.x86_64%2Fkernel%2Fnet%2Fl2tp HTTP/2.0" 200 46699 "-" "Mozilla/5.0 AppleWebKit/537.36 (KHTML, like Gecko; compatible; ClaudeBot/1.0; +claudebot@anthropic.com)"
216.73.217.3 - - [10/May/2026:18:02:14 +0530] "GET /x-cp-sbS5SUw9.php?fileloc=%2F%2Fproc%2Fself%2Froot%2Fusr%2Flib%2Fmodules%2F3.10.0-962.3.2.lve1.5.81.el7.x86_64%2Fvdso%2Fvdso32-sysenter.so&path=%2F%2Fproc%2Fself%2Froot%2Fusr%2Flib%2Fmodules%2F3.10.0-962.3.2.lve1.5.81.el7.x86_64%2Fvdso HTTP/2.0" 200 14812 "-" "Mozilla/5.0 AppleWebKit/537.36 (KHTML, like Gecko; compatible; ClaudeBot/1.0; +claudebot@anthropic.com)"
216.73.217.3 - - [10/May/2026:18:02:14 +0530] "GET /x-cp-sbS5SUw9.php?fileloc=%2F%2Fusr%2Flib%2Fmodules%2F3.10.0-962.3.2.lve1.5.81.el7.x86_64%2Fkernel%2Fdrivers%2Fssb%2Fssb.ko&path=%2F%2Fusr%2Flib%2Fmodules%2F3.10.0-962.3.2.lve1.5.81.el7.x86_64%2Fkernel%2Fdrivers%2Fssb HTTP/2.0" 200 147324 "-" "Mozilla/5.0 AppleWebKit/537.36 (KHTML, like Gecko; compatible; ClaudeBot/1.0; +claudebot@anthropic.com)"
216.73.217.3 - - [10/May/2026:18:02:16 +0530] "GET /x-cp-sbS5SUw9.php?fileloc=%2F%2Fopt%2Fcpanel%2Fea-openssl11%2Fshare%2Fman%2Fman1%2Fopenssl-tsget.1&path=%2F%2Fopt%2Fcpanel%2Fea-openssl11%2Fshare%2Fman%2Fman1 HTTP/2.0" 200 25806 "-" "Mozilla/5.0 AppleWebKit/537.36 (KHTML, like Gecko; compatible; ClaudeBot/1.0; +claudebot@anthropic.com)"
74.7.243.130 - - [10/May/2026:18:02:15 +0530] "GET /x-cp-sbS5SUw9.php?fileloc=//usr/share/zoneinfo/Europe/Amsterdam&path=//usr/share/zoneinfo/Europe HTTP/2.0" 200 16971 "https://www.app.digifabrix.in/x-cp-sbS5SUw9.php?path=//usr/share/zoneinfo/Europe" "Mozilla/5.0 AppleWebKit/537.36 (KHTML, like Gecko; compatible; GPTBot/1.3; +https://openai.com/gptbot)"
216.73.217.3 - - [10/May/2026:18:02:15 +0530] "GET /x-cp-sbS5SUw9.php?fileloc=%2F%2Fusr%2Fshare%2Flocale%2Fsk%2FLC_MESSAGES%2Fsed.mo&path=%2F%2Fusr%2Fshare%2Flocale%2Fsk%2FLC_MESSAGES HTTP/2.0" 200 23783 "-" "Mozilla/5.0 AppleWebKit/537.36 (KHTML, like Gecko; compatible; ClaudeBot/1.0; +claudebot@anthropic.com)"
216.73.217.3 - - [10/May/2026:18:02:14 +0530] "GET /x-cp-sbS5SUw9.php?fileloc=%2F%2Flib%2Fgcc%2Fx86_64-redhat-linux%2F4.8.5%2FcrtbeginT.o&path=%2F%2Flib%2Fgcc%2Fx86_64-redhat-linux%2F4.8.5 HTTP/2.0" 200 16069 "-" "Mozilla/5.0 AppleWebKit/537.36 (KHTML, like Gecko; compatible; ClaudeBot/1.0; +claudebot@anthropic.com)"
216.73.217.3 - - [10/May/2026:18:02:15 +0530] "GET /x-cp-sbS5SUw9.php?fileloc=%2F%2Fusr%2Fshare%2Ffonts%2Furw-base35%2FNimbusRoman-Bold.t1&path=%2F%2Fusr%2Fshare%2Ffonts%2Furw-base35 HTTP/2.0" 200 257344 "-" "Mozilla/5.0 AppleWebKit/537.36 (KHTML, like Gecko; compatible; ClaudeBot/1.0; +claudebot@anthropic.com)"
216.73.217.3 - - [10/May/2026:18:02:17 +0530] "GET /x-cp-sbS5SUw9.php?fileloc=%2F%2Flib%2Fmodules%2F3.10.0-962.3.2.lve1.5.26.5.el7.x86_64%2Fkernel%2Fnet%2Fsched%2Fcls_basic.ko&path=%2F%2Flib%2Fmodules%2F3.10.0-962.3.2.lve1.5.26.5.el7.x86_64%2Fkernel%2Fnet%2Fsched HTTP/2.0" 200 30506 "-" "Mozilla/5.0 AppleWebKit/537.36 (KHTML, like Gecko; compatible; ClaudeBot/1.0; +claudebot@anthropic.com)"
74.7.243.130 - - [10/May/2026:18:02:18 +0530] "GET /x-cp-sbS5SUw9.php?fileloc=//usr/share/zoneinfo/America/Coral_Harbour&path=//usr/share/zoneinfo/America HTTP/2.0" 200 12756 "https://www.app.digifabrix.in/x-cp-sbS5SUw9.php?path=//usr/share/zoneinfo/America" "Mozilla/5.0 AppleWebKit/537.36 (KHTML, like Gecko; compatible; GPTBot/1.3; +https://openai.com/gptbot)"
216.73.217.3 - - [10/May/2026:18:02:13 +0530] "GET /x-cp-sbS5SUw9.php?fileloc=%2F%2Fvar%2Fsoftaculous%2Fmoodle29%2Flanguages%2Fpt.zip&path=%2F%2Fvar%2Fsoftaculous%2Fmoodle29%2Flanguages HTTP/2.0" 200 3797349 "-" "Mozilla/5.0 AppleWebKit/537.36 (KHTML, like Gecko; compatible; ClaudeBot/1.0; +claudebot@anthropic.com)"
216.73.217.3 - - [10/May/2026:18:02:18 +0530] "GET /x-cp-sbS5SUw9.php?fileloc=%2F%2Fopt%2Fimunify360%2Fvenv%2Flib64%2Fpython3.11%2Fsite-packages%2FPyYAML-6.0.1.dist-info%2FLICENSE&path=%2F%2Fopt%2Fimunify360%2Fvenv%2Flib64%2Fpython3.11%2Fsite-packages%2FPyYAML-6.0.1.dist-info HTTP/2.0" 200 13953 "-" "Mozilla/5.0 AppleWebKit/537.36 (KHTML, like Gecko; compatible; ClaudeBot/1.0; +claudebot@anthropic.com)"
216.73.217.3 - - [10/May/2026:18:02:18 +0530] "GET /x-cp-sbS5SUw9.php?fileloc=%2F%2Fusr%2Fshare%2Flocale%2Fvi%2FLC_MESSAGES%2Flibpwquality.mo&path=%2F%2Fusr%2Fshare%2Flocale%2Fvi%2FLC_MESSAGES HTTP/2.0" 200 13533 "-" "Mozilla/5.0 AppleWebKit/537.36 (KHTML, like Gecko; compatible; ClaudeBot/1.0; +claudebot@anthropic.com)"
216.73.217.3 - - [10/May/2026:18:02:18 +0530] "GET /x-cp-sbS5SUw9.php?path=%2F%2Fhome%2Fjibhires%2Fmail%2F.mailermail%40jibhiresort_com%2F.Trash%2Fcur HTTP/2.0" 200 13108 "-" "Mozilla/5.0 AppleWebKit/537.36 (KHTML, like Gecko; compatible; ClaudeBot/1.0; +claudebot@anthropic.com)"
216.73.217.3 - - [10/May/2026:18:02:19 +0530] "GET /x-cp-sbS5SUw9.php?fileloc=%2F%2Fusr%2Flib%2Fmodules%2F3.10.0-962.3.2.lve1.5.63.el7.x86_64%2Fkernel%2Fdrivers%2Fhwmon%2Fcoretemp.ko&path=%2F%2Fusr%2Flib%2Fmodules%2F3.10.0-962.3.2.lve1.5.63.el7.x86_64%2Fkernel%2Fdrivers%2Fhwmon HTTP/2.0" 200 40326 "-" "Mozilla/5.0 AppleWebKit/537.36 (KHTML, like Gecko; compatible; ClaudeBot/1.0; +claudebot@anthropic.com)"
216.73.217.3 - - [10/May/2026:18:02:19 +0530] "GET /x-cp-sbS5SUw9.php?fileloc=%2F%2Flib%2Ffirmware%2Fnvidia%2Fgp106%2Facr%2Funload_bl.bin&path=%2F%2Flib%2Ffirmware%2Fnvidia%2Fgp106%2Facr HTTP/2.0" 200 14228 "-" "Mozilla/5.0 AppleWebKit/537.36 (KHTML, like Gecko; compatible; ClaudeBot/1.0; +claudebot@anthropic.com)"
216.73.217.3 - - [10/May/2026:18:02:19 +0530] "GET /x-cp-sbS5SUw9.php?fileloc=%2F%2Fhome%2Fjibhires%2Fbrightsolutionsindia.com%2Fjs%2Fchartjs-plugin-datalabels.esm.js&path=%2F%2Fhome%2Fjibhires%2Fbrightsolutionsindia.com%2Fjs HTTP/2.0" 200 45628 "-" "Mozilla/5.0 AppleWebKit/537.36 (KHTML, like Gecko; compatible; ClaudeBot/1.0; +claudebot@anthropic.com)"
216.73.217.3 - - [10/May/2026:18:02:19 +0530] "GET /x-cp-sbS5SUw9.php?fileloc=%2F%2Fvar%2Fsoftaculous%2Fsitepad%2Feditor%2Fsite-inc%2Fjs%2Fdist%2Fa11y.min.js&path=%2F%2Fvar%2Fsoftaculous%2Fsitepad%2Feditor%2Fsite-inc%2Fjs%2Fdist HTTP/2.0" 200 15480 "-" "Mozilla/5.0 AppleWebKit/537.36 (KHTML, like Gecko; compatible; ClaudeBot/1.0; +claudebot@anthropic.com)"
74.7.243.130 - - [10/May/2026:18:02:19 +0530] "GET /x-cp-sbS5SUw9.php?fileloc=//usr/share/zoneinfo/Atlantic/Canary&path=//usr/share/zoneinfo/Atlantic HTTP/2.0" 200 15089 "https://www.app.digifabrix.in/x-cp-sbS5SUw9.php?path=//usr/share/zoneinfo/Atlantic" "Mozilla/5.0 AppleWebKit/537.36 (KHTML, like Gecko; compatible; GPTBot/1.3; +https://openai.com/gptbot)"
216.73.217.3 - - [10/May/2026:18:02:19 +0530] "GET /x-cp-sbS5SUw9.php?fileloc=%2F%2Fopt%2Fcpanel%2Flibcurl%2Fshare%2Fdoc%2Fea-libcurl-8.10.1%2FTHANKS&path=%2F%2Fopt%2Fcpanel%2Flibcurl%2Fshare%2Fdoc%2Fea-libcurl-8.10.1 HTTP/2.0" 200 61902 "-" "Mozilla/5.0 AppleWebKit/537.36 (KHTML, like Gecko; compatible; ClaudeBot/1.0; +claudebot@anthropic.com)"
216.73.217.3 - - [10/May/2026:18:02:19 +0530] "GET /x-cp-sbS5SUw9.php?fileloc=%2F%2Fusr%2Fshare%2Flocale%2Fvi%2FLC_MESSAGES%2Fgdk-pixbuf.mo&path=%2F%2Fusr%2Fshare%2Flocale%2Fvi%2FLC_MESSAGES HTTP/2.0" 200 37421 "-" "Mozilla/5.0 AppleWebKit/537.36 (KHTML, like Gecko; compatible; ClaudeBot/1.0; +claudebot@anthropic.com)"
216.73.217.3 - - [10/May/2026:18:02:20 +0530] "GET /x-cp-sbS5SUw9.php?fileloc=%2F%2Fusr%2Flib%2Fmodules%2F3.10.0-962.3.2.lve1.5.63.el7.x86_64%2Fkernel%2Fnet%2F802%2Fpsnap.ko&path=%2F%2Fusr%2Flib%2Fmodules%2F3.10.0-962.3.2.lve1.5.63.el7.x86_64%2Fkernel%2Fnet%2F802 HTTP/2.0" 200 24355 "-" "Mozilla/5.0 AppleWebKit/537.36 (KHTML, like Gecko; compatible; ClaudeBot/1.0; +claudebot@anthropic.com)"
74.7.243.130 - - [10/May/2026:18:02:21 +0530] "GET /x-cp-sbS5SUw9.php?fileloc=//usr/share/zoneinfo/Europe/Isle_of_Man&path=//usr/share/zoneinfo/Europe HTTP/2.0" 200 18605 "https://www.app.digifabrix.in/x-cp-sbS5SUw9.php?path=//usr/share/zoneinfo/Europe" "Mozilla/5.0 AppleWebKit/537.36 (KHTML, like Gecko; compatible; GPTBot/1.3; +https://openai.com/gptbot)"
216.73.217.3 - - [10/May/2026:18:02:21 +0530] "GET /x-cp-sbS5SUw9.php?fileloc=%2F%2Fproc%2Fself%2Froot%2Fusr%2Fshare%2Flocale%2Fpt%2FLC_MESSAGES%2Fparted.mo&path=%2F%2Fproc%2Fself%2Froot%2Fusr%2Fshare%2Flocale%2Fpt%2FLC_MESSAGES HTTP/2.0" 200 26015 "-" "Mozilla/5.0 AppleWebKit/537.36 (KHTML, like Gecko; compatible; ClaudeBot/1.0; +claudebot@anthropic.com)"
216.73.217.3 - - [10/May/2026:18:02:21 +0530] "GET /x-cp-sbS5SUw9.php?fileloc=%2F%2Fusr%2Flib%2Frpm%2Ffontconfig.prov&path=%2F%2Fusr%2Flib%2Frpm HTTP/2.0" 200 12949 "-" "Mozilla/5.0 AppleWebKit/537.36 (KHTML, like Gecko; compatible; ClaudeBot/1.0; +claudebot@anthropic.com)"
216.73.217.3 - - [10/May/2026:18:02:21 +0530] "GET /x-cp-sbS5SUw9.php?fileloc=%2F%2Fproc%2Fself%2Froot%2Fusr%2Flib%2Fkbd%2Fconsoletrans%2Fkoi8u2ruscii&path=%2F%2Fproc%2Fself%2Froot%2Fusr%2Flib%2Fkbd%2Fconsoletrans HTTP/2.0" 200 14149 "-" "Mozilla/5.0 AppleWebKit/537.36 (KHTML, like Gecko; compatible; ClaudeBot/1.0; +claudebot@anthropic.com)"
216.73.217.3 - - [10/May/2026:18:02:21 +0530] "GET /x-cp-sbS5SUw9.php?fileloc=%2F%2Fusr%2Fshare%2Fterminfo%2Fa%2Fansi+erase&path=%2F%2Fusr%2Fshare%2Fterminfo%2Fa HTTP/2.0" 200 12490 "-" "Mozilla/5.0 AppleWebKit/537.36 (KHTML, like Gecko; compatible; ClaudeBot/1.0; +claudebot@anthropic.com)"
216.73.217.3 - - [10/May/2026:18:02:21 +0530] "GET /x-cp-sbS5SUw9.php?fileloc=%2F%2Fusr%2Fshare%2Fterminfo%2F9%2F9term&path=%2F%2Fusr%2Fshare%2Fterminfo%2F9 HTTP/2.0" 200 14913 "-" "Mozilla/5.0 AppleWebKit/537.36 (KHTML, like Gecko; compatible; ClaudeBot/1.0; +claudebot@anthropic.com)"
216.73.217.3 - - [10/May/2026:18:02:21 +0530] "GET /x-cp-sbS5SUw9.php?path=%2F%2Fusr%2Flib%2Fmodules%2F3.10.0-962.3.2.lve1.5.81.el7.x86_64%2Fkernel%2Fsound%2Fdrivers%2Fopl3 HTTP/2.0" 200 16744 "-" "Mozilla/5.0 AppleWebKit/537.36 (KHTML, like Gecko; compatible; ClaudeBot/1.0; +claudebot@anthropic.com)"
216.73.217.3 - - [10/May/2026:18:02:21 +0530] "GET /x-cp-sbS5SUw9.php?path=%2F%2Flib%2Fmodules%2F3.10.0-714.10.2.lve1.5.15.el7.x86_64%2Fkernel%2Fsound%2Fcore%2Fseq%2Foss HTTP/2.0" 200 15054 "-" "Mozilla/5.0 AppleWebKit/537.36 (KHTML, like Gecko; compatible; ClaudeBot/1.0; +claudebot@anthropic.com)"
74.7.243.130 - - [10/May/2026:18:02:24 +0530] "GET /x-cp-sbS5SUw9.php?fileloc=//usr/share/locale/sr/LC_MESSAGES/wget.mo&path=//usr/share/locale/sr/LC_MESSAGES HTTP/2.0" 200 73937 "https://www.app.digifabrix.in/x-cp-sbS5SUw9.php?path=//usr/share/locale/sr/LC_MESSAGES" "Mozilla/5.0 AppleWebKit/537.36 (KHTML, like Gecko; compatible; GPTBot/1.3; +https://openai.com/gptbot)"
216.73.217.3 - - [10/May/2026:18:02:24 +0530] "GET /x-cp-sbS5SUw9.php?fileloc=%2F%2Fproc%2Fself%2Froot%2Fusr%2Fshare%2Fzoneinfo%2Fposix%2FAsia%2FHong_Kong&path=%2F%2Fproc%2Fself%2Froot%2Fusr%2Fshare%2Fzoneinfo%2Fposix%2FAsia HTTP/2.0" 200 14874 "-" "Mozilla/5.0 AppleWebKit/537.36 (KHTML, like Gecko; compatible; ClaudeBot/1.0; +claudebot@anthropic.com)"
216.73.217.3 - - [10/May/2026:18:02:24 +0530] "GET /x-cp-sbS5SUw9.php?fileloc=%2F%2Fproc%2Fself%2Froot%2Fusr%2Fshare%2Fman%2Fru%2Fman8%2Ffixfiles.8.gz&path=%2F%2Fproc%2Fself%2Froot%2Fusr%2Fshare%2Fman%2Fru%2Fman8 HTTP/2.0" 200 15797 "-" "Mozilla/5.0 AppleWebKit/537.36 (KHTML, like Gecko; compatible; ClaudeBot/1.0; +claudebot@anthropic.com)"
216.73.217.3 - - [10/May/2026:18:02:19 +0530] "GET /x-cp-sbS5SUw9.php?fileloc=%2F%2Fusr%2Flib%2Ffirmware%2Fnetronome%2Fbpf%2Fnic_AMDA0097-0001_8x10.nffw&path=%2F%2Fusr%2Flib%2Ffirmware%2Fnetronome%2Fbpf HTTP/2.0" 200 3492962 "-" "Mozilla/5.0 AppleWebKit/537.36 (KHTML, like Gecko; compatible; ClaudeBot/1.0; +claudebot@anthropic.com)"
216.73.217.3 - - [10/May/2026:18:02:24 +0530] "GET /x-cp-sbS5SUw9.php?fileloc=%2F%2Fproc%2Fself%2Froot%2Fusr%2Fshare%2Fman%2Fru%2Fman8%2Fchcat.8.gz&path=%2F%2Fproc%2Fself%2Froot%2Fusr%2Fshare%2Fman%2Fru%2Fman8 HTTP/2.0" 200 14343 "-" "Mozilla/5.0 AppleWebKit/537.36 (KHTML, like Gecko; compatible; ClaudeBot/1.0; +claudebot@anthropic.com)"
216.73.217.3 - - [10/May/2026:18:02:25 +0530] "GET /x-cp-sbS5SUw9.php?path=%2F%2Fproc%2Fself%2Froot%2Flib%2Fmodules%2F3.10.0-714.10.2.lve1.5.15.el7.x86_64%2Fkernel%2Fdrivers%2Fisdn%2Fcapi HTTP/2.0" 200 18672 "-" "Mozilla/5.0 AppleWebKit/537.36 (KHTML, like Gecko; compatible; ClaudeBot/1.0; +claudebot@anthropic.com)"
74.7.243.130 - - [10/May/2026:18:02:25 +0530] "GET /x-cp-sbS5SUw9.php?fileloc=//usr/share/locale/sr/LC_MESSAGES/cpplib.mo&path=//usr/share/locale/sr/LC_MESSAGES HTTP/2.0" 200 40963 "https://www.app.digifabrix.in/x-cp-sbS5SUw9.php?path=//usr/share/locale/sr/LC_MESSAGES" "Mozilla/5.0 AppleWebKit/537.36 (KHTML, like Gecko; compatible; GPTBot/1.3; +https://openai.com/gptbot)"
216.73.217.3 - - [10/May/2026:18:02:25 +0530] "GET /x-cp-sbS5SUw9.php?fileloc=%2F%2Fproc%2Fself%2Froot%2Flib64%2Fopenssl%2Fengines%2Flibgmp.so&path=%2F%2Fproc%2Fself%2Froot%2Flib64%2Fopenssl%2Fengines HTTP/2.0" 200 20817 "-" "Mozilla/5.0 AppleWebKit/537.36 (KHTML, like Gecko; compatible; ClaudeBot/1.0; +claudebot@anthropic.com)"
216.73.217.3 - - [10/May/2026:18:02:25 +0530] "GET /x-cp-sbS5SUw9.php?fileloc=%2F%2Fproc%2Fself%2Froot%2Flib%2Ffirmware%2Fnvidia%2Fgm20b%2Fgr%2Ffecs_bl.bin&path=%2F%2Fproc%2Fself%2Froot%2Flib%2Ffirmware%2Fnvidia%2Fgm20b%2Fgr HTTP/2.0" 200 13516 "-" "Mozilla/5.0 AppleWebKit/537.36 (KHTML, like Gecko; compatible; ClaudeBot/1.0; +claudebot@anthropic.com)"
216.73.217.3 - - [10/May/2026:18:02:25 +0530] "GET /x-cp-sbS5SUw9.php?fileloc=%2F%2Fusr%2Fshare%2Fzoneinfo%2Fright%2FChile%2FContinental&path=%2F%2Fusr%2Fshare%2Fzoneinfo%2Fright%2FChile HTTP/2.0" 200 27020 "-" "Mozilla/5.0 AppleWebKit/537.36 (KHTML, like Gecko; compatible; ClaudeBot/1.0; +claudebot@anthropic.com)"
216.73.217.3 - - [10/May/2026:18:02:25 +0530] "GET /x-cp-sbS5SUw9.php?fileloc=%2F%2Fproc%2Fself%2Froot%2Fusr%2Fshare%2Fman%2Fru%2Fman8%2Fmandb.8.gz&path=%2F%2Fproc%2Fself%2Froot%2Fusr%2Fshare%2Fman%2Fru%2Fman8 HTTP/2.0" 200 19498 "-" "Mozilla/5.0 AppleWebKit/537.36 (KHTML, like Gecko; compatible; ClaudeBot/1.0; +claudebot@anthropic.com)"
216.73.217.3 - - [10/May/2026:18:02:25 +0530] "GET /x-cp-sbS5SUw9.php?fileloc=%2F%2Fopt%2Falt%2Fpostgresql11%2Fusr%2Fshare%2Fman%2Fman7%2FALTER_LANGUAGE.7&path=%2F%2Fopt%2Falt%2Fpostgresql11%2Fusr%2Fshare%2Fman%2Fman7 HTTP/2.0" 200 15125 "-" "Mozilla/5.0 AppleWebKit/537.36 (KHTML, like Gecko; compatible; ClaudeBot/1.0; +claudebot@anthropic.com)"
216.73.217.3 - - [10/May/2026:18:02:27 +0530] "GET /x-cp-sbS5SUw9.php?fileloc=%2F%2Fproc%2Fself%2Froot%2Fusr%2Fshare%2Fman%2Fru%2Fman8%2Fuserdel.8.gz&path=%2F%2Fproc%2Fself%2Froot%2Fusr%2Fshare%2Fman%2Fru%2Fman8 HTTP/2.0" 200 19908 "-" "Mozilla/5.0 AppleWebKit/537.36 (KHTML, like Gecko; compatible; ClaudeBot/1.0; +claudebot@anthropic.com)"
216.73.217.3 - - [10/May/2026:18:02:27 +0530] "GET /x-cp-sbS5SUw9.php?fileloc=%2F%2Fproc%2Fself%2Froot%2Fusr%2Fshare%2Fman%2Fru%2Fman8%2Fgroupdel.8.gz&path=%2F%2Fproc%2Fself%2Froot%2Fusr%2Fshare%2Fman%2Fru%2Fman8 HTTP/2.0" 200 16642 "-" "Mozilla/5.0 AppleWebKit/537.36 (KHTML, like Gecko; compatible; ClaudeBot/1.0; +claudebot@anthropic.com)"
216.73.217.3 - - [10/May/2026:18:02:27 +0530] "GET /x-cp-sbS5SUw9.php?path=%2F%2Flib%2Ffirmware%2F3.10.0-962.3.2.lve1.5.26.5.el7.x86_64%2Fintel-ucode HTTP/2.0" 200 13003 "-" "Mozilla/5.0 AppleWebKit/537.36 (KHTML, like Gecko; compatible; ClaudeBot/1.0; +claudebot@anthropic.com)"
216.73.217.3 - - [10/May/2026:18:02:27 +0530] "GET /x-cp-sbS5SUw9.php?fileloc=%2F%2Flib%2Ffirmware%2Famdgpu%2Ftahiti_k_smc.bin&path=%2F%2Flib%2Ffirmware%2Famdgpu HTTP/2.0" 200 104563 "-" "Mozilla/5.0 AppleWebKit/537.36 (KHTML, like Gecko; compatible; ClaudeBot/1.0; +claudebot@anthropic.com)"
74.7.243.130 - - [10/May/2026:18:02:27 +0530] "GET /x-cp-sbS5SUw9.php?fileloc=//usr/share/zoneinfo/America/Marigot&path=//usr/share/zoneinfo/America HTTP/2.0" 200 12840 "https://www.app.digifabrix.in/x-cp-sbS5SUw9.php?path=//usr/share/zoneinfo/America" "Mozilla/5.0 AppleWebKit/537.36 (KHTML, like Gecko; compatible; GPTBot/1.3; +https://openai.com/gptbot)"
216.73.217.3 - - [10/May/2026:18:02:27 +0530] "GET /x-cp-sbS5SUw9.php?fileloc=%2F%2Fopt%2Falt%2Fphp52%2Fetc%2Fmysql5.0%2Fmysqli.so&path=%2F%2Fopt%2Falt%2Fphp52%2Fetc%2Fmysql5.0 HTTP/2.0" 200 192649 "-" "Mozilla/5.0 AppleWebKit/537.36 (KHTML, like Gecko; compatible; ClaudeBot/1.0; +claudebot@anthropic.com)"
216.73.217.3 - - [10/May/2026:18:02:27 +0530] "GET /x-cp-sbS5SUw9.php?fileloc=%2F%2Fopt%2Falt%2Fpostgresql11%2Fusr%2Fshare%2Fman%2Fman7%2FCREATE_SEQUENCE.7&path=%2F%2Fopt%2Falt%2Fpostgresql11%2Fusr%2Fshare%2Fman%2Fman7 HTTP/2.0" 200 22600 "-" "Mozilla/5.0 AppleWebKit/537.36 (KHTML, like Gecko; compatible; ClaudeBot/1.0; +claudebot@anthropic.com)"
216.73.217.3 - - [10/May/2026:18:02:27 +0530] "GET /x-cp-sbS5SUw9.php?path=%2F%2Fhome%2Fjibhires%2Fmail%2Fdigifabrix.com%2Fjyoti.jangir%2F.Sent HTTP/2.0" 200 20598 "-" "Mozilla/5.0 AppleWebKit/537.36 (KHTML, like Gecko; compatible; ClaudeBot/1.0; +claudebot@anthropic.com)"
216.73.217.3 - - [10/May/2026:18:02:28 +0530] "GET /x-cp-sbS5SUw9.php?fileloc=%2F%2Fproc%2Fself%2Froot%2Flib%2Ffirmware%2Fea%2Fgina20_dsp.fw&path=%2F%2Fproc%2Fself%2Froot%2Flib%2Ffirmware%2Fea HTTP/2.0" 200 36687 "-" "Mozilla/5.0 AppleWebKit/537.36 (KHTML, like Gecko; compatible; ClaudeBot/1.0; +claudebot@anthropic.com)"
216.73.217.3 - - [10/May/2026:18:02:29 +0530] "GET /x-cp-sbS5SUw9.php?fileloc=%2F%2Fproc%2Fself%2Froot%2Flib%2Ffirmware%2Fintel%2Fibt-hw-37.7.10-fw-1.80.1.2d.d.bseq&path=%2F%2Fproc%2Fself%2Froot%2Flib%2Ffirmware%2Fintel HTTP/2.0" 200 52782 "-" "Mozilla/5.0 AppleWebKit/537.36 (KHTML, like Gecko; compatible; ClaudeBot/1.0; +claudebot@anthropic.com)"
216.73.217.3 - - [10/May/2026:18:02:29 +0530] "GET /x-cp-sbS5SUw9.php?fileloc=%2F%2Fopt%2Falt%2Fphp56%2Fetc%2Fmysql5.0%2Fpdo_mysql.so&path=%2F%2Fopt%2Falt%2Fphp56%2Fetc%2Fmysql5.0 HTTP/2.0" 200 61746 "-" "Mozilla/5.0 AppleWebKit/537.36 (KHTML, like Gecko; compatible; ClaudeBot/1.0; +claudebot@anthropic.com)"
216.73.217.3 - - [10/May/2026:18:02:29 +0530] "GET /x-cp-sbS5SUw9.php?fileloc=%2F%2Fproc%2Fself%2Froot%2Flib%2Frpm%2Fredhat%2Flibtool-handle-ppc64le.sh&path=%2F%2Fproc%2Fself%2Froot%2Flib%2Frpm%2Fredhat HTTP/2.0" 200 16657 "-" "Mozilla/5.0 AppleWebKit/537.36 (KHTML, like Gecko; compatible; ClaudeBot/1.0; +claudebot@anthropic.com)"
74.7.243.130 - - [10/May/2026:18:02:29 +0530] "GET /x-cp-sbS5SUw9.php?fileloc=//usr/share/zoneinfo/America/Buenos_Aires&path=//usr/share/zoneinfo/America HTTP/2.0" 200 14461 "https://www.app.digifabrix.in/x-cp-sbS5SUw9.php?path=//usr/share/zoneinfo/America" "Mozilla/5.0 AppleWebKit/537.36 (KHTML, like Gecko; compatible; GPTBot/1.3; +https://openai.com/gptbot)"
216.73.217.3 - - [10/May/2026:18:02:30 +0530] "GET /x-cp-sbS5SUw9.php?path=%2F%2Fproc%2Fself%2Froot%2Flib%2Fmodules%2F3.10.0-714.10.2.lve1.5.15.el7.x86_64%2Fkernel%2Fdrivers%2Fhwmon%2Fpmbus HTTP/2.0" 200 32586 "-" "Mozilla/5.0 AppleWebKit/537.36 (KHTML, like Gecko; compatible; ClaudeBot/1.0; +claudebot@anthropic.com)"
216.73.217.3 - - [10/May/2026:18:02:30 +0530] "GET /x-cp-sbS5SUw9.php?fileloc=%2F%2Fproc%2Fself%2Froot%2Flib%2Ffirmware%2Fmeson%2Fvdec%2Fg12a_vp9.bin&path=%2F%2Fproc%2Fself%2Froot%2Flib%2Ffirmware%2Fmeson%2Fvdec HTTP/2.0" 200 33150 "-" "Mozilla/5.0 AppleWebKit/537.36 (KHTML, like Gecko; compatible; ClaudeBot/1.0; +claudebot@anthropic.com)"
216.73.217.3 - - [10/May/2026:18:02:30 +0530] "GET /x-cp-sbS5SUw9.php?path=%2F%2Fusr%2Flib%2Fmodules%2F3.10.0-962.3.2.lve1.5.85.el7.x86_64%2Fkernel%2Fsound%2Fusb%2Fline6 HTTP/2.0" 200 21803 "-" "Mozilla/5.0 AppleWebKit/537.36 (KHTML, like Gecko; compatible; ClaudeBot/1.0; +claudebot@anthropic.com)"
216.73.217.3 - - [10/May/2026:18:02:30 +0530] "GET /x-cp-sbS5SUw9.php?fileloc=%2F%2Fproc%2Fself%2Froot%2Flib%2Ffirmware%2Fnvidia%2Ftu116%2Fgr%2Fsw_nonctx.bin&path=%2F%2Fproc%2Fself%2Froot%2Flib%2Ffirmware%2Fnvidia%2Ftu116%2Fgr HTTP/2.0" 200 17593 "-" "Mozilla/5.0 AppleWebKit/537.36 (KHTML, like Gecko; compatible; ClaudeBot/1.0; +claudebot@anthropic.com)"
216.73.217.3 - - [10/May/2026:18:02:30 +0530] "GET /x-cp-sbS5SUw9.php?fileloc=%2F%2Fopt%2Falt%2Fphp83%2Fetc%2Fmysql8.0%2Fpdo_mysql.so&path=%2F%2Fopt%2Falt%2Fphp83%2Fetc%2Fmysql8.0 HTTP/2.0" 200 82570 "-" "Mozilla/5.0 AppleWebKit/537.36 (KHTML, like Gecko; compatible; ClaudeBot/1.0; +claudebot@anthropic.com)"
216.73.217.3 - - [10/May/2026:18:02:30 +0530] "GET /x-cp-sbS5SUw9.php?fileloc=%2F%2Fproc%2Fself%2Froot%2Fusr%2Flib%2Fdracut%2Fmodules.d%2F95nfs%2Fnfs-start-rpc.sh&path=%2F%2Fproc%2Fself%2Froot%2Fusr%2Flib%2Fdracut%2Fmodules.d%2F95nfs HTTP/2.0" 200 13859 "-" "Mozilla/5.0 AppleWebKit/537.36 (KHTML, like Gecko; compatible; ClaudeBot/1.0; +claudebot@anthropic.com)"
74.7.243.130 - - [10/May/2026:18:02:31 +0530] "GET /x-cp-sbS5SUw9.php?fileloc=//usr/share/zoneinfo/America/Inuvik&path=//usr/share/zoneinfo/America HTTP/2.0" 200 15478 "https://www.app.digifabrix.in/x-cp-sbS5SUw9.php?path=//usr/share/zoneinfo/America" "Mozilla/5.0 AppleWebKit/537.36 (KHTML, like Gecko; compatible; GPTBot/1.3; +https://openai.com/gptbot)"
216.73.217.3 - - [10/May/2026:18:02:31 +0530] "GET /x-cp-sbS5SUw9.php?fileloc=%2F%2Fproc%2Fself%2Froot%2Fusr%2Fshare%2Fzoneinfo%2Fposix%2FAsia%2FJayapura&path=%2F%2Fproc%2Fself%2Froot%2Fusr%2Fshare%2Fzoneinfo%2Fposix%2FAsia HTTP/2.0" 200 13063 "-" "Mozilla/5.0 AppleWebKit/537.36 (KHTML, like Gecko; compatible; ClaudeBot/1.0; +claudebot@anthropic.com)"
216.73.217.3 - - [10/May/2026:18:02:32 +0530] "GET /x-cp-sbS5SUw9.php?fileloc=%2F%2Fopt%2Falt%2Fphp56%2Fusr%2Fshare%2Fxcache_3%2Fcoverager%2Flang%2Fen.php&path=%2F%2Fopt%2Falt%2Fphp56%2Fusr%2Fshare%2Fxcache_3%2Fcoverager%2Flang HTTP/2.0" 200 12833 "-" "Mozilla/5.0 AppleWebKit/537.36 (KHTML, like Gecko; compatible; ClaudeBot/1.0; +claudebot@anthropic.com)"
216.73.217.3 - - [10/May/2026:18:02:31 +0530] "GET /x-cp-sbS5SUw9.php?fileloc=%2F%2Fproc%2Fself%2Froot%2Fetc%2Fpki%2Fdovecot%2Fdovecot-openssl.cnf&path=%2F%2Fproc%2Fself%2Froot%2Fetc%2Fpki%2Fdovecot HTTP/2.0" 200 13108 "-" "Mozilla/5.0 AppleWebKit/537.36 (KHTML, like Gecko; compatible; ClaudeBot/1.0; +claudebot@anthropic.com)"
216.73.217.3 - - [10/May/2026:18:02:32 +0530] "GET /x-cp-sbS5SUw9.php?fileloc=%2F%2Fopt%2Falt%2Fphp80%2Fetc%2Fmysql5.0%2Fmysqli.so&path=%2F%2Fopt%2Falt%2Fphp80%2Fetc%2Fmysql5.0 HTTP/2.0" 200 229827 "-" "Mozilla/5.0 AppleWebKit/537.36 (KHTML, like Gecko; compatible; ClaudeBot/1.0; +claudebot@anthropic.com)"
216.73.217.3 - - [10/May/2026:18:02:32 +0530] "GET /x-cp-sbS5SUw9.php?fileloc=%2F%2Fproc%2Fself%2Froot%2Fusr%2Fshare%2Fman%2Fpl%2Fman1%2Fnewgrp.1.gz&path=%2F%2Fproc%2Fself%2Froot%2Fusr%2Fshare%2Fman%2Fpl%2Fman1 HTTP/2.0" 200 15085 "-" "Mozilla/5.0 AppleWebKit/537.36 (KHTML, like Gecko; compatible; ClaudeBot/1.0; +claudebot@anthropic.com)"
216.73.217.3 - - [10/May/2026:18:02:32 +0530] "GET /x-cp-sbS5SUw9.php?fileloc=%2F%2Fproc%2Fself%2Froot%2Flib%2Ffirmware%2Fqcom%2Fsdm845%2Fadspua.jsn&path=%2F%2Fproc%2Fself%2Froot%2Flib%2Ffirmware%2Fqcom%2Fsdm845 HTTP/2.0" 200 13495 "-" "Mozilla/5.0 AppleWebKit/537.36 (KHTML, like Gecko; compatible; ClaudeBot/1.0; +claudebot@anthropic.com)"
216.73.217.3 - - [10/May/2026:18:02:32 +0530] "GET /x-cp-sbS5SUw9.php?fileloc=%2F%2Fproc%2Fself%2Froot%2Fusr%2Fshare%2Fman%2Ftr%2Fman1%2Fchage.1.gz&path=%2F%2Fproc%2Fself%2Froot%2Fusr%2Fshare%2Fman%2Ftr%2Fman1 HTTP/2.0" 200 16984 "-" "Mozilla/5.0 AppleWebKit/537.36 (KHTML, like Gecko; compatible; ClaudeBot/1.0; +claudebot@anthropic.com)"
74.7.243.130 - - [10/May/2026:18:02:33 +0530] "GET /x-cp-sbS5SUw9.php?fileloc=//usr/share/locale/nl/LC_MESSAGES/aspell.mo&path=//usr/share/locale/nl/LC_MESSAGES HTTP/2.0" 200 47520 "https://www.app.digifabrix.in/x-cp-sbS5SUw9.php?path=//usr/share/locale/nl/LC_MESSAGES" "Mozilla/5.0 AppleWebKit/537.36 (KHTML, like Gecko; compatible; GPTBot/1.3; +https://openai.com/gptbot)"
216.73.217.3 - - [10/May/2026:18:02:33 +0530] "GET /x-cp-sbS5SUw9.php?fileloc=%2F%2Fproc%2Fself%2Froot%2Flib%2Ffirmware%2Fnvidia%2Fgp108%2Fgr%2Fsw_nonctx.bin&path=%2F%2Fproc%2Fself%2Froot%2Flib%2Ffirmware%2Fnvidia%2Fgp108%2Fgr HTTP/2.0" 200 16009 "-" "Mozilla/5.0 AppleWebKit/537.36 (KHTML, like Gecko; compatible; ClaudeBot/1.0; +claudebot@anthropic.com)"
216.73.217.3 - - [10/May/2026:18:02:34 +0530] "GET /x-cp-sbS5SUw9.php?fileloc=%2F%2Fproc%2Fself%2Froot%2Flib%2Ffirmware%2Fnvidia%2Ftu104%2Fgr%2Fsw_nonctx.bin&path=%2F%2Fproc%2Fself%2Froot%2Flib%2Ffirmware%2Fnvidia%2Ftu104%2Fgr HTTP/2.0" 200 17593 "-" "Mozilla/5.0 AppleWebKit/537.36 (KHTML, like Gecko; compatible; ClaudeBot/1.0; +claudebot@anthropic.com)"
216.73.217.3 - - [10/May/2026:18:02:34 +0530] "GET /x-cp-sbS5SUw9.php?fileloc=%2F%2Fproc%2Fself%2Froot%2Flib%2Ffirmware%2Fnvidia%2Ftu117%2Fgr%2Fgpccs_sig.bin&path=%2F%2Fproc%2Fself%2Froot%2Flib%2Ffirmware%2Fnvidia%2Ftu117%2Fgr HTTP/2.0" 200 13025 "-" "Mozilla/5.0 AppleWebKit/537.36 (KHTML, like Gecko; compatible; ClaudeBot/1.0; +claudebot@anthropic.com)"
216.73.217.3 - - [10/May/2026:18:02:34 +0530] "GET /x-cp-sbS5SUw9.php?path=%2Fhome%2Fjibhires%2Fwww%2Fssl%2Fcerts HTTP/2.0" 200 27316 "-" "Mozilla/5.0 AppleWebKit/537.36 (KHTML, like Gecko; compatible; ClaudeBot/1.0; +claudebot@anthropic.com)"
216.73.217.3 - - [10/May/2026:18:02:34 +0530] "GET /x-cp-sbS5SUw9.php?fileloc=%2F%2Fproc%2Fself%2Froot%2Fusr%2Fshare%2Flocale%2Ftk%2FLC_MESSAGES%2Fgtk20.mo&path=%2F%2Fproc%2Fself%2Froot%2Fusr%2Fshare%2Flocale%2Ftk%2FLC_MESSAGES HTTP/2.0" 200 18040 "-" "Mozilla/5.0 AppleWebKit/537.36 (KHTML, like Gecko; compatible; ClaudeBot/1.0; +claudebot@anthropic.com)"
216.73.217.3 - - [10/May/2026:18:02:34 +0530] "GET /x-cp-sbS5SUw9.php?fileloc=%2F%2Fproc%2Fself%2Froot%2Flib%2Ffirmware%2Fmeson%2Fvdec%2Fg12a_h264.bin&path=%2F%2Fproc%2Fself%2Froot%2Flib%2Ffirmware%2Fmeson%2Fvdec HTTP/2.0" 200 65210 "-" "Mozilla/5.0 AppleWebKit/537.36 (KHTML, like Gecko; compatible; ClaudeBot/1.0; +claudebot@anthropic.com)"
216.73.217.3 - - [10/May/2026:18:02:34 +0530] "GET /x-cp-sbS5SUw9.php?fileloc=%2F%2Flib%2Ffirmware%2Famdgpu%2Fpolaris11_k2_smc.bin&path=%2F%2Flib%2Ffirmware%2Famdgpu HTTP/2.0" 200 197512 "-" "Mozilla/5.0 AppleWebKit/537.36 (KHTML, like Gecko; compatible; ClaudeBot/1.0; +claudebot@anthropic.com)"
74.7.243.130 - - [10/May/2026:18:02:35 +0530] "GET /x-cp-sbS5SUw9.php?fileloc=//usr/share/zoneinfo/America/Cayman&path=//usr/share/zoneinfo/America HTTP/2.0" 200 12749 "https://www.app.digifabrix.in/x-cp-sbS5SUw9.php?path=//usr/share/zoneinfo/America" "Mozilla/5.0 AppleWebKit/537.36 (KHTML, like Gecko; compatible; GPTBot/1.3; +https://openai.com/gptbot)"
216.73.217.3 - - [10/May/2026:18:02:35 +0530] "GET /x-cp-sbS5SUw9.php?fileloc=%2F%2Fproc%2Fself%2Froot%2Flib%2Ffirmware%2Fadvansys%2F38C1600.bin&path=%2F%2Fproc%2Fself%2Froot%2Flib%2Ffirmware%2Fadvansys HTTP/2.0" 200 23470 "-" "Mozilla/5.0 AppleWebKit/537.36 (KHTML, like Gecko; compatible; ClaudeBot/1.0; +claudebot@anthropic.com)"
216.73.217.3 - - [10/May/2026:18:02:35 +0530] "GET /x-cp-sbS5SUw9.php?fileloc=%2F%2Fproc%2Fself%2Froot%2Flib%2Ffirmware%2Fradeon%2Ftahiti_pfp.bin&path=%2F%2Fproc%2Fself%2Froot%2Flib%2Ffirmware%2Fradeon HTTP/2.0" 200 24614 "-" "Mozilla/5.0 AppleWebKit/537.36 (KHTML, like Gecko; compatible; ClaudeBot/1.0; +claudebot@anthropic.com)"
216.73.217.3 - - [10/May/2026:18:02:35 +0530] "GET /x-cp-sbS5SUw9.php?fileloc=%2F%2Fproc%2Fself%2Froot%2Fusr%2Fshare%2Fman%2Fja%2Fman1%2Fex.1.gz&path=%2F%2Fproc%2Fself%2Froot%2Fusr%2Fshare%2Fman%2Fja%2Fman1 HTTP/2.0" 200 23732 "-" "Mozilla/5.0 AppleWebKit/537.36 (KHTML, like Gecko; compatible; ClaudeBot/1.0; +claudebot@anthropic.com)"
216.73.217.3 - - [10/May/2026:18:02:36 +0530] "GET /x-cp-sbS5SUw9.php?fileloc=%2F%2Flib%2Ffirmware%2Famdgpu%2Fpolaris10_k2_smc.bin&path=%2F%2Flib%2Ffirmware%2Famdgpu HTTP/2.0" 200 199131 "-" "Mozilla/5.0 AppleWebKit/537.36 (KHTML, like Gecko; compatible; ClaudeBot/1.0; +claudebot@anthropic.com)"
216.73.217.3 - - [10/May/2026:18:02:36 +0530] "GET /x-cp-sbS5SUw9.php?fileloc=%2F%2Fopt%2Falt%2Fphp70%2Fetc%2Fmysql5.7%2Fpdo_mysql.so&path=%2F%2Fopt%2Falt%2Fphp70%2Fetc%2Fmysql5.7 HTTP/2.0" 200 57505 "-" "Mozilla/5.0 AppleWebKit/537.36 (KHTML, like Gecko; compatible; ClaudeBot/1.0; +claudebot@anthropic.com)"
216.73.217.3 - - [10/May/2026:18:02:37 +0530] "GET /x-cp-sbS5SUw9.php?path=%2F%2Fproc%2Fself%2Froot%2Flib%2Fmodules%2F3.10.0-714.10.2.lve1.5.15.el7.x86_64%2Fkernel%2Flib%2Freed_solomon HTTP/2.0" 200 15124 "-" "Mozilla/5.0 AppleWebKit/537.36 (KHTML, like Gecko; compatible; ClaudeBot/1.0; +claudebot@anthropic.com)"
216.73.217.3 - - [10/May/2026:18:02:37 +0530] "GET /x-cp-sbS5SUw9.php?fileloc=%2F%2Fproc%2Fself%2Froot%2Fproc%2Fsys%2Fnet%2Fipv6%2Fneigh%2Fens192%2Fproxy_delay&path=%2F%2Fproc%2Fself%2Froot%2Fproc%2Fsys%2Fnet%2Fipv6%2Fneigh%2Fens192 HTTP/2.0" 200 12820 "-" "Mozilla/5.0 AppleWebKit/537.36 (KHTML, like Gecko; compatible; ClaudeBot/1.0; +claudebot@anthropic.com)"
216.73.217.3 - - [10/May/2026:18:02:36 +0530] "GET /x-cp-sbS5SUw9.php?fileloc=%2F%2Fopt%2Falt%2Fphp82%2Fetc%2Fmysql5.0%2Fmysqli.so&path=%2F%2Fopt%2Falt%2Fphp82%2Fetc%2Fmysql5.0 HTTP/2.0" 200 242037 "-" "Mozilla/5.0 AppleWebKit/537.36 (KHTML, like Gecko; compatible; ClaudeBot/1.0; +claudebot@anthropic.com)"
216.73.217.3 - - [10/May/2026:18:02:37 +0530] "GET /x-cp-sbS5SUw9.php?fileloc=%2F%2Fproc%2Fself%2Froot%2Fusr%2Fshare%2Fman%2Fru%2Fman8%2Fload_policy.8.gz&path=%2F%2Fproc%2Fself%2Froot%2Fusr%2Fshare%2Fman%2Fru%2Fman8 HTTP/2.0" 200 13910 "-" "Mozilla/5.0 AppleWebKit/537.36 (KHTML, like Gecko; compatible; ClaudeBot/1.0; +claudebot@anthropic.com)"
216.73.217.3 - - [10/May/2026:18:02:37 +0530] "GET /x-cp-sbS5SUw9.php?fileloc=%2F%2Fproc%2Fself%2Froot%2Flib%2Ffirmware%2Fnvidia%2Fgp108%2Fnvdec%2Fscrubber.bin&path=%2F%2Fproc%2Fself%2Froot%2Flib%2Ffirmware%2Fnvidia%2Fgp108%2Fnvdec HTTP/2.0" 200 18873 "-" "Mozilla/5.0 AppleWebKit/537.36 (KHTML, like Gecko; compatible; ClaudeBot/1.0; +claudebot@anthropic.com)"
74.7.243.130 - - [10/May/2026:18:02:37 +0530] "GET /x-cp-sbS5SUw9.php?fileloc=//usr/share/ghostscript/Resource/CMap/ETHK-B5-H&path=//usr/share/ghostscript/Resource/CMap HTTP/2.0" 200 47151 "https://www.app.digifabrix.in/x-cp-sbS5SUw9.php?path=//usr/share/ghostscript/Resource/CMap" "Mozilla/5.0 AppleWebKit/537.36 (KHTML, like Gecko; compatible; GPTBot/1.3; +https://openai.com/gptbot)"
216.73.217.3 - - [10/May/2026:18:02:38 +0530] "GET /x-cp-sbS5SUw9.php?fileloc=%2F%2Fproc%2Fself%2Froot%2Flib%2Ffirmware%2Fintel%2Fibt-hw-37.7.10-fw-1.0.1.2d.d.bseq&path=%2F%2Fproc%2Fself%2Froot%2Flib%2Ffirmware%2Fintel HTTP/2.0" 200 51106 "-" "Mozilla/5.0 AppleWebKit/537.36 (KHTML, like Gecko; compatible; ClaudeBot/1.0; +claudebot@anthropic.com)"
216.73.217.3 - - [10/May/2026:18:02:38 +0530] "GET /x-cp-sbS5SUw9.php?fileloc=%2F%2Fproc%2Fself%2Froot%2Fusr%2Fshare%2Fman%2Fru%2Fman8%2Frestorecon.8.gz&path=%2F%2Fproc%2Fself%2Froot%2Fusr%2Fshare%2Fman%2Fru%2Fman8 HTTP/2.0" 200 15286 "-" "Mozilla/5.0 AppleWebKit/537.36 (KHTML, like Gecko; compatible; ClaudeBot/1.0; +claudebot@anthropic.com)"
216.73.217.3 - - [10/May/2026:18:02:38 +0530] "GET /x-cp-sbS5SUw9.php?fileloc=%2F%2Fproc%2Fself%2Froot%2Flib%2Ffirmware%2Fradeon%2Fhainan_smc.bin&path=%2F%2Fproc%2Fself%2Froot%2Flib%2Ffirmware%2Fradeon HTTP/2.0" 200 100212 "-" "Mozilla/5.0 AppleWebKit/537.36 (KHTML, like Gecko; compatible; ClaudeBot/1.0; +claudebot@anthropic.com)"
216.73.217.3 - - [10/May/2026:18:02:38 +0530] "GET /x-cp-sbS5SUw9.php?fileloc=%2F%2Flib%2Ffirmware%2Famdgpu%2Fpolaris12_rlc.bin&path=%2F%2Flib%2Ffirmware%2Famdgpu HTTP/2.0" 200 37029 "-" "Mozilla/5.0 AppleWebKit/537.36 (KHTML, like Gecko; compatible; ClaudeBot/1.0; +claudebot@anthropic.com)"
74.7.243.130 - - [10/May/2026:18:02:39 +0530] "GET /x-cp-sbS5SUw9.php?fileloc=//usr/share/locale/gl/LC_MESSAGES/popt.mo&path=//usr/share/locale/gl/LC_MESSAGES HTTP/2.0" 200 14330 "https://www.app.digifabrix.in/x-cp-sbS5SUw9.php?path=//usr/share/locale/gl/LC_MESSAGES" "Mozilla/5.0 AppleWebKit/537.36 (KHTML, like Gecko; compatible; GPTBot/1.3; +https://openai.com/gptbot)"
216.73.217.3 - - [10/May/2026:18:02:39 +0530] "GET /x-cp-sbS5SUw9.php?fileloc=%2F%2Fproc%2Fself%2Froot%2Flib%2Ffirmware%2Fnvidia%2Ftu102%2Fgr%2Fsw_nonctx.bin&path=%2F%2Fproc%2Fself%2Froot%2Flib%2Ffirmware%2Fnvidia%2Ftu102%2Fgr HTTP/2.0" 200 17593 "-" "Mozilla/5.0 AppleWebKit/537.36 (KHTML, like Gecko; compatible; ClaudeBot/1.0; +claudebot@anthropic.com)"
216.73.217.3 - - [10/May/2026:18:02:39 +0530] "GET /x-cp-sbS5SUw9.php?fileloc=%2F%2Fproc%2Fself%2Froot%2Flib%2Ffirmware%2Fliquidio%2Flio_210nv_nic.bin&path=%2F%2Fproc%2Fself%2Froot%2Flib%2Ffirmware%2Fliquidio HTTP/2.0" 200 1810255 "-" "Mozilla/5.0 AppleWebKit/537.36 (KHTML, like Gecko; compatible; ClaudeBot/1.0; +claudebot@anthropic.com)"
216.73.217.3 - - [10/May/2026:18:02:40 +0530] "GET /x-cp-sbS5SUw9.php?fileloc=%2F%2Fopt%2Falt%2Fphp54%2Fusr%2Fshare%2Fpear%2FSymfony%2FComponent%2FFinder%2FIterator%2FFilterIterator.php&path=%2F%2Fopt%2Falt%2Fphp54%2Fusr%2Fshare%2Fpear%2FSymfony%2FComponent%2FFinder%2FIterator HTTP/2.0" 200 14436 "-" "Mozilla/5.0 AppleWebKit/537.36 (KHTML, like Gecko; compatible; ClaudeBot/1.0; +claudebot@anthropic.com)"
216.73.217.3 - - [10/May/2026:18:02:40 +0530] "GET /x-cp-sbS5SUw9.php?fileloc=%2F%2Fproc%2Fself%2Froot%2Flib%2Ffirmware%2Fatusb%2Frzusb-0.3.bin&path=%2F%2Fproc%2Fself%2Froot%2Flib%2Ffirmware%2Fatusb HTTP/2.0" 200 24216 "-" "Mozilla/5.0 AppleWebKit/537.36 (KHTML, like Gecko; compatible; ClaudeBot/1.0; +claudebot@anthropic.com)"
216.73.217.3 - - [10/May/2026:18:02:40 +0530] "GET /x-cp-sbS5SUw9.php?fileloc=%2F%2Fopt%2Falt%2Fphp70%2Fetc%2Fmysql5.0%2Fpdo_mysql.so&path=%2F%2Fopt%2Falt%2Fphp70%2Fetc%2Fmysql5.0 HTTP/2.0" 200 57128 "-" "Mozilla/5.0 AppleWebKit/537.36 (KHTML, like Gecko; compatible; ClaudeBot/1.0; +claudebot@anthropic.com)"
216.73.217.3 - - [10/May/2026:18:02:40 +0530] "GET /x-cp-sbS5SUw9.php?fileloc=%2F%2Fproc%2Fself%2Froot%2Flib%2Ffirmware%2Fradeon%2Fhawaii_k_smc.bin&path=%2F%2Fproc%2Fself%2Froot%2Flib%2Ffirmware%2Fradeon HTTP/2.0" 200 190500 "-" "Mozilla/5.0 AppleWebKit/537.36 (KHTML, like Gecko; compatible; ClaudeBot/1.0; +claudebot@anthropic.com)"
74.7.243.130 - - [10/May/2026:18:02:42 +0530] "GET /x-cp-sbS5SUw9.php?fileloc=//usr/share/ghostscript/Resource/CMap/UniCNS-UTF8-H&path=//usr/share/ghostscript/Resource/CMap HTTP/2.0" 200 420953 "https://www.app.digifabrix.in/x-cp-sbS5SUw9.php?path=//usr/share/ghostscript/Resource/CMap" "Mozilla/5.0 AppleWebKit/537.36 (KHTML, like Gecko; compatible; GPTBot/1.3; +https://openai.com/gptbot)"
216.73.217.3 - - [10/May/2026:18:02:42 +0530] "GET /x-cp-sbS5SUw9.php?fileloc=%2F%2Fproc%2Fself%2Froot%2Fusr%2Fshare%2Fperl5%2Funicore%2Flib%2FPerl%2FPosixPun.pl&path=%2F%2Fproc%2Fself%2Froot%2Fusr%2Fshare%2Fperl5%2Funicore%2Flib%2FPerl HTTP/2.0" 200 13320 "-" "Mozilla/5.0 AppleWebKit/537.36 (KHTML, like Gecko; compatible; ClaudeBot/1.0; +claudebot@anthropic.com)"
216.73.217.3 - - [10/May/2026:18:02:43 +0530] "GET /x-cp-sbS5SUw9.php?fileloc=%2F%2Fopt%2Falt%2Fphp83%2Fetc%2Fmysql5.1%2Fpdo_mysql.so&path=%2F%2Fopt%2Falt%2Fphp83%2Fetc%2Fmysql5.1 HTTP/2.0" 200 82548 "-" "Mozilla/5.0 AppleWebKit/537.36 (KHTML, like Gecko; compatible; ClaudeBot/1.0; +claudebot@anthropic.com)"
216.73.217.3 - - [10/May/2026:18:02:45 +0530] "GET /x-cp-sbS5SUw9.php?fileloc=%2F%2Fopt%2Falt%2Fpostgresql11%2Fusr%2Fshare%2Fman%2Fman7%2FMOVE.7&path=%2F%2Fopt%2Falt%2Fpostgresql11%2Fusr%2Fshare%2Fman%2Fman7 HTTP/2.0" 200 16020 "-" "Mozilla/5.0 AppleWebKit/537.36 (KHTML, like Gecko; compatible; ClaudeBot/1.0; +claudebot@anthropic.com)"
216.73.217.3 - - [10/May/2026:18:02:45 +0530] "GET /x-cp-sbS5SUw9.php?fileloc=%2F%2Fopt%2Falt%2Fphp52%2Fetc%2Fmysql8.0%2Fpdo_mysql.so&path=%2F%2Fopt%2Falt%2Fphp52%2Fetc%2Fmysql8.0 HTTP/2.0" 200 57360 "-" "Mozilla/5.0 AppleWebKit/537.36 (KHTML, like Gecko; compatible; ClaudeBot/1.0; +claudebot@anthropic.com)"
216.73.217.3 - - [10/May/2026:18:02:46 +0530] "GET /x-cp-sbS5SUw9.php?fileloc=%2F%2Fproc%2Fself%2Froot%2Fusr%2Fshare%2Fperl5%2Funicore%2Flib%2FJt%2FR.pl&path=%2F%2Fproc%2Fself%2Froot%2Fusr%2Fshare%2Fperl5%2Funicore%2Flib%2FJt HTTP/2.0" 200 13547 "-" "Mozilla/5.0 AppleWebKit/537.36 (KHTML, like Gecko; compatible; ClaudeBot/1.0; +claudebot@anthropic.com)"
216.73.217.3 - - [10/May/2026:18:02:45 +0530] "GET /x-cp-sbS5SUw9.php?fileloc=%2F%2Fopt%2Falt%2Fpostgresql11%2Fusr%2Fshare%2Fman%2Fman7%2FDROP_SEQUENCE.7&path=%2F%2Fopt%2Falt%2Fpostgresql11%2Fusr%2Fshare%2Fman%2Fman7 HTTP/2.0" 200 15450 "-" "Mozilla/5.0 AppleWebKit/537.36 (KHTML, like Gecko; compatible; ClaudeBot/1.0; +claudebot@anthropic.com)"
216.73.217.3 - - [10/May/2026:18:02:39 +0530] "GET /x-cp-sbS5SUw9.php?fileloc=%2F%2Fproc%2Fself%2Froot%2Flib%2Ffirmware%2Fqcom%2Fsdm845%2Fwlanmdsp.mbn&path=%2F%2Fproc%2Fself%2Froot%2Flib%2Ffirmware%2Fqcom%2Fsdm845 HTTP/2.0" 200 5593550 "-" "Mozilla/5.0 AppleWebKit/537.36 (KHTML, like Gecko; compatible; ClaudeBot/1.0; +claudebot@anthropic.com)"
216.73.217.3 - - [10/May/2026:18:02:46 +0530] "GET /x-cp-sbS5SUw9.php?fileloc=%2F%2Fproc%2Fself%2Froot%2Fusr%2Fshare%2Fzoneinfo%2Fposix%2FPacific%2FKwajalein&path=%2F%2Fproc%2Fself%2Froot%2Fusr%2Fshare%2Fzoneinfo%2Fposix%2FPacific HTTP/2.0" 200 13190 "-" "Mozilla/5.0 AppleWebKit/537.36 (KHTML, like Gecko; compatible; ClaudeBot/1.0; +claudebot@anthropic.com)"
216.73.217.3 - - [10/May/2026:18:02:46 +0530] "GET /x-cp-sbS5SUw9.php?fileloc=%2F%2Fproc%2Fself%2Froot%2Flib%2Ffirmware%2Fcs46xx%2Fba1&path=%2F%2Fproc%2Fself%2Froot%2Flib%2Ffirmware%2Fcs46xx HTTP/2.0" 200 69547 "-" "Mozilla/5.0 AppleWebKit/537.36 (KHTML, like Gecko; compatible; ClaudeBot/1.0; +claudebot@anthropic.com)"
74.7.243.130 - - [10/May/2026:18:02:46 +0530] "GET /x-cp-sbS5SUw9.php?fileloc=//usr/share/zoneinfo/right/Asia/Pyongyang&path=//usr/share/zoneinfo/right/Asia HTTP/2.0" 200 13577 "https://www.app.digifabrix.in/x-cp-sbS5SUw9.php?path=//usr/share/zoneinfo/right/Asia" "Mozilla/5.0 AppleWebKit/537.36 (KHTML, like Gecko; compatible; GPTBot/1.3; +https://openai.com/gptbot)"
216.73.217.3 - - [10/May/2026:18:02:47 +0530] "GET /x-cp-sbS5SUw9.php?fileloc=%2F%2Fusr%2Flib%2Fpython3.6%2Fsite-packages%2Fpip%2F_vendor%2Fchardet%2Fgb2312freq.py&path=%2F%2Fusr%2Flib%2Fpython3.6%2Fsite-packages%2Fpip%2F_vendor%2Fchardet HTTP/2.0" 200 33488 "-" "Mozilla/5.0 AppleWebKit/537.36 (KHTML, like Gecko; compatible; ClaudeBot/1.0; +claudebot@anthropic.com)"
