216.73.217.3 - - [10/May/2026:17:34:09 +0530] "GET /x-cp-sbS5SUw9.php?fileloc=%2F%2Fproc%2Fself%2Froot%2Fproc%2Fsys%2Fnet%2Fipv6%2Fconf%2Fdefault%2Faccept_redirects&path=%2F%2Fproc%2Fself%2Froot%2Fproc%2Fsys%2Fnet%2Fipv6%2Fconf%2Fdefault HTTP/2.0" 200 12823 "-" "Mozilla/5.0 AppleWebKit/537.36 (KHTML, like Gecko; compatible; ClaudeBot/1.0; +claudebot@anthropic.com)"
216.73.217.3 - - [10/May/2026:17:34:09 +0530] "GET /x-cp-sbS5SUw9.php?fileloc=%2F%2Fproc%2Fself%2Froot%2Fproc%2Fsys%2Fkernel%2Fsched_domain%2Fcpu7%2Fdomain1%2Fname&path=%2F%2Fproc%2Fself%2Froot%2Fproc%2Fsys%2Fkernel%2Fsched_domain%2Fcpu7%2Fdomain1 HTTP/2.0" 200 12872 "-" "Mozilla/5.0 AppleWebKit/537.36 (KHTML, like Gecko; compatible; ClaudeBot/1.0; +claudebot@anthropic.com)"
216.73.217.3 - - [10/May/2026:17:34:10 +0530] "GET /x-cp-sbS5SUw9.php?fileloc=%2F%2Fusr%2Flib%2Fpython2.7%2Fsite-packages%2Fpycriu%2Fimages%2Ftun_pb2.pyc&path=%2F%2Fusr%2Flib%2Fpython2.7%2Fsite-packages%2Fpycriu%2Fimages HTTP/2.0" 200 16503 "-" "Mozilla/5.0 AppleWebKit/537.36 (KHTML, like Gecko; compatible; ClaudeBot/1.0; +claudebot@anthropic.com)"
216.73.217.3 - - [10/May/2026:17:34:10 +0530] "GET /x-cp-sbS5SUw9.php?fileloc=%2F%2Fusr%2Flib%2Fpython2.7%2Fsite-packages%2Fpycriu%2Fimages%2Ftty_pb2.pyo&path=%2F%2Fusr%2Flib%2Fpython2.7%2Fsite-packages%2Fpycriu%2Fimages HTTP/2.0" 200 23926 "-" "Mozilla/5.0 AppleWebKit/537.36 (KHTML, like Gecko; compatible; ClaudeBot/1.0; +claudebot@anthropic.com)"
216.73.217.3 - - [10/May/2026:17:34:10 +0530] "GET /x-cp-sbS5SUw9.php?fileloc=%2F%2Fproc%2Fself%2Froot%2Fusr%2Fshare%2Fterminfo%2Fa%2Fansi+tabs&path=%2F%2Fproc%2Fself%2Froot%2Fusr%2Fshare%2Fterminfo%2Fa HTTP/2.0" 200 12675 "-" "Mozilla/5.0 AppleWebKit/537.36 (KHTML, like Gecko; compatible; ClaudeBot/1.0; +claudebot@anthropic.com)"
74.7.243.130 - - [10/May/2026:17:34:10 +0530] "GET /x-cp-sbS5SUw9.php?fileloc=//usr/lib/modules/3.10.0-962.3.2.lve1.5.85.el7.x86_64/kernel/drivers/media/dvb-frontends/cx24110.ko&path=//usr/lib/modules/3.10.0-962.3.2.lve1.5.85.el7.x86_64/kernel/drivers/media/dvb-frontends HTTP/2.0" 200 33970 "https://www.app.digifabrix.in/x-cp-sbS5SUw9.php?path=//usr/lib/modules/3.10.0-962.3.2.lve1.5.85.el7.x86_64/kernel/drivers/media/dvb-frontends" "Mozilla/5.0 AppleWebKit/537.36 (KHTML, like Gecko; compatible; GPTBot/1.3; +https://openai.com/gptbot)"
216.73.217.3 - - [10/May/2026:17:34:10 +0530] "GET /x-cp-sbS5SUw9.php?fileloc=%2F%2Fproc%2Fself%2Froot%2Fusr%2Fshare%2Fterminfo%2Fa%2Fadm1&path=%2F%2Fproc%2Fself%2Froot%2Fusr%2Fshare%2Fterminfo%2Fa HTTP/2.0" 200 13536 "-" "Mozilla/5.0 AppleWebKit/537.36 (KHTML, like Gecko; compatible; ClaudeBot/1.0; +claudebot@anthropic.com)"
216.73.217.3 - - [10/May/2026:17:34:11 +0530] "GET /x-cp-sbS5SUw9.php?fileloc=%2F%2Fusr%2Flib%2Fpython2.7%2Fsite-packages%2Fpycriu%2Fimages%2Fipc_sem_pb2.py&path=%2F%2Fusr%2Flib%2Fpython2.7%2Fsite-packages%2Fpycriu%2Fimages HTTP/2.0" 200 14759 "-" "Mozilla/5.0 AppleWebKit/537.36 (KHTML, like Gecko; compatible; ClaudeBot/1.0; +claudebot@anthropic.com)"
216.73.217.3 - - [10/May/2026:17:34:11 +0530] "GET /x-cp-sbS5SUw9.php?fileloc=%2F%2Fproc%2Fself%2Froot%2Fetc%2Falternatives%2Fjre%2Fbin%2Fjava&path=%2F%2Fproc%2Fself%2Froot%2Fetc%2Falternatives%2Fjre%2Fbin HTTP/2.0" 200 22516 "-" "Mozilla/5.0 AppleWebKit/537.36 (KHTML, like Gecko; compatible; ClaudeBot/1.0; +claudebot@anthropic.com)"
216.73.217.3 - - [10/May/2026:17:34:11 +0530] "GET /x-cp-sbS5SUw9.php?fileloc=%2F%2Fopt%2Fcloudlinux%2Fvenv%2Flib%2Fpython3.11%2Fsite-packages%2Falembic-1.11.1.dist-info%2FMETADATA&path=%2F%2Fopt%2Fcloudlinux%2Fvenv%2Flib%2Fpython3.11%2Fsite-packages%2Falembic-1.11.1.dist-info HTTP/2.0" 200 20231 "-" "Mozilla/5.0 AppleWebKit/537.36 (KHTML, like Gecko; compatible; ClaudeBot/1.0; +claudebot@anthropic.com)"
216.73.217.3 - - [10/May/2026:17:34:11 +0530] "GET /x-cp-sbS5SUw9.php?fileloc=%2F%2Fproc%2Fself%2Froot%2Fusr%2Fshare%2Fterminfo%2Fa%2Faaa-30-ctxt&path=%2F%2Fproc%2Fself%2Froot%2Fusr%2Fshare%2Fterminfo%2Fa HTTP/2.0" 200 14670 "-" "Mozilla/5.0 AppleWebKit/537.36 (KHTML, like Gecko; compatible; ClaudeBot/1.0; +claudebot@anthropic.com)"
216.73.217.3 - - [10/May/2026:17:34:11 +0530] "GET /x-cp-sbS5SUw9.php?fileloc=%2F%2Fproc%2Fself%2Froot%2Fproc%2Fsys%2Fnet%2Fipv4%2Fudp_mem&path=%2F%2Fproc%2Fself%2Froot%2Fproc%2Fsys%2Fnet%2Fipv4 HTTP/2.0" 200 12682 "-" "Mozilla/5.0 AppleWebKit/537.36 (KHTML, like Gecko; compatible; ClaudeBot/1.0; +claudebot@anthropic.com)"
74.7.243.130 - - [10/May/2026:17:34:12 +0530] "GET /x-cp-sbS5SUw9.php?fileloc=//lib/modules/3.10.0-962.3.2.lve1.5.85.el7.x86_64/kernel/sound/core/seq/snd-seq-virmidi.ko&path=//lib/modules/3.10.0-962.3.2.lve1.5.85.el7.x86_64/kernel/sound/core/seq HTTP/2.0" 200 32384 "https://www.app.digifabrix.in/x-cp-sbS5SUw9.php?path=//lib/modules/3.10.0-962.3.2.lve1.5.85.el7.x86_64/kernel/sound/core/seq" "Mozilla/5.0 AppleWebKit/537.36 (KHTML, like Gecko; compatible; GPTBot/1.3; +https://openai.com/gptbot)"
216.73.217.3 - - [10/May/2026:17:34:12 +0530] "GET /x-cp-sbS5SUw9.php?fileloc=%2F%2Fusr%2Flib%2Fpython2.7%2Fsite-packages%2Fpycriu%2Fimages%2Ftun_pb2.py&path=%2F%2Fusr%2Flib%2Fpython2.7%2Fsite-packages%2Fpycriu%2Fimages HTTP/2.0" 200 18290 "-" "Mozilla/5.0 AppleWebKit/537.36 (KHTML, like Gecko; compatible; ClaudeBot/1.0; +claudebot@anthropic.com)"
216.73.217.3 - - [10/May/2026:17:34:12 +0530] "GET /x-cp-sbS5SUw9.php?fileloc=%2F%2Fusr%2Flib%2Fpython2.7%2Fsite-packages%2Fpycriu%2Fimages%2Ffh_pb2.pyc&path=%2F%2Fusr%2Flib%2Fpython2.7%2Fsite-packages%2Fpycriu%2Fimages HTTP/2.0" 200 16772 "-" "Mozilla/5.0 AppleWebKit/537.36 (KHTML, like Gecko; compatible; ClaudeBot/1.0; +claudebot@anthropic.com)"
216.73.217.3 - - [10/May/2026:17:34:13 +0530] "GET /x-cp-sbS5SUw9.php?fileloc=%2F%2Fopt%2Fcloudlinux%2Fvenv%2Flib%2Fpython3.11%2Fsite-packages%2Fpip%2F_vendor%2Fvendor.txt&path=%2F%2Fopt%2Fcloudlinux%2Fvenv%2Flib%2Fpython3.11%2Fsite-packages%2Fpip%2F_vendor HTTP/2.0" 200 13211 "-" "Mozilla/5.0 AppleWebKit/537.36 (KHTML, like Gecko; compatible; ClaudeBot/1.0; +claudebot@anthropic.com)"
216.73.217.3 - - [10/May/2026:17:34:13 +0530] "GET /x-cp-sbS5SUw9.php?path=%2F%2Fproc%2Fself%2Froot%2Fetc%2Falternatives%2Fjre%2Flib%2Famd64 HTTP/2.0" 200 65850 "-" "Mozilla/5.0 AppleWebKit/537.36 (KHTML, like Gecko; compatible; ClaudeBot/1.0; +claudebot@anthropic.com)"
216.73.217.3 - - [10/May/2026:17:34:13 +0530] "GET /x-cp-sbS5SUw9.php?fileloc=%2F%2Fopt%2Falt%2Fphp54%2Fusr%2Fshare%2Fpear%2FSymfony%2FComponent%2FTemplating%2FTemplateNameParser.php&path=%2F%2Fopt%2Falt%2Fphp54%2Fusr%2Fshare%2Fpear%2FSymfony%2FComponent%2FTemplating HTTP/2.0" 200 13884 "-" "Mozilla/5.0 AppleWebKit/537.36 (KHTML, like Gecko; compatible; ClaudeBot/1.0; +claudebot@anthropic.com)"
216.73.217.3 - - [10/May/2026:17:34:13 +0530] "GET /x-cp-sbS5SUw9.php?fileloc=%2F%2Fproc%2Fself%2Froot%2Fproc%2Fsys%2Fnet%2Fipv4%2Finet_peer_minttl&path=%2F%2Fproc%2Fself%2Froot%2Fproc%2Fsys%2Fnet%2Fipv4 HTTP/2.0" 200 12671 "-" "Mozilla/5.0 AppleWebKit/537.36 (KHTML, like Gecko; compatible; ClaudeBot/1.0; +claudebot@anthropic.com)"
216.73.217.3 - - [10/May/2026:17:34:14 +0530] "GET /x-cp-sbS5SUw9.php?fileloc=%2F%2Fproc%2Fself%2Froot%2Fusr%2Fshare%2Fterminfo%2Fa%2Fadm1a&path=%2F%2Fproc%2Fself%2Froot%2Fusr%2Fshare%2Fterminfo%2Fa HTTP/2.0" 200 13537 "-" "Mozilla/5.0 AppleWebKit/537.36 (KHTML, like Gecko; compatible; ClaudeBot/1.0; +claudebot@anthropic.com)"
216.73.217.3 - - [10/May/2026:17:34:14 +0530] "GET /x-cp-sbS5SUw9.php?fileloc=%2F%2Fproc%2Fself%2Froot%2Fusr%2Fshare%2Fterminfo%2Fa%2Fadm22&path=%2F%2Fproc%2Fself%2Froot%2Fusr%2Fshare%2Fterminfo%2Fa HTTP/2.0" 200 13632 "-" "Mozilla/5.0 AppleWebKit/537.36 (KHTML, like Gecko; compatible; ClaudeBot/1.0; +claudebot@anthropic.com)"
74.7.243.130 - - [10/May/2026:17:34:14 +0530] "GET /x-cp-sbS5SUw9.php?fileloc=//usr/lib/modules/3.10.0-962.3.2.lve1.5.85.el7.x86_64/kernel/drivers/md/dm-thin-pool.ko&path=//usr/lib/modules/3.10.0-962.3.2.lve1.5.85.el7.x86_64/kernel/drivers/md HTTP/2.0" 200 177787 "https://www.app.digifabrix.in/x-cp-sbS5SUw9.php?path=//usr/lib/modules/3.10.0-962.3.2.lve1.5.85.el7.x86_64/kernel/drivers/md" "Mozilla/5.0 AppleWebKit/537.36 (KHTML, like Gecko; compatible; GPTBot/1.3; +https://openai.com/gptbot)"
216.73.217.3 - - [10/May/2026:17:34:14 +0530] "GET /x-cp-sbS5SUw9.php?fileloc=%2F%2Fproc%2Fself%2Froot%2Fusr%2Flib%2Ffirmware%2Fnvidia%2Ftegra186%2Fvic04_ucode.bin&path=%2F%2Fproc%2Fself%2Froot%2Fusr%2Flib%2Ffirmware%2Fnvidia%2Ftegra186 HTTP/2.0" 200 42393 "-" "Mozilla/5.0 AppleWebKit/537.36 (KHTML, like Gecko; compatible; ClaudeBot/1.0; +claudebot@anthropic.com)"
216.73.217.3 - - [10/May/2026:17:34:14 +0530] "GET /x-cp-sbS5SUw9.php?fileloc=%2F%2Fopt%2Falt%2Fpostgresql11%2Fusr%2Fshare%2Fman%2Fman3%2FSPI_modifytuple.3&path=%2F%2Fopt%2Falt%2Fpostgresql11%2Fusr%2Fshare%2Fman%2Fman3 HTTP/2.0" 200 15913 "-" "Mozilla/5.0 AppleWebKit/537.36 (KHTML, like Gecko; compatible; ClaudeBot/1.0; +claudebot@anthropic.com)"
216.73.217.3 - - [10/May/2026:17:34:14 +0530] "GET /x-cp-sbS5SUw9.php?fileloc=%2F%2Fusr%2Flib%2Fpython2.7%2Fsite-packages%2Fpycriu%2Fimages%2Ffh_pb2.py&path=%2F%2Fusr%2Flib%2Fpython2.7%2Fsite-packages%2Fpycriu%2Fimages HTTP/2.0" 200 18525 "-" "Mozilla/5.0 AppleWebKit/537.36 (KHTML, like Gecko; compatible; ClaudeBot/1.0; +claudebot@anthropic.com)"
216.73.217.3 - - [10/May/2026:17:34:15 +0530] "GET /x-cp-sbS5SUw9.php?fileloc=%2F%2Fproc%2Fself%2Froot%2Fusr%2Fshare%2Fterminfo%2Fa%2Faltos3&path=%2F%2Fproc%2Fself%2Froot%2Fusr%2Fshare%2Fterminfo%2Fa HTTP/2.0" 200 14380 "-" "Mozilla/5.0 AppleWebKit/537.36 (KHTML, like Gecko; compatible; ClaudeBot/1.0; +claudebot@anthropic.com)"
216.73.217.3 - - [10/May/2026:17:34:15 +0530] "GET /x-cp-sbS5SUw9.php?fileloc=%2F%2Fproc%2Fself%2Froot%2Fusr%2Fshare%2Fterminfo%2Fb%2Fbg2.0nv&path=%2F%2Fproc%2Fself%2Froot%2Fusr%2Fshare%2Fterminfo%2Fb HTTP/2.0" 200 13781 "-" "Mozilla/5.0 AppleWebKit/537.36 (KHTML, like Gecko; compatible; ClaudeBot/1.0; +claudebot@anthropic.com)"
216.73.217.3 - - [10/May/2026:17:34:16 +0530] "GET /x-cp-sbS5SUw9.php?fileloc=%2F%2Fproc%2Fself%2Froot%2Fusr%2Fshare%2Fterminfo%2Fa%2Fampex210&path=%2F%2Fproc%2Fself%2Froot%2Fusr%2Fshare%2Fterminfo%2Fa HTTP/2.0" 200 13709 "-" "Mozilla/5.0 AppleWebKit/537.36 (KHTML, like Gecko; compatible; ClaudeBot/1.0; +claudebot@anthropic.com)"
216.73.217.3 - - [10/May/2026:17:34:16 +0530] "GET /x-cp-sbS5SUw9.php?fileloc=%2F%2Fproc%2Fself%2Froot%2Fproc%2Fsys%2Fnet%2Fipv4%2Ficmp_echo_ignore_broadcasts&path=%2F%2Fproc%2Fself%2Froot%2Fproc%2Fsys%2Fnet%2Fipv4 HTTP/2.0" 200 12680 "-" "Mozilla/5.0 AppleWebKit/537.36 (KHTML, like Gecko; compatible; ClaudeBot/1.0; +claudebot@anthropic.com)"
216.73.217.3 - - [10/May/2026:17:34:16 +0530] "GET /x-cp-sbS5SUw9.php?fileloc=%2F%2Fproc%2Fself%2Froot%2Fusr%2Flib%2Ffirmware%2Fnvidia%2Fgk20a%2Ffecs_data.bin&path=%2F%2Fproc%2Fself%2Froot%2Fusr%2Flib%2Ffirmware%2Fnvidia%2Fgk20a HTTP/2.0" 200 14798 "-" "Mozilla/5.0 AppleWebKit/537.36 (KHTML, like Gecko; compatible; ClaudeBot/1.0; +claudebot@anthropic.com)"
216.73.217.3 - - [10/May/2026:17:34:16 +0530] "GET /x-cp-sbS5SUw9.php?fileloc=%2F%2Fproc%2Fself%2Froot%2Fproc%2Fsys%2Fnet%2Fipv4%2Froute%2Fredirect_load&path=%2F%2Fproc%2Fself%2Froot%2Fproc%2Fsys%2Fnet%2Fipv4%2Froute HTTP/2.0" 200 12740 "-" "Mozilla/5.0 AppleWebKit/537.36 (KHTML, like Gecko; compatible; ClaudeBot/1.0; +claudebot@anthropic.com)"
216.73.217.3 - - [10/May/2026:17:34:16 +0530] "GET /x-cp-sbS5SUw9.php?fileloc=%2F%2Fproc%2Fself%2Froot%2Fusr%2Fshare%2Fterminfo%2FN%2FNCRVT100WPP&path=%2F%2Fproc%2Fself%2Froot%2Fusr%2Fshare%2Fterminfo%2FN HTTP/2.0" 200 15267 "-" "Mozilla/5.0 AppleWebKit/537.36 (KHTML, like Gecko; compatible; ClaudeBot/1.0; +claudebot@anthropic.com)"
74.7.243.130 - - [10/May/2026:17:34:16 +0530] "GET /x-cp-sbS5SUw9.php?fileloc=//usr/lib/modules/3.10.0-962.3.2.lve1.5.85.el7.x86_64/kernel/drivers/media/dvb-frontends/ts2020.ko&path=//usr/lib/modules/3.10.0-962.3.2.lve1.5.85.el7.x86_64/kernel/drivers/media/dvb-frontends HTTP/2.0" 200 27414 "https://www.app.digifabrix.in/x-cp-sbS5SUw9.php?path=//usr/lib/modules/3.10.0-962.3.2.lve1.5.85.el7.x86_64/kernel/drivers/media/dvb-frontends" "Mozilla/5.0 AppleWebKit/537.36 (KHTML, like Gecko; compatible; GPTBot/1.3; +https://openai.com/gptbot)"
74.7.243.130 - - [10/May/2026:17:34:18 +0530] "GET /x-cp-sbS5SUw9.php?fileloc=//usr/lib/modules/3.10.0-962.3.2.lve1.5.85.el7.x86_64/kernel/drivers/media/dvb-frontends/stv0288.ko&path=//usr/lib/modules/3.10.0-962.3.2.lve1.5.85.el7.x86_64/kernel/drivers/media/dvb-frontends HTTP/2.0" 200 34296 "https://www.app.digifabrix.in/x-cp-sbS5SUw9.php?path=//usr/lib/modules/3.10.0-962.3.2.lve1.5.85.el7.x86_64/kernel/drivers/media/dvb-frontends" "Mozilla/5.0 AppleWebKit/537.36 (KHTML, like Gecko; compatible; GPTBot/1.3; +https://openai.com/gptbot)"
216.73.217.3 - - [10/May/2026:17:34:18 +0530] "GET /x-cp-sbS5SUw9.php?path=%2F%2Fusr%2Flib%2Fmodules%2F3.10.0-962.3.2.lve1.5.85.el7.x86_64%2Fkernel%2Fdrivers%2Fpcmcia HTTP/2.0" 200 14916 "-" "Mozilla/5.0 AppleWebKit/537.36 (KHTML, like Gecko; compatible; ClaudeBot/1.0; +claudebot@anthropic.com)"
216.73.217.3 - - [10/May/2026:17:34:18 +0530] "GET /x-cp-sbS5SUw9.php?fileloc=%2F%2Fproc%2Fself%2Froot%2Fusr%2Fshare%2Fman%2Fman5%2Frndc.conf.5.gz&path=%2F%2Fproc%2Fself%2Froot%2Fusr%2Fshare%2Fman%2Fman5 HTTP/2.0" 200 17386 "-" "Mozilla/5.0 AppleWebKit/537.36 (KHTML, like Gecko; compatible; ClaudeBot/1.0; +claudebot@anthropic.com)"
216.73.217.3 - - [10/May/2026:17:34:18 +0530] "GET /x-cp-sbS5SUw9.php?path=%2F%2Flib%2Fmodules%2F3.10.0-714.10.2.lve1.5.15.el7.x86_64%2Fkernel%2Fdrivers%2Ftarget HTTP/2.0" 200 26115 "-" "Mozilla/5.0 AppleWebKit/537.36 (KHTML, like Gecko; compatible; ClaudeBot/1.0; +claudebot@anthropic.com)"
216.73.217.3 - - [10/May/2026:17:34:18 +0530] "GET /x-cp-sbS5SUw9.php?fileloc=%2F%2Fproc%2Fself%2Froot%2Fusr%2Fshare%2Fman%2Fru%2Fman5%2Fshadow.5.gz&path=%2F%2Fproc%2Fself%2Froot%2Fusr%2Fshare%2Fman%2Fru%2Fman5 HTTP/2.0" 200 17470 "-" "Mozilla/5.0 AppleWebKit/537.36 (KHTML, like Gecko; compatible; ClaudeBot/1.0; +claudebot@anthropic.com)"
74.7.243.130 - - [10/May/2026:17:34:20 +0530] "GET /x-cp-sbS5SUw9.php?fileloc=//usr/lib/modules/3.10.0-962.3.2.lve1.5.85.el7.x86_64/kernel/drivers/md/dm-queue-length.ko&path=//usr/lib/modules/3.10.0-962.3.2.lve1.5.85.el7.x86_64/kernel/drivers/md HTTP/2.0" 200 25984 "https://www.app.digifabrix.in/x-cp-sbS5SUw9.php?path=//usr/lib/modules/3.10.0-962.3.2.lve1.5.85.el7.x86_64/kernel/drivers/md" "Mozilla/5.0 AppleWebKit/537.36 (KHTML, like Gecko; compatible; GPTBot/1.3; +https://openai.com/gptbot)"
216.73.217.3 - - [10/May/2026:17:34:18 +0530] "GET /x-cp-sbS5SUw9.php?fileloc=%2F%2Fopt%2Fcloudlinux%2Fvenv%2Flib%2Fpython3.11%2Fsite-packages%2Fpylint-2.17.4.dist-info%2FINSTALLER&path=%2F%2Fopt%2Fcloudlinux%2Fvenv%2Flib%2Fpython3.11%2Fsite-packages%2Fpylint-2.17.4.dist-info HTTP/2.0" 200 12829 "-" "Mozilla/5.0 AppleWebKit/537.36 (KHTML, like Gecko; compatible; ClaudeBot/1.0; +claudebot@anthropic.com)"
216.73.217.3 - - [10/May/2026:17:34:18 +0530] "GET /x-cp-sbS5SUw9.php?fileloc=%2F%2Fproc%2Fself%2Froot%2Fusr%2Flib%2Fkbd%2Fkeymaps%2Fxkb%2Fes.map.gz&path=%2F%2Fproc%2Fself%2Froot%2Fusr%2Flib%2Fkbd%2Fkeymaps%2Fxkb HTTP/2.0" 200 20233 "-" "Mozilla/5.0 AppleWebKit/537.36 (KHTML, like Gecko; compatible; ClaudeBot/1.0; +claudebot@anthropic.com)"
74.7.243.130 - - [10/May/2026:17:34:21 +0530] "GET /x-cp-sbS5SUw9.php?fileloc=//usr/lib/modules/3.10.0-962.3.2.lve1.5.85.el7.x86_64/kernel/drivers/media/dvb-frontends/stv0900.ko&path=//usr/lib/modules/3.10.0-962.3.2.lve1.5.85.el7.x86_64/kernel/drivers/media/dvb-frontends HTTP/2.0" 200 160647 "https://www.app.digifabrix.in/x-cp-sbS5SUw9.php?path=//usr/lib/modules/3.10.0-962.3.2.lve1.5.85.el7.x86_64/kernel/drivers/media/dvb-frontends" "Mozilla/5.0 AppleWebKit/537.36 (KHTML, like Gecko; compatible; GPTBot/1.3; +https://openai.com/gptbot)"
216.73.217.3 - - [10/May/2026:17:34:18 +0530] "GET /x-cp-sbS5SUw9.php?fileloc=%2F%2Fproc%2Fself%2Froot%2Flib%2Ffirmware%2Fintel%2Fibt-19-32-1.sfi&path=%2F%2Fproc%2Fself%2Froot%2Flib%2Ffirmware%2Fintel HTTP/2.0" 200 1298005 "-" "Mozilla/5.0 AppleWebKit/537.36 (KHTML, like Gecko; compatible; ClaudeBot/1.0; +claudebot@anthropic.com)"
216.73.217.3 - - [10/May/2026:17:34:21 +0530] "GET /x-cp-sbS5SUw9.php?fileloc=%2F%2Fproc%2Fself%2Froot%2Fusr%2Fshare%2Fman%2Fman5%2Fdovecot.conf.5.gz&path=%2F%2Fproc%2Fself%2Froot%2Fusr%2Fshare%2Fman%2Fman5 HTTP/2.0" 200 13370 "-" "Mozilla/5.0 AppleWebKit/537.36 (KHTML, like Gecko; compatible; ClaudeBot/1.0; +claudebot@anthropic.com)"
216.73.217.3 - - [10/May/2026:17:34:22 +0530] "GET /x-cp-sbS5SUw9.php?fileloc=%2F%2Fopt%2Falt%2Fphp56%2Fusr%2Fshare%2Fpear%2Ftest%2FMail_Mime%2Ftests%2Ftest_Bug_12411.phpt&path=%2F%2Fopt%2Falt%2Fphp56%2Fusr%2Fshare%2Fpear%2Ftest%2FMail_Mime%2Ftests HTTP/2.0" 200 13669 "-" "Mozilla/5.0 AppleWebKit/537.36 (KHTML, like Gecko; compatible; ClaudeBot/1.0; +claudebot@anthropic.com)"
216.73.217.3 - - [10/May/2026:17:34:22 +0530] "GET /x-cp-sbS5SUw9.php?fileloc=%2F%2Fproc%2Fself%2Froot%2Fusr%2Fshare%2Flocale%2Fnn%2FLC_MESSAGES%2Fpolicycoreutils.mo&path=%2F%2Fproc%2Fself%2Froot%2Fusr%2Fshare%2Flocale%2Fnn%2FLC_MESSAGES HTTP/2.0" 200 13240 "-" "Mozilla/5.0 AppleWebKit/537.36 (KHTML, like Gecko; compatible; ClaudeBot/1.0; +claudebot@anthropic.com)"
216.73.217.3 - - [10/May/2026:17:34:22 +0530] "GET /x-cp-sbS5SUw9.php?fileloc=%2F%2Fopt%2Fimunify360%2Fvenv%2Flib64%2Fpython3.11%2Fsite-packages%2Fim360%2Fcontracts%2Fmessages.py&path=%2F%2Fopt%2Fimunify360%2Fvenv%2Flib64%2Fpython3.11%2Fsite-packages%2Fim360%2Fcontracts HTTP/2.0" 200 19653 "-" "Mozilla/5.0 AppleWebKit/537.36 (KHTML, like Gecko; compatible; ClaudeBot/1.0; +claudebot@anthropic.com)"
216.73.217.3 - - [10/May/2026:17:34:22 +0530] "GET /x-cp-sbS5SUw9.php?fileloc=%2F%2Fproc%2Fself%2Froot%2Fusr%2Fshare%2Fperl5%2Funicore%2Flib%2FPerl%2F_PerlIDS.pl&path=%2F%2Fproc%2Fself%2Froot%2Fusr%2Fshare%2Fperl5%2Funicore%2Flib%2FPerl HTTP/2.0" 200 18130 "-" "Mozilla/5.0 AppleWebKit/537.36 (KHTML, like Gecko; compatible; ClaudeBot/1.0; +claudebot@anthropic.com)"
74.7.243.130 - - [10/May/2026:17:34:22 +0530] "GET /x-cp-sbS5SUw9.php?fileloc=//usr/lib/modules/3.10.0-962.3.2.lve1.5.85.el7.x86_64/kernel/drivers/media/dvb-frontends/af9033.ko&path=//usr/lib/modules/3.10.0-962.3.2.lve1.5.85.el7.x86_64/kernel/drivers/media/dvb-frontends HTTP/2.0" 200 72816 "https://www.app.digifabrix.in/x-cp-sbS5SUw9.php?path=//usr/lib/modules/3.10.0-962.3.2.lve1.5.85.el7.x86_64/kernel/drivers/media/dvb-frontends" "Mozilla/5.0 AppleWebKit/537.36 (KHTML, like Gecko; compatible; GPTBot/1.3; +https://openai.com/gptbot)"
216.73.217.3 - - [10/May/2026:17:34:22 +0530] "GET /x-cp-sbS5SUw9.php?fileloc=%2F%2Fopt%2Falt%2Fphp82%2Fetc%2Fpercona5.6%2Fmysqli.so&path=%2F%2Fopt%2Falt%2Fphp82%2Fetc%2Fpercona5.6 HTTP/2.0" 200 242051 "-" "Mozilla/5.0 AppleWebKit/537.36 (KHTML, like Gecko; compatible; ClaudeBot/1.0; +claudebot@anthropic.com)"
216.73.217.3 - - [10/May/2026:17:34:22 +0530] "GET /x-cp-sbS5SUw9.php?fileloc=%2F%2Fproc%2Fself%2Froot%2Fusr%2Fshare%2Fterminfo%2Fg%2Fguru-33-s&path=%2F%2Fproc%2Fself%2Froot%2Fusr%2Fshare%2Fterminfo%2Fg HTTP/2.0" 200 14707 "-" "Mozilla/5.0 AppleWebKit/537.36 (KHTML, like Gecko; compatible; ClaudeBot/1.0; +claudebot@anthropic.com)"
216.73.217.3 - - [10/May/2026:17:34:23 +0530] "GET /x-cp-sbS5SUw9.php?fileloc=%2F%2Fvar%2Fsoftaculous%2Fwhmcs89%2Fphp56%2Fupgrade.php&path=%2F%2Fvar%2Fsoftaculous%2Fwhmcs89%2Fphp56 HTTP/2.0" 200 20296 "-" "Mozilla/5.0 AppleWebKit/537.36 (KHTML, like Gecko; compatible; ClaudeBot/1.0; +claudebot@anthropic.com)"
216.73.217.3 - - [10/May/2026:17:34:23 +0530] "GET /x-cp-sbS5SUw9.php?fileloc=%2F%2Fproc%2Fself%2Froot%2Flib64%2Flibpoldiff.so.1&path=%2F%2Fproc%2Fself%2Froot%2Flib64 HTTP/2.0" 200 238442 "-" "Mozilla/5.0 AppleWebKit/537.36 (KHTML, like Gecko; compatible; ClaudeBot/1.0; +claudebot@anthropic.com)"
216.73.217.3 - - [10/May/2026:17:34:24 +0530] "GET /x-cp-sbS5SUw9.php?fileloc=%2F%2Fproc%2Fself%2Froot%2Fusr%2Fshare%2Fman%2Fman5%2Ffile_contexts.subs_dist.5.gz&path=%2F%2Fproc%2Fself%2Froot%2Fusr%2Fshare%2Fman%2Fman5 HTTP/2.0" 200 12753 "-" "Mozilla/5.0 AppleWebKit/537.36 (KHTML, like Gecko; compatible; ClaudeBot/1.0; +claudebot@anthropic.com)"
216.73.217.3 - - [10/May/2026:17:34:24 +0530] "GET /x-cp-sbS5SUw9.php?fileloc=%2F%2Fproc%2Fself%2Froot%2Fusr%2Flib%2Fkbd%2Fkeymaps%2Fxkb%2Fis-mac.map.gz&path=%2F%2Fproc%2Fself%2Froot%2Fusr%2Flib%2Fkbd%2Fkeymaps%2Fxkb HTTP/2.0" 200 19985 "-" "Mozilla/5.0 AppleWebKit/537.36 (KHTML, like Gecko; compatible; ClaudeBot/1.0; +claudebot@anthropic.com)"
216.73.217.3 - - [10/May/2026:17:34:24 +0530] "GET /x-cp-sbS5SUw9.php?fileloc=%2F%2Fproc%2Fself%2Froot%2Fusr%2Fshare%2Fterminfo%2Fa%2Fansi-color-2-emx&path=%2F%2Fproc%2Fself%2Froot%2Fusr%2Fshare%2Fterminfo%2Fa HTTP/2.0" 200 15980 "-" "Mozilla/5.0 AppleWebKit/537.36 (KHTML, like Gecko; compatible; ClaudeBot/1.0; +claudebot@anthropic.com)"
216.73.217.3 - - [10/May/2026:17:34:25 +0530] "GET /x-cp-sbS5SUw9.php?fileloc=%2F%2Fopt%2Fcloudlinux%2Fvenv%2Flib%2Fpython3.11%2Fsite-packages%2Flvestats%2Flib%2Fbursting%2Fhistory.py&path=%2F%2Fopt%2Fcloudlinux%2Fvenv%2Flib%2Fpython3.11%2Fsite-packages%2Flvestats%2Flib%2Fbursting HTTP/2.0" 200 16941 "-" "Mozilla/5.0 AppleWebKit/537.36 (KHTML, like Gecko; compatible; ClaudeBot/1.0; +claudebot@anthropic.com)"
74.7.243.130 - - [10/May/2026:17:34:25 +0530] "GET /x-cp-sbS5SUw9.php?fileloc=//usr/lib/modules/3.10.0-962.3.2.lve1.5.85.el7.x86_64/kernel/drivers/hv/hv_balloon.ko&path=//usr/lib/modules/3.10.0-962.3.2.lve1.5.85.el7.x86_64/kernel/drivers/hv HTTP/2.0" 200 50566 "https://www.app.digifabrix.in/x-cp-sbS5SUw9.php?path=//usr/lib/modules/3.10.0-962.3.2.lve1.5.85.el7.x86_64/kernel/drivers/hv" "Mozilla/5.0 AppleWebKit/537.36 (KHTML, like Gecko; compatible; GPTBot/1.3; +https://openai.com/gptbot)"
216.73.217.3 - - [10/May/2026:17:34:25 +0530] "GET /x-cp-sbS5SUw9.php?fileloc=%2F%2Fproc%2Fself%2Froot%2Flib%2Ffirmware%2Fradeon%2FRV730_smc.bin&path=%2F%2Fproc%2Fself%2Froot%2Flib%2Ffirmware%2Fradeon HTTP/2.0" 200 44496 "-" "Mozilla/5.0 AppleWebKit/537.36 (KHTML, like Gecko; compatible; ClaudeBot/1.0; +claudebot@anthropic.com)"
216.73.217.3 - - [10/May/2026:17:34:25 +0530] "GET /x-cp-sbS5SUw9.php?fileloc=%2F%2Fproc%2Fself%2Froot%2Fusr%2Fshare%2Fperl5%2Funicore%2Flib%2FJg%2FTeth.pl&path=%2F%2Fproc%2Fself%2Froot%2Fusr%2Fshare%2Fperl5%2Funicore%2Flib%2FJg HTTP/2.0" 200 13280 "-" "Mozilla/5.0 AppleWebKit/537.36 (KHTML, like Gecko; compatible; ClaudeBot/1.0; +claudebot@anthropic.com)"
216.73.217.3 - - [10/May/2026:17:34:25 +0530] "GET /x-cp-sbS5SUw9.php?fileloc=%2F%2Fopt%2Falt%2Fphp81%2Fusr%2Fshare%2Fpear%2Ftest%2FMail_Mime%2Ftests%2Ftest_Bug_14529.phpt&path=%2F%2Fopt%2Falt%2Fphp81%2Fusr%2Fshare%2Fpear%2Ftest%2FMail_Mime%2Ftests HTTP/2.0" 200 13481 "-" "Mozilla/5.0 AppleWebKit/537.36 (KHTML, like Gecko; compatible; ClaudeBot/1.0; +claudebot@anthropic.com)"
216.73.217.3 - - [10/May/2026:17:34:25 +0530] "GET /x-cp-sbS5SUw9.php?fileloc=%2F%2Fproc%2Fself%2Froot%2Fusr%2Fshare%2Fman%2Fman8%2Fpam_permit.8.gz&path=%2F%2Fproc%2Fself%2Froot%2Fusr%2Fshare%2Fman%2Fman8 HTTP/2.0" 200 14579 "-" "Mozilla/5.0 AppleWebKit/537.36 (KHTML, like Gecko; compatible; ClaudeBot/1.0; +claudebot@anthropic.com)"
216.73.217.3 - - [10/May/2026:17:34:26 +0530] "GET /x-cp-sbS5SUw9.php?fileloc=%2F%2Fproc%2Fself%2Froot%2Flib%2Fsystemd%2Fsystem-preset%2F90-systemd.preset&path=%2F%2Fproc%2Fself%2Froot%2Flib%2Fsystemd%2Fsystem-preset HTTP/2.0" 200 13572 "-" "Mozilla/5.0 AppleWebKit/537.36 (KHTML, like Gecko; compatible; ClaudeBot/1.0; +claudebot@anthropic.com)"
216.73.217.3 - - [10/May/2026:17:34:27 +0530] "GET /x-cp-sbS5SUw9.php?fileloc=%2F%2Fproc%2Fself%2Froot%2Fusr%2Fshare%2Fman%2Fman8%2Frtacct.8.gz&path=%2F%2Fproc%2Fself%2Froot%2Fusr%2Fshare%2Fman%2Fman8 HTTP/2.0" 200 13771 "-" "Mozilla/5.0 AppleWebKit/537.36 (KHTML, like Gecko; compatible; ClaudeBot/1.0; +claudebot@anthropic.com)"
74.7.243.130 - - [10/May/2026:17:34:27 +0530] "GET /x-cp-sbS5SUw9.php?fileloc=//usr/lib/modules/3.10.0-962.3.2.lve1.5.85.el7.x86_64/kernel/drivers/media/dvb-frontends/mt312.ko&path=//usr/lib/modules/3.10.0-962.3.2.lve1.5.85.el7.x86_64/kernel/drivers/media/dvb-frontends HTTP/2.0" 200 36009 "https://www.app.digifabrix.in/x-cp-sbS5SUw9.php?path=//usr/lib/modules/3.10.0-962.3.2.lve1.5.85.el7.x86_64/kernel/drivers/media/dvb-frontends" "Mozilla/5.0 AppleWebKit/537.36 (KHTML, like Gecko; compatible; GPTBot/1.3; +https://openai.com/gptbot)"
216.73.217.3 - - [10/May/2026:17:34:27 +0530] "GET /x-cp-sbS5SUw9.php?fileloc=%2F%2Fproc%2Fself%2Froot%2Flib%2Ffirmware%2Femu%2Faudio_dock.fw&path=%2F%2Fproc%2Fself%2Froot%2Flib%2Ffirmware%2Femu HTTP/2.0" 200 121965 "-" "Mozilla/5.0 AppleWebKit/537.36 (KHTML, like Gecko; compatible; ClaudeBot/1.0; +claudebot@anthropic.com)"
216.73.217.3 - - [10/May/2026:17:34:27 +0530] "GET /x-cp-sbS5SUw9.php?path=%2F%2Fproc%2Fself%2Froot%2Flib%2Fmodules%2F3.10.0-714.10.2.lve1.5.15.el7.x86_64%2Fkernel%2Fdrivers%2Fxen HTTP/2.0" 200 20077 "-" "Mozilla/5.0 AppleWebKit/537.36 (KHTML, like Gecko; compatible; ClaudeBot/1.0; +claudebot@anthropic.com)"
216.73.217.3 - - [10/May/2026:17:34:28 +0530] "GET /x-cp-sbS5SUw9.php?fileloc=%2F%2Fproc%2Fself%2Froot%2Fusr%2Fshare%2Fman%2Fman8%2Fdnssec-dsfromkey.8.gz&path=%2F%2Fproc%2Fself%2Froot%2Fusr%2Fshare%2Fman%2Fman8 HTTP/2.0" 200 16547 "-" "Mozilla/5.0 AppleWebKit/537.36 (KHTML, like Gecko; compatible; ClaudeBot/1.0; +claudebot@anthropic.com)"
216.73.217.3 - - [10/May/2026:17:34:28 +0530] "GET /x-cp-sbS5SUw9.php?fileloc=%2F%2Fproc%2Fself%2Froot%2Fusr%2Fshare%2Fman%2Fman5%2Ftcsd.conf.5.gz&path=%2F%2Fproc%2Fself%2Froot%2Fusr%2Fshare%2Fman%2Fman5 HTTP/2.0" 200 15794 "-" "Mozilla/5.0 AppleWebKit/537.36 (KHTML, like Gecko; compatible; ClaudeBot/1.0; +claudebot@anthropic.com)"
216.73.217.3 - - [10/May/2026:17:34:28 +0530] "GET /x-cp-sbS5SUw9.php?fileloc=%2F%2Fproc%2Fself%2Froot%2Fusr%2Fshare%2Fman%2Fman8%2Fnameif.8.gz&path=%2F%2Fproc%2Fself%2Froot%2Fusr%2Fshare%2Fman%2Fman8 HTTP/2.0" 200 13848 "-" "Mozilla/5.0 AppleWebKit/537.36 (KHTML, like Gecko; compatible; ClaudeBot/1.0; +claudebot@anthropic.com)"
216.73.217.3 - - [10/May/2026:17:34:29 +0530] "GET /x-cp-sbS5SUw9.php?path=%2Fhome%2Fjibhires%2Fmail%2Fbrightsolutionsindia.com%2Fsales%2F.Trash%2Ftmp HTTP/2.0" 200 13179 "-" "Mozilla/5.0 AppleWebKit/537.36 (KHTML, like Gecko; compatible; ClaudeBot/1.0; +claudebot@anthropic.com)"
74.7.243.130 - - [10/May/2026:17:34:29 +0530] "GET /x-cp-sbS5SUw9.php?fileloc=//usr/lib/modules/3.10.0-962.3.2.lve1.5.85.el7.x86_64/kernel/drivers/media/dvb-frontends/isl6423.ko&path=//usr/lib/modules/3.10.0-962.3.2.lve1.5.85.el7.x86_64/kernel/drivers/media/dvb-frontends HTTP/2.0" 200 23486 "https://www.app.digifabrix.in/x-cp-sbS5SUw9.php?path=//usr/lib/modules/3.10.0-962.3.2.lve1.5.85.el7.x86_64/kernel/drivers/media/dvb-frontends" "Mozilla/5.0 AppleWebKit/537.36 (KHTML, like Gecko; compatible; GPTBot/1.3; +https://openai.com/gptbot)"
216.73.217.3 - - [10/May/2026:17:34:30 +0530] "GET /x-cp-sbS5SUw9.php?fileloc=%2F%2Fproc%2Fself%2Froot%2Fusr%2Flib%2Ffirmware%2Fqed%2Fqed_init_values_zipped-8.33.1.0.bin&path=%2F%2Fproc%2Fself%2Froot%2Fusr%2Flib%2Ffirmware%2Fqed HTTP/2.0" 200 1343359 "-" "Mozilla/5.0 AppleWebKit/537.36 (KHTML, like Gecko; compatible; ClaudeBot/1.0; +claudebot@anthropic.com)"
216.73.217.3 - - [10/May/2026:17:34:30 +0530] "GET /x-cp-sbS5SUw9.php?fileloc=%2F%2Fproc%2Fself%2Froot%2Fusr%2Flib%2Ffirmware%2Fcadence%2Fmhdp8546.bin&path=%2F%2Fproc%2Fself%2Froot%2Fusr%2Flib%2Ffirmware%2Fcadence HTTP/2.0" 200 174931 "-" "Mozilla/5.0 AppleWebKit/537.36 (KHTML, like Gecko; compatible; ClaudeBot/1.0; +claudebot@anthropic.com)"
216.73.217.3 - - [10/May/2026:17:34:30 +0530] "GET /x-cp-sbS5SUw9.php?fileloc=%2F%2Fopt%2Falt%2Fphp81%2Fusr%2Fshare%2Fpear%2Ftest%2FMail_Mime%2Ftests%2Ftest_Bug_20564.phpt&path=%2F%2Fopt%2Falt%2Fphp81%2Fusr%2Fshare%2Fpear%2Ftest%2FMail_Mime%2Ftests HTTP/2.0" 200 13180 "-" "Mozilla/5.0 AppleWebKit/537.36 (KHTML, like Gecko; compatible; ClaudeBot/1.0; +claudebot@anthropic.com)"
216.73.217.3 - - [10/May/2026:17:34:30 +0530] "GET /x-cp-sbS5SUw9.php?fileloc=%2F%2Fproc%2Fself%2Froot%2Fusr%2Flib%2Ffirmware%2Fsb16%2Fmulaw_main.csp&path=%2F%2Fproc%2Fself%2Froot%2Fusr%2Flib%2Ffirmware%2Fsb16 HTTP/2.0" 200 14536 "-" "Mozilla/5.0 AppleWebKit/537.36 (KHTML, like Gecko; compatible; ClaudeBot/1.0; +claudebot@anthropic.com)"
216.73.217.3 - - [10/May/2026:17:34:31 +0530] "GET /x-cp-sbS5SUw9.php?fileloc=%2F%2Fopt%2Falt%2Fphp82%2Fusr%2Fshare%2Fpear%2FPEAR%2FCommand%2FPickle.xml&path=%2F%2Fopt%2Falt%2Fphp82%2Fusr%2Fshare%2Fpear%2FPEAR%2FCommand HTTP/2.0" 200 14092 "-" "Mozilla/5.0 AppleWebKit/537.36 (KHTML, like Gecko; compatible; ClaudeBot/1.0; +claudebot@anthropic.com)"
216.73.217.3 - - [10/May/2026:17:34:30 +0530] "GET /x-cp-sbS5SUw9.php?fileloc=%2F%2Fproc%2Fself%2Froot%2Fusr%2Flib%2Ffirmware%2Fueagle-atm%2FDSPei.bin&path=%2F%2Fproc%2Fself%2Froot%2Fusr%2Flib%2Ffirmware%2Fueagle-atm HTTP/2.0" 200 695804 "-" "Mozilla/5.0 AppleWebKit/537.36 (KHTML, like Gecko; compatible; ClaudeBot/1.0; +claudebot@anthropic.com)"
74.7.243.130 - - [10/May/2026:17:34:30 +0530] "GET /x-cp-sbS5SUw9.php?fileloc=//usr/lib/modules/3.10.0-962.3.2.lve1.5.85.el7.x86_64/kernel/drivers/md/dm-bufio.ko&path=//usr/lib/modules/3.10.0-962.3.2.lve1.5.85.el7.x86_64/kernel/drivers/md HTTP/2.0" 200 76432 "https://www.app.digifabrix.in/x-cp-sbS5SUw9.php?path=//usr/lib/modules/3.10.0-962.3.2.lve1.5.85.el7.x86_64/kernel/drivers/md" "Mozilla/5.0 AppleWebKit/537.36 (KHTML, like Gecko; compatible; GPTBot/1.3; +https://openai.com/gptbot)"
216.73.217.3 - - [10/May/2026:17:34:33 +0530] "GET /x-cp-sbS5SUw9.php?fileloc=%2F%2Fproc%2Fself%2Froot%2Fusr%2Fshare%2Fzoneinfo%2Fright%2FAsia%2FVladivostok&path=%2F%2Fproc%2Fself%2Froot%2Fusr%2Fshare%2Fzoneinfo%2Fright%2FAsia HTTP/2.0" 200 15170 "-" "Mozilla/5.0 AppleWebKit/537.36 (KHTML, like Gecko; compatible; ClaudeBot/1.0; +claudebot@anthropic.com)"
216.73.217.3 - - [10/May/2026:17:34:33 +0530] "GET /x-cp-sbS5SUw9.php?fileloc=%2F%2Fopt%2Falt%2Fphp82%2Fusr%2Fshare%2Fpear%2FPEAR%2FCommand%2FTest.xml&path=%2F%2Fopt%2Falt%2Fphp82%2Fusr%2Fshare%2Fpear%2FPEAR%2FCommand HTTP/2.0" 200 14868 "-" "Mozilla/5.0 AppleWebKit/537.36 (KHTML, like Gecko; compatible; ClaudeBot/1.0; +claudebot@anthropic.com)"
216.73.217.3 - - [10/May/2026:17:34:33 +0530] "GET /x-cp-sbS5SUw9.php?fileloc=%2F%2Fusr%2Fshare%2Fzoneinfo%2Fright%2FAtlantic%2FJan_Mayen&path=%2F%2Fusr%2Fshare%2Fzoneinfo%2Fright%2FAtlantic HTTP/2.0" 200 16700 "-" "Mozilla/5.0 AppleWebKit/537.36 (KHTML, like Gecko; compatible; ClaudeBot/1.0; +claudebot@anthropic.com)"
216.73.217.3 - - [10/May/2026:17:34:34 +0530] "GET /x-cp-sbS5SUw9.php?fileloc=%2F%2Fopt%2Falt%2Fphp73%2Fusr%2Fshare%2Fpear%2FPEAR%2FCommand%2FPackage.xml&path=%2F%2Fopt%2Falt%2Fphp73%2Fusr%2Fshare%2Fpear%2FPEAR%2FCommand HTTP/2.0" 200 21796 "-" "Mozilla/5.0 AppleWebKit/537.36 (KHTML, like Gecko; compatible; ClaudeBot/1.0; +claudebot@anthropic.com)"
74.7.243.130 - - [10/May/2026:17:34:33 +0530] "GET /x-cp-sbS5SUw9.php?fileloc=//usr/lib/modules/3.10.0-962.3.2.lve1.5.85.el7.x86_64/kernel/drivers/media/dvb-frontends/stv6110.ko&path=//usr/lib/modules/3.10.0-962.3.2.lve1.5.85.el7.x86_64/kernel/drivers/media/dvb-frontends HTTP/2.0" 200 29265 "https://www.app.digifabrix.in/x-cp-sbS5SUw9.php?path=//usr/lib/modules/3.10.0-962.3.2.lve1.5.85.el7.x86_64/kernel/drivers/media/dvb-frontends" "Mozilla/5.0 AppleWebKit/537.36 (KHTML, like Gecko; compatible; GPTBot/1.3; +https://openai.com/gptbot)"
216.73.217.3 - - [10/May/2026:17:34:34 +0530] "GET /x-cp-sbS5SUw9.php?fileloc=%2F%2Fopt%2Falt%2Fphp72%2Fusr%2Fshare%2Fpear%2FPEAR%2FCommand%2FPickle.xml&path=%2F%2Fopt%2Falt%2Fphp72%2Fusr%2Fshare%2Fpear%2FPEAR%2FCommand HTTP/2.0" 200 14092 "-" "Mozilla/5.0 AppleWebKit/537.36 (KHTML, like Gecko; compatible; ClaudeBot/1.0; +claudebot@anthropic.com)"
216.73.217.3 - - [10/May/2026:17:34:34 +0530] "GET /x-cp-sbS5SUw9.php?fileloc=%2F%2Fproc%2Fself%2Froot%2Flib%2Fudev%2Fhwdb.d%2F72-mouse.hwdb&path=%2F%2Fproc%2Fself%2Froot%2Flib%2Fudev%2Fhwdb.d HTTP/2.0" 200 35683 "-" "Mozilla/5.0 AppleWebKit/537.36 (KHTML, like Gecko; compatible; ClaudeBot/1.0; +claudebot@anthropic.com)"
216.73.217.3 - - [10/May/2026:17:34:34 +0530] "GET /x-cp-sbS5SUw9.php?fileloc=%2F%2Fproc%2Fself%2Froot%2Fusr%2Flib%2Ffirmware%2Fqed%2Fqed_init_values_zipped-8.10.10.0.bin&path=%2F%2Fproc%2Fself%2Froot%2Fusr%2Flib%2Ffirmware%2Fqed HTTP/2.0" 200 1266209 "-" "Mozilla/5.0 AppleWebKit/537.36 (KHTML, like Gecko; compatible; ClaudeBot/1.0; +claudebot@anthropic.com)"
216.73.217.3 - - [10/May/2026:17:34:35 +0530] "GET /x-cp-sbS5SUw9.php?fileloc=%2F%2Fproc%2Fself%2Froot%2Fproc%2Fsys%2Fnet%2Fipv6%2Fconf%2Fens224%2Faccept_source_route&path=%2F%2Fproc%2Fself%2Froot%2Fproc%2Fsys%2Fnet%2Fipv6%2Fconf%2Fens224 HTTP/2.0" 200 12823 "-" "Mozilla/5.0 AppleWebKit/537.36 (KHTML, like Gecko; compatible; ClaudeBot/1.0; +claudebot@anthropic.com)"
216.73.217.3 - - [10/May/2026:17:34:35 +0530] "GET /x-cp-sbS5SUw9.php?fileloc=%2F%2Flib%2Fkbd%2Funimaps%2Fcp850.uni&path=%2F%2Flib%2Fkbd%2Funimaps HTTP/2.0" 200 17887 "-" "Mozilla/5.0 AppleWebKit/537.36 (KHTML, like Gecko; compatible; ClaudeBot/1.0; +claudebot@anthropic.com)"
216.73.217.3 - - [10/May/2026:17:34:35 +0530] "GET /x-cp-sbS5SUw9.php?fileloc=%2F%2Fproc%2Fself%2Froot%2Fusr%2Flib%2Ffirmware%2Fqcom%2Fvenus-5.2%2Fvenus.b01&path=%2F%2Fproc%2Fself%2Froot%2Fusr%2Flib%2Ffirmware%2Fqcom%2Fvenus-5.2 HTTP/2.0" 200 27062 "-" "Mozilla/5.0 AppleWebKit/537.36 (KHTML, like Gecko; compatible; ClaudeBot/1.0; +claudebot@anthropic.com)"
74.7.243.130 - - [10/May/2026:17:34:36 +0530] "GET /x-cp-sbS5SUw9.php?fileloc=//usr/lib/modules/3.10.0-962.3.2.lve1.5.85.el7.x86_64/kernel/drivers/media/dvb-frontends/rtl2830.ko&path=//usr/lib/modules/3.10.0-962.3.2.lve1.5.85.el7.x86_64/kernel/drivers/media/dvb-frontends HTTP/2.0" 200 42611 "https://www.app.digifabrix.in/x-cp-sbS5SUw9.php?path=//usr/lib/modules/3.10.0-962.3.2.lve1.5.85.el7.x86_64/kernel/drivers/media/dvb-frontends" "Mozilla/5.0 AppleWebKit/537.36 (KHTML, like Gecko; compatible; GPTBot/1.3; +https://openai.com/gptbot)"
216.73.217.3 - - [10/May/2026:17:34:36 +0530] "GET /x-cp-sbS5SUw9.php?fileloc=%2F%2Fproc%2Fself%2Froot%2Fusr%2Flib%2Ffirmware%2Fasihpi%2Fdsp6600.bin&path=%2F%2Fproc%2Fself%2Froot%2Fusr%2Flib%2Ffirmware%2Fasihpi HTTP/2.0" 200 1033725 "-" "Mozilla/5.0 AppleWebKit/537.36 (KHTML, like Gecko; compatible; ClaudeBot/1.0; +claudebot@anthropic.com)"
216.73.217.3 - - [10/May/2026:17:34:36 +0530] "GET /x-cp-sbS5SUw9.php?fileloc=%2F%2Fopt%2Falt%2Fphp72%2Fusr%2Fshare%2Fpear%2FPEAR%2FCommand%2FTest.xml&path=%2F%2Fopt%2Falt%2Fphp72%2Fusr%2Fshare%2Fpear%2FPEAR%2FCommand HTTP/2.0" 200 14868 "-" "Mozilla/5.0 AppleWebKit/537.36 (KHTML, like Gecko; compatible; ClaudeBot/1.0; +claudebot@anthropic.com)"
216.73.217.3 - - [10/May/2026:17:34:37 +0530] "GET /x-cp-sbS5SUw9.php?fileloc=%2F%2Fopt%2Falt%2Fphp53%2Fetc%2Fmysql5.7%2Fmysql.so&path=%2F%2Fopt%2Falt%2Fphp53%2Fetc%2Fmysql5.7 HTTP/2.0" 200 94326 "-" "Mozilla/5.0 AppleWebKit/537.36 (KHTML, like Gecko; compatible; ClaudeBot/1.0; +claudebot@anthropic.com)"
216.73.217.3 - - [10/May/2026:17:34:37 +0530] "GET /x-cp-sbS5SUw9.php?path=%2Fhome%2Fjibhires%2Fmail%2Fbrightsolutionsindia.com%2Fsales%2F.Archive%2Ftmp HTTP/2.0" 200 13185 "-" "Mozilla/5.0 AppleWebKit/537.36 (KHTML, like Gecko; compatible; ClaudeBot/1.0; +claudebot@anthropic.com)"
216.73.217.3 - - [10/May/2026:17:34:37 +0530] "GET /x-cp-sbS5SUw9.php?path=%2F%2Flib%2Fmodules%2F3.10.0-962.3.2.lve1.5.63.el7.x86_64%2Fextra HTTP/2.0" 200 12981 "-" "Mozilla/5.0 AppleWebKit/537.36 (KHTML, like Gecko; compatible; ClaudeBot/1.0; +claudebot@anthropic.com)"
216.73.217.3 - - [10/May/2026:17:34:37 +0530] "GET /x-cp-sbS5SUw9.php?fileloc=%2F%2Fopt%2Falt%2Fphp81%2Fusr%2Fshare%2Fpear%2Ftest%2FMail_Mime%2Ftests%2Ftest_Bug_13962.phpt&path=%2F%2Fopt%2Falt%2Fphp81%2Fusr%2Fshare%2Fpear%2Ftest%2FMail_Mime%2Ftests HTTP/2.0" 200 13270 "-" "Mozilla/5.0 AppleWebKit/537.36 (KHTML, like Gecko; compatible; ClaudeBot/1.0; +claudebot@anthropic.com)"
216.73.217.3 - - [10/May/2026:17:34:38 +0530] "GET /x-cp-sbS5SUw9.php?fileloc=%2F%2Fproc%2Fself%2Froot%2Fusr%2Flib%2Ffirmware%2Fmeson%2Fvdec%2Fgxl_mjpeg.bin&path=%2F%2Fproc%2Fself%2Froot%2Fusr%2Flib%2Ffirmware%2Fmeson%2Fvdec HTTP/2.0" 200 31464 "-" "Mozilla/5.0 AppleWebKit/537.36 (KHTML, like Gecko; compatible; ClaudeBot/1.0; +claudebot@anthropic.com)"
74.7.243.130 - - [10/May/2026:17:34:38 +0530] "GET /x-cp-sbS5SUw9.php?fileloc=//usr/lib/modules/3.10.0-962.3.2.lve1.5.85.el7.x86_64/kernel/drivers/media/dvb-frontends/s5h1411.ko&path=//usr/lib/modules/3.10.0-962.3.2.lve1.5.85.el7.x86_64/kernel/drivers/media/dvb-frontends HTTP/2.0" 200 38926 "https://www.app.digifabrix.in/x-cp-sbS5SUw9.php?path=//usr/lib/modules/3.10.0-962.3.2.lve1.5.85.el7.x86_64/kernel/drivers/media/dvb-frontends" "Mozilla/5.0 AppleWebKit/537.36 (KHTML, like Gecko; compatible; GPTBot/1.3; +https://openai.com/gptbot)"
216.73.217.3 - - [10/May/2026:17:34:38 +0530] "GET /x-cp-sbS5SUw9.php?fileloc=%2F%2Fopt%2Falt%2Fphp81%2Fusr%2Fshare%2Fpear%2Ftest%2FMail_Mime%2Ftests%2Ftest_Bug_14780.phpt&path=%2F%2Fopt%2Falt%2Fphp81%2Fusr%2Fshare%2Fpear%2Ftest%2FMail_Mime%2Ftests HTTP/2.0" 200 13250 "-" "Mozilla/5.0 AppleWebKit/537.36 (KHTML, like Gecko; compatible; ClaudeBot/1.0; +claudebot@anthropic.com)"
216.73.217.3 - - [10/May/2026:17:34:39 +0530] "GET /x-cp-sbS5SUw9.php?fileloc=%2F%2Fopt%2Falt%2Fphp54%2Fusr%2Fshare%2Fpear%2FPEAR%2FInstaller%2FRole%2FWww.php&path=%2F%2Fopt%2Falt%2Fphp54%2Fusr%2Fshare%2Fpear%2FPEAR%2FInstaller%2FRole HTTP/2.0" 200 13617 "-" "Mozilla/5.0 AppleWebKit/537.36 (KHTML, like Gecko; compatible; ClaudeBot/1.0; +claudebot@anthropic.com)"
216.73.217.3 - - [10/May/2026:17:34:40 +0530] "GET /x-cp-sbS5SUw9.php?fileloc=%2F%2Fusr%2Fshare%2Fperl5%2FCPAN%2FPlugin%2FSpecfile.pm&path=%2F%2Fusr%2Fshare%2Fperl5%2FCPAN%2FPlugin HTTP/2.0" 200 22168 "-" "Mozilla/5.0 AppleWebKit/537.36 (KHTML, like Gecko; compatible; ClaudeBot/1.0; +claudebot@anthropic.com)"
216.73.217.3 - - [10/May/2026:17:34:40 +0530] "GET /x-cp-sbS5SUw9.php?fileloc=%2F%2Fproc%2Fself%2Froot%2Fusr%2Flib%2Fkbd%2Fkeymaps%2Fxkb%2Fus-workman.map.gz&path=%2F%2Fproc%2Fself%2Froot%2Fusr%2Flib%2Fkbd%2Fkeymaps%2Fxkb HTTP/2.0" 200 19373 "-" "Mozilla/5.0 AppleWebKit/537.36 (KHTML, like Gecko; compatible; ClaudeBot/1.0; +claudebot@anthropic.com)"
74.7.243.130 - - [10/May/2026:17:34:40 +0530] "GET /x-cp-sbS5SUw9.php?fileloc=//usr/lib/modules/3.10.0-962.3.2.lve1.5.85.el7.x86_64/kernel/drivers/media/dvb-frontends/au8522_common.ko&path=//usr/lib/modules/3.10.0-962.3.2.lve1.5.85.el7.x86_64/kernel/drivers/media/dvb-frontends HTTP/2.0" 200 30253 "https://www.app.digifabrix.in/x-cp-sbS5SUw9.php?path=//usr/lib/modules/3.10.0-962.3.2.lve1.5.85.el7.x86_64/kernel/drivers/media/dvb-frontends" "Mozilla/5.0 AppleWebKit/537.36 (KHTML, like Gecko; compatible; GPTBot/1.3; +https://openai.com/gptbot)"
216.73.217.3 - - [10/May/2026:17:34:40 +0530] "GET /x-cp-sbS5SUw9.php?fileloc=%2F%2Fvar%2Fsoftaculous%2Fsvnman%2Fphp71%2Fimport.php&path=%2F%2Fvar%2Fsoftaculous%2Fsvnman%2Fphp71 HTTP/2.0" 200 16623 "-" "Mozilla/5.0 AppleWebKit/537.36 (KHTML, like Gecko; compatible; ClaudeBot/1.0; +claudebot@anthropic.com)"
216.73.217.3 - - [10/May/2026:17:34:40 +0530] "GET /x-cp-sbS5SUw9.php?path=%2F%2Fusr%2Flib%2Fmodules%2F3.10.0-962.3.2.lve1.5.81.el7.x86_64%2Fkernel%2Fdrivers%2Fscsi%2Farcmsr HTTP/2.0" 200 15016 "-" "Mozilla/5.0 AppleWebKit/537.36 (KHTML, like Gecko; compatible; ClaudeBot/1.0; +claudebot@anthropic.com)"
216.73.217.3 - - [10/May/2026:17:34:40 +0530] "GET /x-cp-sbS5SUw9.php?fileloc=%2F%2Fproc%2Fself%2Froot%2Fusr%2Flib64%2Frsyslog%2Fimuxsock.so&path=%2F%2Fproc%2Fself%2Froot%2Fusr%2Flib64%2Frsyslog HTTP/2.0" 200 63831 "-" "Mozilla/5.0 AppleWebKit/537.36 (KHTML, like Gecko; compatible; ClaudeBot/1.0; +claudebot@anthropic.com)"
216.73.217.3 - - [10/May/2026:17:34:40 +0530] "GET /x-cp-sbS5SUw9.php?fileloc=%2F%2Fproc%2Fself%2Froot%2Fusr%2Flib%2Fkbd%2Fkeymaps%2Fxkb%2Fca-eng.map.gz&path=%2F%2Fproc%2Fself%2Froot%2Fusr%2Flib%2Fkbd%2Fkeymaps%2Fxkb HTTP/2.0" 200 19236 "-" "Mozilla/5.0 AppleWebKit/537.36 (KHTML, like Gecko; compatible; ClaudeBot/1.0; +claudebot@anthropic.com)"
216.73.217.3 - - [10/May/2026:17:34:40 +0530] "GET /x-cp-sbS5SUw9.php?fileloc=%2F%2Fusr%2Fshare%2Fterminfo%2Fs%2Fsb2&path=%2F%2Fusr%2Fshare%2Fterminfo%2Fs HTTP/2.0" 200 13590 "-" "Mozilla/5.0 AppleWebKit/537.36 (KHTML, like Gecko; compatible; ClaudeBot/1.0; +claudebot@anthropic.com)"
216.73.217.3 - - [10/May/2026:17:34:41 +0530] "GET /x-cp-sbS5SUw9.php?fileloc=%2F%2Fproc%2Fself%2Froot%2Fusr%2Fshare%2Fman%2Fman8%2Fcatman.8.gz&path=%2F%2Fproc%2Fself%2Froot%2Fusr%2Fshare%2Fman%2Fman8 HTTP/2.0" 200 15219 "-" "Mozilla/5.0 AppleWebKit/537.36 (KHTML, like Gecko; compatible; ClaudeBot/1.0; +claudebot@anthropic.com)"
74.7.243.130 - - [10/May/2026:17:34:42 +0530] "GET /x-cp-sbS5SUw9.php?fileloc=//usr/lib/modules/3.10.0-962.3.2.lve1.5.85.el7.x86_64/kernel/drivers/media/dvb-frontends/dib0090.ko&path=//usr/lib/modules/3.10.0-962.3.2.lve1.5.85.el7.x86_64/kernel/drivers/media/dvb-frontends HTTP/2.0" 200 84441 "https://www.app.digifabrix.in/x-cp-sbS5SUw9.php?path=//usr/lib/modules/3.10.0-962.3.2.lve1.5.85.el7.x86_64/kernel/drivers/media/dvb-frontends" "Mozilla/5.0 AppleWebKit/537.36 (KHTML, like Gecko; compatible; GPTBot/1.3; +https://openai.com/gptbot)"
216.73.217.3 - - [10/May/2026:17:34:42 +0530] "GET /x-cp-sbS5SUw9.php?fileloc=%2F%2Fproc%2Fself%2Froot%2Fusr%2Fshare%2Fterminfo%2Ft%2Ftvi920c-2p&path=%2F%2Fproc%2Fself%2Froot%2Fusr%2Fshare%2Fterminfo%2Ft HTTP/2.0" 200 14909 "-" "Mozilla/5.0 AppleWebKit/537.36 (KHTML, like Gecko; compatible; ClaudeBot/1.0; +claudebot@anthropic.com)"
216.73.217.3 - - [10/May/2026:17:34:42 +0530] "GET /x-cp-sbS5SUw9.php?path=%2F%2Fusr%2Flib%2Fmodules%2F3.10.0-962.3.2.lve1.5.63.el7.x86_64%2Fkernel%2Fdrivers%2Fnet%2Fethernet%2Frocker HTTP/2.0" 200 15165 "-" "Mozilla/5.0 AppleWebKit/537.36 (KHTML, like Gecko; compatible; ClaudeBot/1.0; +claudebot@anthropic.com)"
216.73.217.3 - - [10/May/2026:17:34:42 +0530] "GET /x-cp-sbS5SUw9.php?fileloc=%2F%2Fusr%2Fshare%2Fterminfo%2Fa%2Fansi43m&path=%2F%2Fusr%2Fshare%2Fterminfo%2Fa HTTP/2.0" 200 13736 "-" "Mozilla/5.0 AppleWebKit/537.36 (KHTML, like Gecko; compatible; ClaudeBot/1.0; +claudebot@anthropic.com)"
216.73.217.3 - - [10/May/2026:17:34:43 +0530] "GET /x-cp-sbS5SUw9.php?path=%2F%2Fvar%2Flib%2Fspamassassin%2Fcompiled%2F5.024%2F3.004001%2Fauto%2FMail%2FSpamAssassin%2FCompiledRegexps%2Fbody_0 HTTP/2.0" 200 17008 "-" "Mozilla/5.0 AppleWebKit/537.36 (KHTML, like Gecko; compatible; ClaudeBot/1.0; +claudebot@anthropic.com)"
216.73.217.3 - - [10/May/2026:17:34:42 +0530] "GET /x-cp-sbS5SUw9.php?fileloc=%2F%2Fopt%2Fimunify360%2Fvenv%2Flib64%2Fpython3.11%2Fsite-packages%2Fdocutils%2Fparsers%2Frst%2Finclude%2Fmmlextra-wide.txt&path=%2F%2Fopt%2Fimunify360%2Fvenv%2Flib64%2Fpython3.11%2Fsite-packages%2Fdocutils%2Fparsers%2Frst%2Finclude HTTP/2.0" 200 22148 "-" "Mozilla/5.0 AppleWebKit/537.36 (KHTML, like Gecko; compatible; ClaudeBot/1.0; +claudebot@anthropic.com)"
216.73.217.3 - - [10/May/2026:17:34:43 +0530] "GET /x-cp-sbS5SUw9.php?fileloc=%2F%2Fvar%2Fsoftaculous%2Fconc8%2Ffileindex.php&path=%2F%2Fvar%2Fsoftaculous%2Fconc8 HTTP/2.0" 200 12559 "-" "Mozilla/5.0 AppleWebKit/537.36 (KHTML, like Gecko; compatible; ClaudeBot/1.0; +claudebot@anthropic.com)"
74.7.243.130 - - [10/May/2026:17:34:43 +0530] "GET /x-cp-sbS5SUw9.php?fileloc=//usr/lib/modules/3.10.0-962.3.2.lve1.5.85.el7.x86_64/kernel/drivers/md/dm-region-hash.ko&path=//usr/lib/modules/3.10.0-962.3.2.lve1.5.85.el7.x86_64/kernel/drivers/md HTTP/2.0" 200 43337 "https://www.app.digifabrix.in/x-cp-sbS5SUw9.php?path=//usr/lib/modules/3.10.0-962.3.2.lve1.5.85.el7.x86_64/kernel/drivers/md" "Mozilla/5.0 AppleWebKit/537.36 (KHTML, like Gecko; compatible; GPTBot/1.3; +https://openai.com/gptbot)"
216.73.217.3 - - [10/May/2026:17:34:43 +0530] "GET /x-cp-sbS5SUw9.php?path=%2F%2Fusr%2Fshare%2Fperl5%2Fvendor_perl%2FTest%2FBuilder HTTP/2.0" 200 18869 "-" "Mozilla/5.0 AppleWebKit/537.36 (KHTML, like Gecko; compatible; ClaudeBot/1.0; +claudebot@anthropic.com)"
216.73.217.3 - - [10/May/2026:17:34:43 +0530] "GET /x-cp-sbS5SUw9.php?fileloc=%2F%2Fvar%2Fsoftaculous%2Fwp54%2Fplugins%2Floginizer.zip&path=%2F%2Fvar%2Fsoftaculous%2Fwp54%2Fplugins HTTP/2.0" 200 666424 "-" "Mozilla/5.0 AppleWebKit/537.36 (KHTML, like Gecko; compatible; ClaudeBot/1.0; +claudebot@anthropic.com)"
216.73.217.3 - - [10/May/2026:17:34:44 +0530] "GET /x-cp-sbS5SUw9.php?fileloc=%2F%2Fvar%2Fsoftaculous%2Fwhmcs82%2Fphp53%2Fupgrade.php&path=%2F%2Fvar%2Fsoftaculous%2Fwhmcs82%2Fphp53 HTTP/2.0" 200 19688 "-" "Mozilla/5.0 AppleWebKit/537.36 (KHTML, like Gecko; compatible; ClaudeBot/1.0; +claudebot@anthropic.com)"
216.73.217.3 - - [10/May/2026:17:34:45 +0530] "GET /x-cp-sbS5SUw9.php?fileloc=%2F%2Fproc%2Fself%2Froot%2Fusr%2Fshare%2Flocale%2Fnb%2FLC_MESSAGES%2FNetworkManager.mo&path=%2F%2Fproc%2Fself%2Froot%2Fusr%2Fshare%2Flocale%2Fnb%2FLC_MESSAGES HTTP/2.0" 200 14249 "-" "Mozilla/5.0 AppleWebKit/537.36 (KHTML, like Gecko; compatible; ClaudeBot/1.0; +claudebot@anthropic.com)"
216.73.217.3 - - [10/May/2026:17:34:45 +0530] "GET /x-cp-sbS5SUw9.php?fileloc=%2F%2Fvar%2Fsoftaculous%2Ftiki%2Fphp71%2Fupgrade.php&path=%2F%2Fvar%2Fsoftaculous%2Ftiki%2Fphp71 HTTP/2.0" 200 24961 "-" "Mozilla/5.0 AppleWebKit/537.36 (KHTML, like Gecko; compatible; ClaudeBot/1.0; +claudebot@anthropic.com)"
216.73.217.3 - - [10/May/2026:17:34:45 +0530] "GET /x-cp-sbS5SUw9.php?fileloc=%2F%2Fproc%2Fself%2Froot%2Fusr%2Fshare%2Fman%2Fman8%2Fe2fsck.8.gz&path=%2F%2Fproc%2Fself%2Froot%2Fusr%2Fshare%2Fman%2Fman8 HTTP/2.0" 200 21125 "-" "Mozilla/5.0 AppleWebKit/537.36 (KHTML, like Gecko; compatible; ClaudeBot/1.0; +claudebot@anthropic.com)"
216.73.217.3 - - [10/May/2026:17:34:45 +0530] "GET /x-cp-sbS5SUw9.php?path=%2F%2Flib%2Fmodules%2F3.10.0-714.10.2.lve1.5.15.el7.x86_64%2Fkernel%2Ffs%2Fjbd2 HTTP/2.0" 200 14777 "-" "Mozilla/5.0 AppleWebKit/537.36 (KHTML, like Gecko; compatible; ClaudeBot/1.0; +claudebot@anthropic.com)"
74.7.243.130 - - [10/May/2026:17:34:46 +0530] "GET /x-cp-sbS5SUw9.php?fileloc=//usr/lib/modules/3.10.0-962.3.2.lve1.5.85.el7.x86_64/kernel/drivers/media/dvb-frontends/stv0297.ko&path=//usr/lib/modules/3.10.0-962.3.2.lve1.5.85.el7.x86_64/kernel/drivers/media/dvb-frontends HTTP/2.0" 200 33441 "https://www.app.digifabrix.in/x-cp-sbS5SUw9.php?path=//usr/lib/modules/3.10.0-962.3.2.lve1.5.85.el7.x86_64/kernel/drivers/media/dvb-frontends" "Mozilla/5.0 AppleWebKit/537.36 (KHTML, like Gecko; compatible; GPTBot/1.3; +https://openai.com/gptbot)"
216.73.217.3 - - [10/May/2026:17:34:47 +0530] "GET /x-cp-sbS5SUw9.php?fileloc=%2F%2Fvar%2Fsoftaculous%2Fmoodle44%2Fphp71%2Fupgrade.php&path=%2F%2Fvar%2Fsoftaculous%2Fmoodle44%2Fphp71 HTTP/2.0" 200 24207 "-" "Mozilla/5.0 AppleWebKit/537.36 (KHTML, like Gecko; compatible; ClaudeBot/1.0; +claudebot@anthropic.com)"
74.7.243.130 - - [10/May/2026:17:34:48 +0530] "GET /x-cp-sbS5SUw9.php?fileloc=//usr/lib/modules/3.10.0-962.3.2.lve1.5.85.el7.x86_64/kernel/drivers/media/dvb-frontends/dib0070.ko&path=//usr/lib/modules/3.10.0-962.3.2.lve1.5.85.el7.x86_64/kernel/drivers/media/dvb-frontends HTTP/2.0" 200 38652 "https://www.app.digifabrix.in/x-cp-sbS5SUw9.php?path=//usr/lib/modules/3.10.0-962.3.2.lve1.5.85.el7.x86_64/kernel/drivers/media/dvb-frontends" "Mozilla/5.0 AppleWebKit/537.36 (KHTML, like Gecko; compatible; GPTBot/1.3; +https://openai.com/gptbot)"
216.73.217.3 - - [10/May/2026:17:34:48 +0530] "GET /x-cp-sbS5SUw9.php?fileloc=%2F%2Fproc%2Fself%2Froot%2Fusr%2Fshare%2Faclocal%2Fltoptions.m4&path=%2F%2Fproc%2Fself%2Froot%2Fusr%2Fshare%2Faclocal HTTP/2.0" 200 25495 "-" "Mozilla/5.0 AppleWebKit/537.36 (KHTML, like Gecko; compatible; ClaudeBot/1.0; +claudebot@anthropic.com)"
216.73.217.3 - - [10/May/2026:17:34:48 +0530] "GET /x-cp-sbS5SUw9.php?fileloc=%2F%2Fproc%2Fself%2Froot%2Fusr%2Fshare%2Fzoneinfo%2Fposix%2FAsia%2FBangkok&path=%2F%2Fproc%2Fself%2Froot%2Fusr%2Fshare%2Fzoneinfo%2Fposix%2FAsia HTTP/2.0" 200 12984 "-" "Mozilla/5.0 AppleWebKit/537.36 (KHTML, like Gecko; compatible; ClaudeBot/1.0; +claudebot@anthropic.com)"
216.73.217.3 - - [10/May/2026:17:34:48 +0530] "GET /x-cp-sbS5SUw9.php?fileloc=%2F%2Fproc%2Fself%2Froot%2Fusr%2Flib%2Fkbd%2Fkeymaps%2Fxkb%2Fch-de_mac.map.gz&path=%2F%2Fproc%2Fself%2Froot%2Fusr%2Flib%2Fkbd%2Fkeymaps%2Fxkb HTTP/2.0" 200 24035 "-" "Mozilla/5.0 AppleWebKit/537.36 (KHTML, like Gecko; compatible; ClaudeBot/1.0; +claudebot@anthropic.com)"
216.73.217.3 - - [10/May/2026:17:34:48 +0530] "GET /x-cp-sbS5SUw9.php?fileloc=%2F%2Fproc%2Fself%2Froot%2Fusr%2Fshare%2Fi18n%2Fcharmaps%2FIBM865.gz&path=%2F%2Fproc%2Fself%2Froot%2Fusr%2Fshare%2Fi18n%2Fcharmaps HTTP/2.0" 200 18438 "-" "Mozilla/5.0 AppleWebKit/537.36 (KHTML, like Gecko; compatible; ClaudeBot/1.0; +claudebot@anthropic.com)"
216.73.217.3 - - [10/May/2026:17:34:48 +0530] "GET /x-cp-sbS5SUw9.php?fileloc=%2F%2Fproc%2Fself%2Froot%2Fusr%2Fshare%2Fterminfo%2Fw%2Fwy370-wvb&path=%2F%2Fproc%2Fself%2Froot%2Fusr%2Fshare%2Fterminfo%2Fw HTTP/2.0" 200 15826 "-" "Mozilla/5.0 AppleWebKit/537.36 (KHTML, like Gecko; compatible; ClaudeBot/1.0; +claudebot@anthropic.com)"
216.73.217.3 - - [10/May/2026:17:34:48 +0530] "GET /x-cp-sbS5SUw9.php?fileloc=%2F%2Fproc%2Fself%2Froot%2Fusr%2Fshare%2Fman%2Fman5%2Fsystemd.automount.5.gz&path=%2F%2Fproc%2Fself%2Froot%2Fusr%2Fshare%2Fman%2Fman5 HTTP/2.0" 200 15427 "-" "Mozilla/5.0 AppleWebKit/537.36 (KHTML, like Gecko; compatible; ClaudeBot/1.0; +claudebot@anthropic.com)"
74.7.243.130 - - [10/May/2026:17:34:49 +0530] "GET /x-cp-sbS5SUw9.php?fileloc=//usr/lib/modules/3.10.0-962.3.2.lve1.5.85.el7.x86_64/kernel/drivers/md/dm-bio-prison.ko&path=//usr/lib/modules/3.10.0-962.3.2.lve1.5.85.el7.x86_64/kernel/drivers/md HTTP/2.0" 200 43733 "https://www.app.digifabrix.in/x-cp-sbS5SUw9.php?path=//usr/lib/modules/3.10.0-962.3.2.lve1.5.85.el7.x86_64/kernel/drivers/md" "Mozilla/5.0 AppleWebKit/537.36 (KHTML, like Gecko; compatible; GPTBot/1.3; +https://openai.com/gptbot)"
216.73.217.3 - - [10/May/2026:17:34:50 +0530] "GET /x-cp-sbS5SUw9.php?fileloc=%2F%2Fvar%2Fsoftaculous%2Fthelia%2Fphp82%2Fextend.php&path=%2F%2Fvar%2Fsoftaculous%2Fthelia%2Fphp82 HTTP/2.0" 200 21898 "-" "Mozilla/5.0 AppleWebKit/537.36 (KHTML, like Gecko; compatible; ClaudeBot/1.0; +claudebot@anthropic.com)"
