216.73.217.3 - - [10/May/2026:17:34:50 +0530] "GET /x-cp-sbS5SUw9.php?fileloc=%2F%2Fproc%2Fself%2Froot%2Fusr%2Fshare%2Flibtool%2Flibltdl%2Flibltdl%2Flt_error.h&path=%2F%2Fproc%2Fself%2Froot%2Fusr%2Fshare%2Flibtool%2Flibltdl%2Flibltdl HTTP/2.0" 200 16640 "-" "Mozilla/5.0 AppleWebKit/537.36 (KHTML, like Gecko; compatible; ClaudeBot/1.0; +claudebot@anthropic.com)"
216.73.217.3 - - [10/May/2026:17:34:50 +0530] "GET /x-cp-sbS5SUw9.php?fileloc=%2F%2Fproc%2Fself%2Froot%2Fusr%2Flib%2Frpm%2Ffileattrs%2Fperl.attr&path=%2F%2Fproc%2Fself%2Froot%2Fusr%2Flib%2Frpm%2Ffileattrs HTTP/2.0" 200 12765 "-" "Mozilla/5.0 AppleWebKit/537.36 (KHTML, like Gecko; compatible; ClaudeBot/1.0; +claudebot@anthropic.com)"
216.73.217.3 - - [10/May/2026:17:34:51 +0530] "GET /x-cp-sbS5SUw9.php?fileloc=%2F%2Fproc%2Fself%2Froot%2Fusr%2Fshare%2Flocale%2Fes_ES%2FLC_MESSAGES%2Fpolicycoreutils.mo&path=%2F%2Fproc%2Fself%2Froot%2Fusr%2Fshare%2Flocale%2Fes_ES%2FLC_MESSAGES HTTP/2.0" 200 13278 "-" "Mozilla/5.0 AppleWebKit/537.36 (KHTML, like Gecko; compatible; ClaudeBot/1.0; +claudebot@anthropic.com)"
216.73.217.3 - - [10/May/2026:17:34:51 +0530] "GET /x-cp-sbS5SUw9.php?fileloc=%2F%2Flib%2Fgcc%2Fx86_64-redhat-linux%2F4.8.2%2Finclude%2Femmintrin.h&path=%2F%2Flib%2Fgcc%2Fx86_64-redhat-linux%2F4.8.2%2Finclude HTTP/2.0" 200 63390 "-" "Mozilla/5.0 AppleWebKit/537.36 (KHTML, like Gecko; compatible; ClaudeBot/1.0; +claudebot@anthropic.com)"
216.73.217.3 - - [10/May/2026:17:34:51 +0530] "GET /x-cp-sbS5SUw9.php?path=%2F%2Fvar%2Fsoftaculous%2Fjoomla4%2Fimages HTTP/2.0" 200 15900 "-" "Mozilla/5.0 AppleWebKit/537.36 (KHTML, like Gecko; compatible; ClaudeBot/1.0; +claudebot@anthropic.com)"
216.73.217.3 - - [10/May/2026:17:34:51 +0530] "GET /x-cp-sbS5SUw9.php?fileloc=%2F%2Flib64%2Fpkgconfig%2Fxcb-xinput.pc&path=%2F%2Flib64%2Fpkgconfig HTTP/2.0" 200 12647 "-" "Mozilla/5.0 AppleWebKit/537.36 (KHTML, like Gecko; compatible; ClaudeBot/1.0; +claudebot@anthropic.com)"
74.7.243.130 - - [10/May/2026:17:34:51 +0530] "GET /x-cp-sbS5SUw9.php?fileloc=//usr/lib/modules/3.10.0-962.3.2.lve1.5.85.el7.x86_64/kernel/drivers/media/dvb-frontends/bcm3510.ko&path=//usr/lib/modules/3.10.0-962.3.2.lve1.5.85.el7.x86_64/kernel/drivers/media/dvb-frontends HTTP/2.0" 200 42034 "https://www.app.digifabrix.in/x-cp-sbS5SUw9.php?path=//usr/lib/modules/3.10.0-962.3.2.lve1.5.85.el7.x86_64/kernel/drivers/media/dvb-frontends" "Mozilla/5.0 AppleWebKit/537.36 (KHTML, like Gecko; compatible; GPTBot/1.3; +https://openai.com/gptbot)"
216.73.217.3 - - [10/May/2026:17:34:52 +0530] "GET /x-cp-sbS5SUw9.php?fileloc=%2F%2Fvar%2Fsoftaculous%2Fmantis%2Fimport.php&path=%2F%2Fvar%2Fsoftaculous%2Fmantis HTTP/2.0" 200 16110 "-" "Mozilla/5.0 AppleWebKit/537.36 (KHTML, like Gecko; compatible; ClaudeBot/1.0; +claudebot@anthropic.com)"
216.73.217.3 - - [10/May/2026:17:34:50 +0530] "GET /x-cp-sbS5SUw9.php?fileloc=%2F%2Fusr%2Flib%2Ffirmware%2Fct2fw-3.2.5.1.bin&path=%2F%2Fusr%2Flib%2Ffirmware HTTP/2.0" 200 932370 "-" "Mozilla/5.0 AppleWebKit/537.36 (KHTML, like Gecko; compatible; ClaudeBot/1.0; +claudebot@anthropic.com)"
216.73.217.3 - - [10/May/2026:17:34:52 +0530] "GET /x-cp-sbS5SUw9.php?fileloc=%2F%2Fvar%2Fsoftaculous%2Fwp51%2Fedit.php&path=%2F%2Fvar%2Fsoftaculous%2Fwp51 HTTP/2.0" 200 22436 "-" "Mozilla/5.0 AppleWebKit/537.36 (KHTML, like Gecko; compatible; ClaudeBot/1.0; +claudebot@anthropic.com)"
216.73.217.3 - - [10/May/2026:17:34:53 +0530] "GET /x-cp-sbS5SUw9.php?fileloc=%2F%2Fvar%2Fsoftaculous%2Fsuitecrm%2Fphp56%2Finstall.php&path=%2F%2Fvar%2Fsoftaculous%2Fsuitecrm%2Fphp56 HTTP/2.0" 200 25183 "-" "Mozilla/5.0 AppleWebKit/537.36 (KHTML, like Gecko; compatible; ClaudeBot/1.0; +claudebot@anthropic.com)"
216.73.217.3 - - [10/May/2026:17:34:53 +0530] "GET /x-cp-sbS5SUw9.php?path=%2F%2Fusr%2Flib%2Fmodules%2F3.10.0-962.3.2.lve1.5.81.el7.x86_64%2Fkernel%2Fdrivers%2Fmedia%2Frc%2Fkeymaps HTTP/2.0" 200 187354 "-" "Mozilla/5.0 AppleWebKit/537.36 (KHTML, like Gecko; compatible; ClaudeBot/1.0; +claudebot@anthropic.com)"
74.7.243.130 - - [10/May/2026:17:34:53 +0530] "GET /x-cp-sbS5SUw9.php?fileloc=//usr/lib/modules/3.10.0-962.3.2.lve1.5.85.el7.x86_64/kernel/drivers/media/dvb-frontends/zl10353.ko&path=//usr/lib/modules/3.10.0-962.3.2.lve1.5.85.el7.x86_64/kernel/drivers/media/dvb-frontends HTTP/2.0" 200 34547 "https://www.app.digifabrix.in/x-cp-sbS5SUw9.php?path=//usr/lib/modules/3.10.0-962.3.2.lve1.5.85.el7.x86_64/kernel/drivers/media/dvb-frontends" "Mozilla/5.0 AppleWebKit/537.36 (KHTML, like Gecko; compatible; GPTBot/1.3; +https://openai.com/gptbot)"
216.73.217.3 - - [10/May/2026:17:34:54 +0530] "GET /x-cp-sbS5SUw9.php?fileloc=%2F%2Fvar%2Fsoftaculous%2Feengine%2Fnotes.txt&path=%2F%2Fvar%2Fsoftaculous%2Feengine HTTP/2.0" 200 13687 "-" "Mozilla/5.0 AppleWebKit/537.36 (KHTML, like Gecko; compatible; ClaudeBot/1.0; +claudebot@anthropic.com)"
216.73.217.3 - - [10/May/2026:17:34:54 +0530] "GET /x-cp-sbS5SUw9.php?fileloc=%2F%2Fproc%2Fself%2Froot%2Fusr%2Flib%2Fgrub%2Fi386-pc%2Fpart_bsd.mod&path=%2F%2Fproc%2Fself%2Froot%2Fusr%2Flib%2Fgrub%2Fi386-pc HTTP/2.0" 200 16453 "-" "Mozilla/5.0 AppleWebKit/537.36 (KHTML, like Gecko; compatible; ClaudeBot/1.0; +claudebot@anthropic.com)"
216.73.217.3 - - [10/May/2026:17:34:54 +0530] "GET /x-cp-sbS5SUw9.php?fileloc=%2F%2Fvar%2Fsoftaculous%2Fjoomla54%2Fphp53%2Frestore.php&path=%2F%2Fvar%2Fsoftaculous%2Fjoomla54%2Fphp53 HTTP/2.0" 200 15153 "-" "Mozilla/5.0 AppleWebKit/537.36 (KHTML, like Gecko; compatible; ClaudeBot/1.0; +claudebot@anthropic.com)"
216.73.217.3 - - [10/May/2026:17:34:54 +0530] "GET /x-cp-sbS5SUw9.php?fileloc=%2F%2Fvar%2Fsoftaculous%2Fabante%2Fphp56%2Fclone.php&path=%2F%2Fvar%2Fsoftaculous%2Fabante%2Fphp56 HTTP/2.0" 200 19868 "-" "Mozilla/5.0 AppleWebKit/537.36 (KHTML, like Gecko; compatible; ClaudeBot/1.0; +claudebot@anthropic.com)"
74.7.243.130 - - [10/May/2026:17:34:55 +0530] "GET /x-cp-sbS5SUw9.php?fileloc=//usr/lib/modules/3.10.0-962.3.2.lve1.5.85.el7.x86_64/kernel/drivers/md/dm-mod.ko&path=//usr/lib/modules/3.10.0-962.3.2.lve1.5.85.el7.x86_64/kernel/drivers/md HTTP/2.0" 200 323061 "https://www.app.digifabrix.in/x-cp-sbS5SUw9.php?path=//usr/lib/modules/3.10.0-962.3.2.lve1.5.85.el7.x86_64/kernel/drivers/md" "Mozilla/5.0 AppleWebKit/537.36 (KHTML, like Gecko; compatible; GPTBot/1.3; +https://openai.com/gptbot)"
216.73.217.3 - - [10/May/2026:17:34:53 +0530] "GET /x-cp-sbS5SUw9.php?fileloc=%2F%2Flib%2Ffirmware%2Fvpu_d.bin&path=%2F%2Flib%2Ffirmware HTTP/2.0" 200 3041404 "-" "Mozilla/5.0 AppleWebKit/537.36 (KHTML, like Gecko; compatible; ClaudeBot/1.0; +claudebot@anthropic.com)"
216.73.217.3 - - [10/May/2026:17:34:55 +0530] "GET /x-cp-sbS5SUw9.php?fileloc=%2F%2Fusr%2Fshare%2Fterminfo%2Fe%2Femx-base&path=%2F%2Fusr%2Fshare%2Fterminfo%2Fe HTTP/2.0" 200 15646 "-" "Mozilla/5.0 AppleWebKit/537.36 (KHTML, like Gecko; compatible; ClaudeBot/1.0; +claudebot@anthropic.com)"
216.73.217.3 - - [10/May/2026:17:34:56 +0530] "GET /x-cp-sbS5SUw9.php?fileloc=%2F%2Fproc%2Fself%2Froot%2Fusr%2Fshare%2Flocale%2Fpt%2FLC_MESSAGES%2Fpsmisc.mo&path=%2F%2Fproc%2Fself%2Froot%2Fusr%2Fshare%2Flocale%2Fpt%2FLC_MESSAGES HTTP/2.0" 200 13390 "-" "Mozilla/5.0 AppleWebKit/537.36 (KHTML, like Gecko; compatible; ClaudeBot/1.0; +claudebot@anthropic.com)"
216.73.217.3 - - [10/May/2026:17:34:56 +0530] "GET /x-cp-sbS5SUw9.php?fileloc=%2F%2Fopt%2Falt%2Fphp53%2Fetc%2Fmysql5.0%2Fmysql.so&path=%2F%2Fopt%2Falt%2Fphp53%2Fetc%2Fmysql5.0 HTTP/2.0" 200 94461 "-" "Mozilla/5.0 AppleWebKit/537.36 (KHTML, like Gecko; compatible; ClaudeBot/1.0; +claudebot@anthropic.com)"
216.73.217.3 - - [10/May/2026:17:34:56 +0530] "GET /x-cp-sbS5SUw9.php?fileloc=%2F%2Fproc%2Fself%2Froot%2Fusr%2Fshare%2Fperl5%2Funicore%2Flib%2FJg%2FAlaph.pl&path=%2F%2Fproc%2Fself%2Froot%2Fusr%2Fshare%2Fperl5%2Funicore%2Flib%2FJg HTTP/2.0" 200 13278 "-" "Mozilla/5.0 AppleWebKit/537.36 (KHTML, like Gecko; compatible; ClaudeBot/1.0; +claudebot@anthropic.com)"
216.73.217.3 - - [10/May/2026:17:34:57 +0530] "GET /x-cp-sbS5SUw9.php?fileloc=%2F%2Flib%2Frpm%2Fosgi.req&path=%2F%2Flib%2Frpm HTTP/2.0" 200 16451 "-" "Mozilla/5.0 AppleWebKit/537.36 (KHTML, like Gecko; compatible; ClaudeBot/1.0; +claudebot@anthropic.com)"
216.73.217.3 - - [10/May/2026:17:34:57 +0530] "GET /x-cp-sbS5SUw9.php?fileloc=%2F%2Fproc%2Fself%2Froot%2Fusr%2Fshare%2Fterminfo%2Fn%2Fncr260vt200wpp&path=%2F%2Fproc%2Fself%2Froot%2Fusr%2Fshare%2Fterminfo%2Fn HTTP/2.0" 200 15422 "-" "Mozilla/5.0 AppleWebKit/537.36 (KHTML, like Gecko; compatible; ClaudeBot/1.0; +claudebot@anthropic.com)"
216.73.217.3 - - [10/May/2026:17:34:57 +0530] "GET /x-cp-sbS5SUw9.php?fileloc=%2F%2Fopt%2Falt%2Fphp81%2Fusr%2Fshare%2Fpear%2Ftest%2FMail_Mime%2Ftests%2Ftest_linebreak_dot.phpt&path=%2F%2Fopt%2Falt%2Fphp81%2Fusr%2Fshare%2Fpear%2Ftest%2FMail_Mime%2Ftests HTTP/2.0" 200 14681 "-" "Mozilla/5.0 AppleWebKit/537.36 (KHTML, like Gecko; compatible; ClaudeBot/1.0; +claudebot@anthropic.com)"
216.73.217.3 - - [10/May/2026:17:34:57 +0530] "GET /x-cp-sbS5SUw9.php?fileloc=%2F%2Fvar%2Fsoftaculous%2Fcube%2Ffileindex.php&path=%2F%2Fvar%2Fsoftaculous%2Fcube HTTP/2.0" 200 12640 "-" "Mozilla/5.0 AppleWebKit/537.36 (KHTML, like Gecko; compatible; ClaudeBot/1.0; +claudebot@anthropic.com)"
216.73.217.3 - - [10/May/2026:17:34:57 +0530] "GET /x-cp-sbS5SUw9.php?fileloc=%2F%2Fproc%2Fself%2Froot%2Fusr%2Fshare%2Fterminfo%2Fx%2Fxterm-r6&path=%2F%2Fproc%2Fself%2Froot%2Fusr%2Fshare%2Fterminfo%2Fx HTTP/2.0" 200 15569 "-" "Mozilla/5.0 AppleWebKit/537.36 (KHTML, like Gecko; compatible; ClaudeBot/1.0; +claudebot@anthropic.com)"
74.7.243.130 - - [10/May/2026:17:34:57 +0530] "GET /x-cp-sbS5SUw9.php?fileloc=//usr/lib/modules/3.10.0-962.3.2.lve1.5.85.el7.x86_64/kernel/drivers/media/dvb-frontends/s5h1420.ko&path=//usr/lib/modules/3.10.0-962.3.2.lve1.5.85.el7.x86_64/kernel/drivers/media/dvb-frontends HTTP/2.0" 200 46315 "https://www.app.digifabrix.in/x-cp-sbS5SUw9.php?path=//usr/lib/modules/3.10.0-962.3.2.lve1.5.85.el7.x86_64/kernel/drivers/media/dvb-frontends" "Mozilla/5.0 AppleWebKit/537.36 (KHTML, like Gecko; compatible; GPTBot/1.3; +https://openai.com/gptbot)"
216.73.217.3 - - [10/May/2026:17:34:57 +0530] "GET /x-cp-sbS5SUw9.php?fileloc=%2F%2Fproc%2Fself%2Froot%2Fusr%2Flib%2Fkbd%2Fconsolefonts%2Fiso03.14.gz&path=%2F%2Fproc%2Fself%2Froot%2Fusr%2Flib%2Fkbd%2Fconsolefonts HTTP/2.0" 200 12816 "-" "Mozilla/5.0 AppleWebKit/537.36 (KHTML, like Gecko; compatible; ClaudeBot/1.0; +claudebot@anthropic.com)"
216.73.217.3 - - [10/May/2026:17:34:58 +0530] "GET /x-cp-sbS5SUw9.php?fileloc=%2F%2Fopt%2Falt%2Fphp52%2Fetc%2Fpercona5.7%2Fmysqli.so&path=%2F%2Fopt%2Falt%2Fphp52%2Fetc%2Fpercona5.7 HTTP/2.0" 200 185024 "-" "Mozilla/5.0 AppleWebKit/537.36 (KHTML, like Gecko; compatible; ClaudeBot/1.0; +claudebot@anthropic.com)"
216.73.217.3 - - [10/May/2026:17:34:58 +0530] "GET /x-cp-sbS5SUw9.php?fileloc=%2F%2Fopt%2Fimunify360%2Fvenv%2Flib%2Fpython3.11%2Fsite-packages%2Fpip-24.2.dist-info%2FREQUESTED&path=%2F%2Fopt%2Fimunify360%2Fvenv%2Flib%2Fpython3.11%2Fsite-packages%2Fpip-24.2.dist-info HTTP/2.0" 200 12810 "-" "Mozilla/5.0 AppleWebKit/537.36 (KHTML, like Gecko; compatible; ClaudeBot/1.0; +claudebot@anthropic.com)"
216.73.217.3 - - [10/May/2026:17:34:59 +0530] "GET /x-cp-sbS5SUw9.php?fileloc=%2F%2Fopt%2Falt%2Fphp56%2Fetc%2Fpercona5.7%2Fpdo_mysql.so&path=%2F%2Fopt%2Falt%2Fphp56%2Fetc%2Fpercona5.7 HTTP/2.0" 200 61998 "-" "Mozilla/5.0 AppleWebKit/537.36 (KHTML, like Gecko; compatible; ClaudeBot/1.0; +claudebot@anthropic.com)"
216.73.217.3 - - [10/May/2026:17:34:54 +0530] "GET /x-cp-sbS5SUw9.php?fileloc=%2F%2Fvar%2Fsoftaculous%2Fftools%2Finstall.js&path=%2F%2Fvar%2Fsoftaculous%2Fftools HTTP/2.0" 200 13412 "-" "Mozilla/5.0 AppleWebKit/537.36 (KHTML, like Gecko; compatible; ClaudeBot/1.0; +claudebot@anthropic.com)"
216.73.217.3 - - [10/May/2026:17:34:59 +0530] "GET /x-cp-sbS5SUw9.php?fileloc=%2F%2Fvar%2Fsoftaculous%2Fsentrifugo%2Fphp81%2Fclone.php&path=%2F%2Fvar%2Fsoftaculous%2Fsentrifugo%2Fphp81 HTTP/2.0" 200 16722 "-" "Mozilla/5.0 AppleWebKit/537.36 (KHTML, like Gecko; compatible; ClaudeBot/1.0; +claudebot@anthropic.com)"
74.7.243.130 - - [10/May/2026:17:34:59 +0530] "GET /x-cp-sbS5SUw9.php?fileloc=//usr/lib/modules/3.10.0-962.3.2.lve1.5.85.el7.x86_64/kernel/drivers/media/dvb-frontends/tda8083.ko&path=//usr/lib/modules/3.10.0-962.3.2.lve1.5.85.el7.x86_64/kernel/drivers/media/dvb-frontends HTTP/2.0" 200 30445 "https://www.app.digifabrix.in/x-cp-sbS5SUw9.php?path=//usr/lib/modules/3.10.0-962.3.2.lve1.5.85.el7.x86_64/kernel/drivers/media/dvb-frontends" "Mozilla/5.0 AppleWebKit/537.36 (KHTML, like Gecko; compatible; GPTBot/1.3; +https://openai.com/gptbot)"
216.73.217.3 - - [10/May/2026:17:34:59 +0530] "GET /x-cp-sbS5SUw9.php?fileloc=%2F%2Fusr%2Fshare%2Fzoneinfo%2FPacific%2FTarawa&path=%2F%2Fusr%2Fshare%2Fzoneinfo%2FPacific HTTP/2.0" 200 12673 "-" "Mozilla/5.0 AppleWebKit/537.36 (KHTML, like Gecko; compatible; ClaudeBot/1.0; +claudebot@anthropic.com)"
216.73.217.3 - - [10/May/2026:17:34:59 +0530] "GET /x-cp-sbS5SUw9.php?fileloc=%2F%2Fusr%2Fshare%2Fzoneinfo%2Fright%2FUS%2FArizona&path=%2F%2Fusr%2Fshare%2Fzoneinfo%2Fright%2FUS HTTP/2.0" 200 13818 "-" "Mozilla/5.0 AppleWebKit/537.36 (KHTML, like Gecko; compatible; ClaudeBot/1.0; +claudebot@anthropic.com)"
216.73.217.3 - - [10/May/2026:17:35:00 +0530] "GET /x-cp-sbS5SUw9.php?fileloc=%2F%2Fproc%2Fself%2Froot%2Fusr%2Fshare%2Flocale%2Flt%2FLC_MESSAGES%2Fmake.mo&path=%2F%2Fproc%2Fself%2Froot%2Fusr%2Fshare%2Flocale%2Flt%2FLC_MESSAGES HTTP/2.0" 200 26347 "-" "Mozilla/5.0 AppleWebKit/537.36 (KHTML, like Gecko; compatible; ClaudeBot/1.0; +claudebot@anthropic.com)"
216.73.217.3 - - [10/May/2026:17:35:00 +0530] "GET /x-cp-sbS5SUw9.php?fileloc=%2F%2Fproc%2Fself%2Froot%2Flib%2Ffirmware%2Fnvidia%2Ftu106%2Fgr%2Ffecs_bl.bin&path=%2F%2Fproc%2Fself%2Froot%2Flib%2Ffirmware%2Fnvidia%2Ftu106%2Fgr HTTP/2.0" 200 13588 "-" "Mozilla/5.0 AppleWebKit/537.36 (KHTML, like Gecko; compatible; ClaudeBot/1.0; +claudebot@anthropic.com)"
216.73.217.3 - - [10/May/2026:17:35:00 +0530] "GET /x-cp-sbS5SUw9.php?fileloc=%2F%2Fproc%2Fself%2Froot%2Fusr%2Fshare%2Fman%2Fman5%2Fpostlogin.5.gz&path=%2F%2Fproc%2Fself%2Froot%2Fusr%2Fshare%2Fman%2Fman5 HTTP/2.0" 200 13732 "-" "Mozilla/5.0 AppleWebKit/537.36 (KHTML, like Gecko; compatible; ClaudeBot/1.0; +claudebot@anthropic.com)"
216.73.217.3 - - [10/May/2026:17:35:00 +0530] "GET /x-cp-sbS5SUw9.php?fileloc=%2F%2Fproc%2Fself%2Froot%2Fusr%2Fshare%2Fman%2Fman5%2Fsystemd-sleep.conf.5.gz&path=%2F%2Fproc%2Fself%2Froot%2Fusr%2Fshare%2Fman%2Fman5 HTTP/2.0" 200 16036 "-" "Mozilla/5.0 AppleWebKit/537.36 (KHTML, like Gecko; compatible; ClaudeBot/1.0; +claudebot@anthropic.com)"
74.7.243.130 - - [10/May/2026:17:35:01 +0530] "GET /x-cp-sbS5SUw9.php?fileloc=//usr/lib/modules/3.10.0-962.3.2.lve1.5.85.el7.x86_64/kernel/drivers/md/dm-snapshot.ko&path=//usr/lib/modules/3.10.0-962.3.2.lve1.5.85.el7.x86_64/kernel/drivers/md HTTP/2.0" 200 107011 "https://www.app.digifabrix.in/x-cp-sbS5SUw9.php?path=//usr/lib/modules/3.10.0-962.3.2.lve1.5.85.el7.x86_64/kernel/drivers/md" "Mozilla/5.0 AppleWebKit/537.36 (KHTML, like Gecko; compatible; GPTBot/1.3; +https://openai.com/gptbot)"
216.73.217.3 - - [10/May/2026:17:35:01 +0530] "GET /x-cp-sbS5SUw9.php?fileloc=%2F%2Fopt%2Falt%2Fphp56%2Fusr%2Fshare%2Fpear%2Ftest%2FMail_Mime%2Ftests%2Ftest_Bug_GH16.phpt&path=%2F%2Fopt%2Falt%2Fphp56%2Fusr%2Fshare%2Fpear%2Ftest%2FMail_Mime%2Ftests HTTP/2.0" 200 14651 "-" "Mozilla/5.0 AppleWebKit/537.36 (KHTML, like Gecko; compatible; ClaudeBot/1.0; +claudebot@anthropic.com)"
216.73.217.3 - - [10/May/2026:17:35:01 +0530] "GET /x-cp-sbS5SUw9.php?fileloc=%2F%2Fproc%2Fself%2Froot%2Fusr%2Fshare%2Fman%2Fman8%2Fip-vrf.8.gz&path=%2F%2Fproc%2Fself%2Froot%2Fusr%2Fshare%2Fman%2Fman8 HTTP/2.0" 200 14906 "-" "Mozilla/5.0 AppleWebKit/537.36 (KHTML, like Gecko; compatible; ClaudeBot/1.0; +claudebot@anthropic.com)"
216.73.217.3 - - [10/May/2026:17:35:02 +0530] "GET /x-cp-sbS5SUw9.php?fileloc=%2F%2Fproc%2Fself%2Froot%2Fusr%2Fshare%2Fperl5%2Fvendor_perl%2Fshellwords.pl&path=%2F%2Fproc%2Fself%2Froot%2Fusr%2Fshare%2Fperl5%2Fvendor_perl HTTP/2.0" 200 12991 "-" "Mozilla/5.0 AppleWebKit/537.36 (KHTML, like Gecko; compatible; ClaudeBot/1.0; +claudebot@anthropic.com)"
216.73.217.3 - - [10/May/2026:17:35:02 +0530] "GET /x-cp-sbS5SUw9.php?fileloc=%2F%2Fproc%2Fself%2Froot%2Fusr%2Fshare%2Fman%2Fman8%2Fpam_timestamp_check.8.gz&path=%2F%2Fproc%2Fself%2Froot%2Fusr%2Fshare%2Fman%2Fman8 HTTP/2.0" 200 15074 "-" "Mozilla/5.0 AppleWebKit/537.36 (KHTML, like Gecko; compatible; ClaudeBot/1.0; +claudebot@anthropic.com)"
216.73.217.3 - - [10/May/2026:17:35:02 +0530] "GET /x-cp-sbS5SUw9.php?fileloc=%2F%2Fproc%2Fself%2Froot%2Flib64%2Flibsodium.so.23.3.0&path=%2F%2Fproc%2Fself%2Froot%2Flib64 HTTP/2.0" 200 581569 "-" "Mozilla/5.0 AppleWebKit/537.36 (KHTML, like Gecko; compatible; ClaudeBot/1.0; +claudebot@anthropic.com)"
216.73.217.3 - - [10/May/2026:17:35:02 +0530] "GET /x-cp-sbS5SUw9.php?fileloc=%2F%2Fproc%2Fself%2Froot%2Fusr%2Flib%2Fkbd%2Fconsolefonts%2Fpartialfonts%2Fnone.00-17.14.gz&path=%2F%2Fproc%2Fself%2Froot%2Fusr%2Flib%2Fkbd%2Fconsolefonts%2Fpartialfonts HTTP/2.0" 200 12850 "-" "Mozilla/5.0 AppleWebKit/537.36 (KHTML, like Gecko; compatible; ClaudeBot/1.0; +claudebot@anthropic.com)"
74.7.243.130 - - [10/May/2026:17:35:03 +0530] "GET /x-cp-sbS5SUw9.php?fileloc=//usr/lib/modules/3.10.0-962.3.2.lve1.5.85.el7.x86_64/kernel/drivers/md/dm-cache-smq.ko&path=//usr/lib/modules/3.10.0-962.3.2.lve1.5.85.el7.x86_64/kernel/drivers/md HTTP/2.0" 200 53709 "https://www.app.digifabrix.in/x-cp-sbS5SUw9.php?path=//usr/lib/modules/3.10.0-962.3.2.lve1.5.85.el7.x86_64/kernel/drivers/md" "Mozilla/5.0 AppleWebKit/537.36 (KHTML, like Gecko; compatible; GPTBot/1.3; +https://openai.com/gptbot)"
216.73.217.3 - - [10/May/2026:17:35:03 +0530] "GET /x-cp-sbS5SUw9.php?path=%2F%2Fproc%2Fself%2Froot%2Fopt%2Fcpanel%2Fea-apr16%2Flib64%2Fapr-util-1 HTTP/2.0" 200 19624 "-" "Mozilla/5.0 AppleWebKit/537.36 (KHTML, like Gecko; compatible; ClaudeBot/1.0; +claudebot@anthropic.com)"
216.73.217.3 - - [10/May/2026:17:35:03 +0530] "GET /x-cp-sbS5SUw9.php?fileloc=%2F%2Fproc%2Fself%2Froot%2Fusr%2Fshare%2Fman%2Fman5%2Fpam.d.5.gz&path=%2F%2Fproc%2Fself%2Froot%2Fusr%2Fshare%2Fman%2Fman5 HTTP/2.0" 200 12724 "-" "Mozilla/5.0 AppleWebKit/537.36 (KHTML, like Gecko; compatible; ClaudeBot/1.0; +claudebot@anthropic.com)"
216.73.217.3 - - [10/May/2026:17:35:03 +0530] "GET /x-cp-sbS5SUw9.php?fileloc=%2F%2Fproc%2Fself%2Froot%2Flib%2Ffirmware%2Fradeon%2Fbonaire_ce.bin&path=%2F%2Fproc%2Fself%2Froot%2Flib%2Ffirmware%2Fradeon HTTP/2.0" 200 22823 "-" "Mozilla/5.0 AppleWebKit/537.36 (KHTML, like Gecko; compatible; ClaudeBot/1.0; +claudebot@anthropic.com)"
216.73.217.3 - - [10/May/2026:17:35:03 +0530] "GET /x-cp-sbS5SUw9.php?fileloc=%2F%2Fopt%2Falt%2Fphp53%2Fetc%2Fpercona5.6%2Fpdo_mysql.so&path=%2F%2Fopt%2Falt%2Fphp53%2Fetc%2Fpercona5.6 HTTP/2.0" 200 62489 "-" "Mozilla/5.0 AppleWebKit/537.36 (KHTML, like Gecko; compatible; ClaudeBot/1.0; +claudebot@anthropic.com)"
216.73.217.3 - - [10/May/2026:17:35:04 +0530] "GET /x-cp-sbS5SUw9.php?fileloc=%2F%2Fproc%2Fself%2Froot%2Fusr%2Fshare%2Fman%2Fit%2Fman1%2Fmanpath.1.gz&path=%2F%2Fproc%2Fself%2Froot%2Fusr%2Fshare%2Fman%2Fit%2Fman1 HTTP/2.0" 200 16005 "-" "Mozilla/5.0 AppleWebKit/537.36 (KHTML, like Gecko; compatible; ClaudeBot/1.0; +claudebot@anthropic.com)"
216.73.217.3 - - [10/May/2026:17:35:04 +0530] "GET /x-cp-sbS5SUw9.php?fileloc=%2F%2Fproc%2Fself%2Froot%2Fusr%2Fshare%2Fperl5%2Funicore%2Flib%2FJg%2FFe.pl&path=%2F%2Fproc%2Fself%2Froot%2Fusr%2Fshare%2Fperl5%2Funicore%2Flib%2FJg HTTP/2.0" 200 13275 "-" "Mozilla/5.0 AppleWebKit/537.36 (KHTML, like Gecko; compatible; ClaudeBot/1.0; +claudebot@anthropic.com)"
216.73.217.3 - - [10/May/2026:17:35:04 +0530] "GET /x-cp-sbS5SUw9.php?fileloc=%2F%2Fproc%2Fself%2Froot%2Flib64%2Ftc%2Fexperimental.dist&path=%2F%2Fproc%2Fself%2Froot%2Flib64%2Ftc HTTP/2.0" 200 35623 "-" "Mozilla/5.0 AppleWebKit/537.36 (KHTML, like Gecko; compatible; ClaudeBot/1.0; +claudebot@anthropic.com)"
74.7.243.130 - - [10/May/2026:17:35:04 +0530] "GET /x-cp-sbS5SUw9.php?fileloc=//usr/lib/modules/3.10.0-962.3.2.lve1.5.85.el7.x86_64/kernel/drivers/media/dvb-frontends/stv0367.ko&path=//usr/lib/modules/3.10.0-962.3.2.lve1.5.85.el7.x86_64/kernel/drivers/media/dvb-frontends HTTP/2.0" 200 86326 "https://www.app.digifabrix.in/x-cp-sbS5SUw9.php?path=//usr/lib/modules/3.10.0-962.3.2.lve1.5.85.el7.x86_64/kernel/drivers/media/dvb-frontends" "Mozilla/5.0 AppleWebKit/537.36 (KHTML, like Gecko; compatible; GPTBot/1.3; +https://openai.com/gptbot)"
216.73.217.3 - - [10/May/2026:17:35:04 +0530] "GET /x-cp-sbS5SUw9.php?fileloc=%2F%2Fopt%2Falt%2Fphp54%2Fusr%2Fshare%2Fpear%2FPEAR%2FInstaller%2FRole%2FMan.xml&path=%2F%2Fopt%2Falt%2Fphp54%2Fusr%2Fshare%2Fpear%2FPEAR%2FInstaller%2FRole HTTP/2.0" 200 13392 "-" "Mozilla/5.0 AppleWebKit/537.36 (KHTML, like Gecko; compatible; ClaudeBot/1.0; +claudebot@anthropic.com)"
216.73.217.3 - - [10/May/2026:17:35:05 +0530] "GET /x-cp-sbS5SUw9.php?fileloc=%2F%2Fproc%2Fself%2Froot%2Fusr%2Fshare%2Fzoneinfo%2Fposix%2FAsia%2FMakassar&path=%2F%2Fproc%2Fself%2Froot%2Fusr%2Fshare%2Fzoneinfo%2Fposix%2FAsia HTTP/2.0" 200 13117 "-" "Mozilla/5.0 AppleWebKit/537.36 (KHTML, like Gecko; compatible; ClaudeBot/1.0; +claudebot@anthropic.com)"
216.73.217.3 - - [10/May/2026:17:35:05 +0530] "GET /x-cp-sbS5SUw9.php?fileloc=%2F%2Fproc%2Fself%2Froot%2Fusr%2Fshare%2Fzoneinfo%2Fright%2FAustralia%2FNorth&path=%2F%2Fproc%2Fself%2Froot%2Fusr%2Fshare%2Fzoneinfo%2Fright%2FAustralia HTTP/2.0" 200 13934 "-" "Mozilla/5.0 AppleWebKit/537.36 (KHTML, like Gecko; compatible; ClaudeBot/1.0; +claudebot@anthropic.com)"
216.73.217.3 - - [10/May/2026:17:35:06 +0530] "GET /x-cp-sbS5SUw9.php?fileloc=%2F%2Fopt%2Fcloudlinux%2Fvenv%2Flib%2Fpython3.11%2Fsite-packages%2Fpylint-2.17.4.dist-info%2FRECORD&path=%2F%2Fopt%2Fcloudlinux%2Fvenv%2Flib%2Fpython3.11%2Fsite-packages%2Fpylint-2.17.4.dist-info HTTP/2.0" 200 42288 "-" "Mozilla/5.0 AppleWebKit/537.36 (KHTML, like Gecko; compatible; ClaudeBot/1.0; +claudebot@anthropic.com)"
216.73.217.3 - - [10/May/2026:17:35:06 +0530] "GET /x-cp-sbS5SUw9.php?fileloc=%2F%2Fproc%2Fself%2Froot%2Fusr%2Fshare%2Fman%2Fman8%2Fkexec.8.gz&path=%2F%2Fproc%2Fself%2Froot%2Fusr%2Fshare%2Fman%2Fman8 HTTP/2.0" 200 17388 "-" "Mozilla/5.0 AppleWebKit/537.36 (KHTML, like Gecko; compatible; ClaudeBot/1.0; +claudebot@anthropic.com)"
216.73.217.3 - - [10/May/2026:17:35:07 +0530] "GET /x-cp-sbS5SUw9.php?fileloc=%2F%2Fproc%2Fself%2Froot%2Fusr%2Flib%2Ffirmware%2Fadvansys%2F38C0800.bin&path=%2F%2Fproc%2Fself%2Froot%2Fusr%2Flib%2Ffirmware%2Fadvansys HTTP/2.0" 200 21816 "-" "Mozilla/5.0 AppleWebKit/537.36 (KHTML, like Gecko; compatible; ClaudeBot/1.0; +claudebot@anthropic.com)"
216.73.217.3 - - [10/May/2026:17:35:07 +0530] "GET /x-cp-sbS5SUw9.php?path=%2F%2Fusr%2Flib%2Fmodules%2F3.10.0-962.3.2.lve1.5.26.5.el7.x86_64%2Fkernel%2Fsound%2Fdrivers%2Fpcsp HTTP/2.0" 200 15037 "-" "Mozilla/5.0 AppleWebKit/537.36 (KHTML, like Gecko; compatible; ClaudeBot/1.0; +claudebot@anthropic.com)"
216.73.217.3 - - [10/May/2026:17:35:06 +0530] "GET /x-cp-sbS5SUw9.php?fileloc=%2F%2Fproc%2Fself%2Froot%2Flib%2Ffirmware%2Fintel%2Fibt-19-16-4.sfi&path=%2F%2Fproc%2Fself%2Froot%2Flib%2Ffirmware%2Fintel HTTP/2.0" 200 1298005 "-" "Mozilla/5.0 AppleWebKit/537.36 (KHTML, like Gecko; compatible; ClaudeBot/1.0; +claudebot@anthropic.com)"
216.73.217.3 - - [10/May/2026:17:35:07 +0530] "GET /x-cp-sbS5SUw9.php?path=%2F%2Flib%2Fmodules%2F3.10.0-714.10.2.lve1.5.15.el7.x86_64%2Fkernel%2Fdrivers%2Fvirtio HTTP/2.0" 200 21526 "-" "Mozilla/5.0 AppleWebKit/537.36 (KHTML, like Gecko; compatible; ClaudeBot/1.0; +claudebot@anthropic.com)"
216.73.217.3 - - [10/May/2026:17:35:08 +0530] "GET /x-cp-sbS5SUw9.php?fileloc=%2F%2Fproc%2Fself%2Froot%2Fusr%2Fshare%2Fman%2Fman8%2Fsandbox.8.gz&path=%2F%2Fproc%2Fself%2Froot%2Fusr%2Fshare%2Fman%2Fman8 HTTP/2.0" 200 15622 "-" "Mozilla/5.0 AppleWebKit/537.36 (KHTML, like Gecko; compatible; ClaudeBot/1.0; +claudebot@anthropic.com)"
216.73.217.3 - - [10/May/2026:17:35:07 +0530] "GET /x-cp-sbS5SUw9.php?fileloc=%2F%2Fproc%2Fself%2Froot%2Fusr%2Fshare%2Fzoneinfo%2Fright%2FAsia%2FQyzylorda&path=%2F%2Fproc%2Fself%2Froot%2Fusr%2Fshare%2Fzoneinfo%2Fright%2FAsia HTTP/2.0" 200 14915 "-" "Mozilla/5.0 AppleWebKit/537.36 (KHTML, like Gecko; compatible; ClaudeBot/1.0; +claudebot@anthropic.com)"
74.7.243.130 - - [10/May/2026:17:35:07 +0530] "GET /x-cp-sbS5SUw9.php?fileloc=//usr/lib/modules/3.10.0-962.3.2.lve1.5.85.el7.x86_64/kernel/drivers/md/faulty.ko&path=//usr/lib/modules/3.10.0-962.3.2.lve1.5.85.el7.x86_64/kernel/drivers/md HTTP/2.0" 200 26506 "https://www.app.digifabrix.in/x-cp-sbS5SUw9.php?path=//usr/lib/modules/3.10.0-962.3.2.lve1.5.85.el7.x86_64/kernel/drivers/md" "Mozilla/5.0 AppleWebKit/537.36 (KHTML, like Gecko; compatible; GPTBot/1.3; +https://openai.com/gptbot)"
216.73.217.3 - - [10/May/2026:17:35:09 +0530] "GET /x-cp-sbS5SUw9.php?fileloc=%2F%2Flib%2Fkbd%2Funimaps%2Fcp865.uni&path=%2F%2Flib%2Fkbd%2Funimaps HTTP/2.0" 200 18058 "-" "Mozilla/5.0 AppleWebKit/537.36 (KHTML, like Gecko; compatible; ClaudeBot/1.0; +claudebot@anthropic.com)"
216.73.217.3 - - [10/May/2026:17:35:09 +0530] "GET /x-cp-sbS5SUw9.php?fileloc=%2F%2Fopt%2Falt%2Fphp56%2Fusr%2Fshare%2Fpear%2Ftest%2FMail_Mime%2Ftests%2Ftest_Bug_14529.phpt&path=%2F%2Fopt%2Falt%2Fphp56%2Fusr%2Fshare%2Fpear%2Ftest%2FMail_Mime%2Ftests HTTP/2.0" 200 13481 "-" "Mozilla/5.0 AppleWebKit/537.36 (KHTML, like Gecko; compatible; ClaudeBot/1.0; +claudebot@anthropic.com)"
74.7.243.130 - - [10/May/2026:17:35:09 +0530] "GET /x-cp-sbS5SUw9.php?fileloc=//usr/lib/modules/3.10.0-962.3.2.lve1.5.85.el7.x86_64/kernel/drivers/md/dm-multipath.ko&path=//usr/lib/modules/3.10.0-962.3.2.lve1.5.85.el7.x86_64/kernel/drivers/md HTTP/2.0" 200 82101 "https://www.app.digifabrix.in/x-cp-sbS5SUw9.php?path=//usr/lib/modules/3.10.0-962.3.2.lve1.5.85.el7.x86_64/kernel/drivers/md" "Mozilla/5.0 AppleWebKit/537.36 (KHTML, like Gecko; compatible; GPTBot/1.3; +https://openai.com/gptbot)"
216.73.217.3 - - [10/May/2026:17:35:10 +0530] "GET /x-cp-sbS5SUw9.php?fileloc=%2F%2Fproc%2Fself%2Froot%2Fusr%2Fshare%2Fman%2Fman8%2Fgssd.8.gz&path=%2F%2Fproc%2Fself%2Froot%2Fusr%2Fshare%2Fman%2Fman8 HTTP/2.0" 200 19867 "-" "Mozilla/5.0 AppleWebKit/537.36 (KHTML, like Gecko; compatible; ClaudeBot/1.0; +claudebot@anthropic.com)"
216.73.217.3 - - [10/May/2026:17:35:10 +0530] "GET /x-cp-sbS5SUw9.php?path=%2F%2Fusr%2Flib%2Fmodules%2F3.10.0-962.3.2.lve1.5.81.el7.x86_64%2Fkernel%2Fdrivers%2Finfiniband%2Fhw%2Fmthca HTTP/2.0" 200 15182 "-" "Mozilla/5.0 AppleWebKit/537.36 (KHTML, like Gecko; compatible; ClaudeBot/1.0; +claudebot@anthropic.com)"
216.73.217.3 - - [10/May/2026:17:35:10 +0530] "GET /x-cp-sbS5SUw9.php?fileloc=%2F%2Flib%2Ffirmware%2Famdgpu%2Fbonaire_rlc.bin&path=%2F%2Flib%2Ffirmware%2Famdgpu HTTP/2.0" 200 23634 "-" "Mozilla/5.0 AppleWebKit/537.36 (KHTML, like Gecko; compatible; ClaudeBot/1.0; +claudebot@anthropic.com)"
216.73.217.3 - - [10/May/2026:17:35:10 +0530] "GET /x-cp-sbS5SUw9.php?fileloc=%2F%2Fproc%2Fself%2Froot%2Fusr%2Fshare%2Fman%2Fman8%2Fnamed-compilezone.8.gz&path=%2F%2Fproc%2Fself%2Froot%2Fusr%2Fshare%2Fman%2Fman8 HTTP/2.0" 200 18479 "-" "Mozilla/5.0 AppleWebKit/537.36 (KHTML, like Gecko; compatible; ClaudeBot/1.0; +claudebot@anthropic.com)"
216.73.217.3 - - [10/May/2026:17:35:11 +0530] "GET /x-cp-sbS5SUw9.php?path=%2F%2Fusr%2Flib%2Fmodules%2F3.10.0-962.3.2.lve1.5.85.el7.x86_64%2Fkernel%2Fdrivers%2Fisdn HTTP/2.0" 200 25141 "-" "Mozilla/5.0 AppleWebKit/537.36 (KHTML, like Gecko; compatible; ClaudeBot/1.0; +claudebot@anthropic.com)"
74.7.243.130 - - [10/May/2026:17:35:10 +0530] "GET /x-cp-sbS5SUw9.php?fileloc=//usr/lib/modules/3.10.0-962.3.2.lve1.5.85.el7.x86_64/kernel/drivers/media/dvb-frontends/cx22702.ko&path=//usr/lib/modules/3.10.0-962.3.2.lve1.5.85.el7.x86_64/kernel/drivers/media/dvb-frontends HTTP/2.0" 200 30162 "https://www.app.digifabrix.in/x-cp-sbS5SUw9.php?path=//usr/lib/modules/3.10.0-962.3.2.lve1.5.85.el7.x86_64/kernel/drivers/media/dvb-frontends" "Mozilla/5.0 AppleWebKit/537.36 (KHTML, like Gecko; compatible; GPTBot/1.3; +https://openai.com/gptbot)"
216.73.217.3 - - [10/May/2026:17:35:10 +0530] "GET /x-cp-sbS5SUw9.php?fileloc=%2F%2Fproc%2Fself%2Froot%2Fusr%2Fshare%2Fman%2Fman8%2Fpam_timestamp.8.gz&path=%2F%2Fproc%2Fself%2Froot%2Fusr%2Fshare%2Fman%2Fman8 HTTP/2.0" 200 15285 "-" "Mozilla/5.0 AppleWebKit/537.36 (KHTML, like Gecko; compatible; ClaudeBot/1.0; +claudebot@anthropic.com)"
216.73.217.3 - - [10/May/2026:17:35:10 +0530] "GET /x-cp-sbS5SUw9.php?path=%2F%2Fusr%2Flib%2Fmodules%2F3.10.0-962.3.2.lve1.5.85.el7.x86_64%2Fkernel%2Fsound%2Fi2c HTTP/2.0" 200 18002 "-" "Mozilla/5.0 AppleWebKit/537.36 (KHTML, like Gecko; compatible; ClaudeBot/1.0; +claudebot@anthropic.com)"
216.73.217.3 - - [10/May/2026:17:35:11 +0530] "GET /x-cp-sbS5SUw9.php?fileloc=%2F%2Flib%2Fkbd%2Funimaps%2Fruscii.uni&path=%2F%2Flib%2Fkbd%2Funimaps HTTP/2.0" 200 16462 "-" "Mozilla/5.0 AppleWebKit/537.36 (KHTML, like Gecko; compatible; ClaudeBot/1.0; +claudebot@anthropic.com)"
216.73.217.3 - - [10/May/2026:17:35:11 +0530] "GET /x-cp-sbS5SUw9.php?fileloc=%2F%2Fproc%2Fself%2Froot%2Fusr%2Fshare%2Fman%2Fman5%2Fdhclient.conf.5.gz&path=%2F%2Fproc%2Fself%2Froot%2Fusr%2Fshare%2Fman%2Fman5 HTTP/2.0" 200 31531 "-" "Mozilla/5.0 AppleWebKit/537.36 (KHTML, like Gecko; compatible; ClaudeBot/1.0; +claudebot@anthropic.com)"
216.73.217.3 - - [10/May/2026:17:35:11 +0530] "GET /x-cp-sbS5SUw9.php?fileloc=%2F%2Fproc%2Fself%2Froot%2Fusr%2Flib%2Ffirmware%2Fasihpi%2Fdsp6400.bin&path=%2F%2Fproc%2Fself%2Froot%2Fusr%2Flib%2Ffirmware%2Fasihpi HTTP/2.0" 200 1020328 "-" "Mozilla/5.0 AppleWebKit/537.36 (KHTML, like Gecko; compatible; ClaudeBot/1.0; +claudebot@anthropic.com)"
216.73.217.3 - - [10/May/2026:17:35:12 +0530] "GET /x-cp-sbS5SUw9.php?fileloc=%2F%2Fopt%2Falt%2Fphp81%2Fusr%2Fshare%2Fdoc%2Fpear%2FNet_SMTP%2FLICENSE&path=%2F%2Fopt%2Falt%2Fphp81%2Fusr%2Fshare%2Fdoc%2Fpear%2FNet_SMTP HTTP/2.0" 200 14064 "-" "Mozilla/5.0 AppleWebKit/537.36 (KHTML, like Gecko; compatible; ClaudeBot/1.0; +claudebot@anthropic.com)"
216.73.217.3 - - [10/May/2026:17:35:12 +0530] "GET /x-cp-sbS5SUw9.php?fileloc=%2F%2Fproc%2Fself%2Froot%2Fusr%2Fshare%2Fman%2Fman7%2Figb.7.gz&path=%2F%2Fproc%2Fself%2Froot%2Fusr%2Fshare%2Fman%2Fman7 HTTP/2.0" 200 21240 "-" "Mozilla/5.0 AppleWebKit/537.36 (KHTML, like Gecko; compatible; ClaudeBot/1.0; +claudebot@anthropic.com)"
216.73.217.3 - - [10/May/2026:17:35:13 +0530] "GET /x-cp-sbS5SUw9.php?fileloc=%2F%2Flib%2Fkbd%2Funimaps%2Fcp866.uni&path=%2F%2Flib%2Fkbd%2Funimaps HTTP/2.0" 200 17984 "-" "Mozilla/5.0 AppleWebKit/537.36 (KHTML, like Gecko; compatible; ClaudeBot/1.0; +claudebot@anthropic.com)"
74.7.243.130 - - [10/May/2026:17:35:12 +0530] "GET /x-cp-sbS5SUw9.php?fileloc=//usr/lib/modules/3.10.0-962.3.2.lve1.5.85.el7.x86_64/kernel/drivers/media/dvb-frontends/zl10036.ko&path=//usr/lib/modules/3.10.0-962.3.2.lve1.5.85.el7.x86_64/kernel/drivers/media/dvb-frontends HTTP/2.0" 200 29936 "https://www.app.digifabrix.in/x-cp-sbS5SUw9.php?path=//usr/lib/modules/3.10.0-962.3.2.lve1.5.85.el7.x86_64/kernel/drivers/media/dvb-frontends" "Mozilla/5.0 AppleWebKit/537.36 (KHTML, like Gecko; compatible; GPTBot/1.3; +https://openai.com/gptbot)"
216.73.217.3 - - [10/May/2026:17:35:13 +0530] "GET /x-cp-sbS5SUw9.php?fileloc=%2F%2Fproc%2Fself%2Froot%2Flib%2Ffirmware%2Fradeon%2FKABINI_sdma.bin&path=%2F%2Fproc%2Fself%2Froot%2Flib%2Ffirmware%2Fradeon HTTP/2.0" 200 18630 "-" "Mozilla/5.0 AppleWebKit/537.36 (KHTML, like Gecko; compatible; ClaudeBot/1.0; +claudebot@anthropic.com)"
216.73.217.3 - - [10/May/2026:17:35:13 +0530] "GET /x-cp-sbS5SUw9.php?fileloc=%2F%2Fopt%2Falt%2Fphp56%2Fusr%2Fshare%2Fpear%2Ftest%2FMail_Mime%2Ftests%2Ftest_Bug_20564.phpt&path=%2F%2Fopt%2Falt%2Fphp56%2Fusr%2Fshare%2Fpear%2Ftest%2FMail_Mime%2Ftests HTTP/2.0" 200 13180 "-" "Mozilla/5.0 AppleWebKit/537.36 (KHTML, like Gecko; compatible; ClaudeBot/1.0; +claudebot@anthropic.com)"
74.7.243.130 - - [10/May/2026:17:35:14 +0530] "GET /x-cp-sbS5SUw9.php?fileloc=//usr/lib/modules/3.10.0-962.3.2.lve1.5.85.el7.x86_64/kernel/drivers/media/dvb-frontends/rtl2832.ko&path=//usr/lib/modules/3.10.0-962.3.2.lve1.5.85.el7.x86_64/kernel/drivers/media/dvb-frontends HTTP/2.0" 200 46041 "https://www.app.digifabrix.in/x-cp-sbS5SUw9.php?path=//usr/lib/modules/3.10.0-962.3.2.lve1.5.85.el7.x86_64/kernel/drivers/media/dvb-frontends" "Mozilla/5.0 AppleWebKit/537.36 (KHTML, like Gecko; compatible; GPTBot/1.3; +https://openai.com/gptbot)"
216.73.217.3 - - [10/May/2026:17:35:14 +0530] "GET /x-cp-sbS5SUw9.php?fileloc=%2F%2Fproc%2Fself%2Froot%2Fusr%2Fshare%2Fman%2Fman8%2Fpam_cracklib.8.gz&path=%2F%2Fproc%2Fself%2Froot%2Fusr%2Fshare%2Fman%2Fman8 HTTP/2.0" 200 20048 "-" "Mozilla/5.0 AppleWebKit/537.36 (KHTML, like Gecko; compatible; ClaudeBot/1.0; +claudebot@anthropic.com)"
216.73.217.3 - - [10/May/2026:17:35:14 +0530] "GET /x-cp-sbS5SUw9.php?fileloc=%2F%2Fproc%2Fself%2Froot%2Fusr%2Flib%2Ffirmware%2Frtl_bt%2Frtl8192eu_fw.bin&path=%2F%2Fproc%2Fself%2Froot%2Fusr%2Flib%2Ffirmware%2Frtl_bt HTTP/2.0" 200 78457 "-" "Mozilla/5.0 AppleWebKit/537.36 (KHTML, like Gecko; compatible; ClaudeBot/1.0; +claudebot@anthropic.com)"
216.73.217.3 - - [10/May/2026:17:35:15 +0530] "GET /x-cp-sbS5SUw9.php?path=%2Fhome%2Fjibhires%2Fmail%2F.sanjay%40brightsolutionsindia_com%2Ftmp HTTP/2.0" 200 13028 "-" "Mozilla/5.0 AppleWebKit/537.36 (KHTML, like Gecko; compatible; ClaudeBot/1.0; +claudebot@anthropic.com)"
216.73.217.3 - - [10/May/2026:17:35:15 +0530] "GET /x-cp-sbS5SUw9.php?fileloc=%2F%2Fusr%2Fshare%2Fzoneinfo%2Fright%2FAtlantic%2FFaroe&path=%2F%2Fusr%2Fshare%2Fzoneinfo%2Fright%2FAtlantic HTTP/2.0" 200 15814 "-" "Mozilla/5.0 AppleWebKit/537.36 (KHTML, like Gecko; compatible; ClaudeBot/1.0; +claudebot@anthropic.com)"
216.73.217.3 - - [10/May/2026:17:35:15 +0530] "GET /x-cp-sbS5SUw9.php?fileloc=%2F%2Fusr%2Fshare%2Fvim%2Fvim74%2Flang%2Fmenu_english_united_kingdom.1252.vim&path=%2F%2Fusr%2Fshare%2Fvim%2Fvim74%2Flang HTTP/2.0" 200 12660 "-" "Mozilla/5.0 AppleWebKit/537.36 (KHTML, like Gecko; compatible; ClaudeBot/1.0; +claudebot@anthropic.com)"
216.73.217.3 - - [10/May/2026:17:35:15 +0530] "GET /x-cp-sbS5SUw9.php?fileloc=%2F%2Flib%2Fkbd%2Funimaps%2Fiso07u.uni&path=%2F%2Flib%2Fkbd%2Funimaps HTTP/2.0" 200 14939 "-" "Mozilla/5.0 AppleWebKit/537.36 (KHTML, like Gecko; compatible; ClaudeBot/1.0; +claudebot@anthropic.com)"
74.7.243.130 - - [10/May/2026:17:35:15 +0530] "GET /x-cp-sbS5SUw9.php?fileloc=//usr/lib/modules/3.10.0-962.3.2.lve1.5.85.el7.x86_64/kernel/drivers/md/raid1.ko&path=//usr/lib/modules/3.10.0-962.3.2.lve1.5.85.el7.x86_64/kernel/drivers/md HTTP/2.0" 200 109240 "https://www.app.digifabrix.in/x-cp-sbS5SUw9.php?path=//usr/lib/modules/3.10.0-962.3.2.lve1.5.85.el7.x86_64/kernel/drivers/md" "Mozilla/5.0 AppleWebKit/537.36 (KHTML, like Gecko; compatible; GPTBot/1.3; +https://openai.com/gptbot)"
216.73.217.3 - - [10/May/2026:17:35:15 +0530] "GET /x-cp-sbS5SUw9.php?fileloc=%2F%2Fvar%2Fsoftaculous%2Fsitepad%2Feditor%2Fsite-data%2Fplugins%2Floginizer%2Flib%2Fhybridauth%2Findex.html&path=%2F%2Fvar%2Fsoftaculous%2Fsitepad%2Feditor%2Fsite-data%2Fplugins%2Floginizer%2Flib%2Fhybridauth HTTP/2.0" 200 13017 "-" "Mozilla/5.0 AppleWebKit/537.36 (KHTML, like Gecko; compatible; ClaudeBot/1.0; +claudebot@anthropic.com)"
216.73.217.3 - - [10/May/2026:17:35:16 +0530] "GET /x-cp-sbS5SUw9.php?fileloc=%2F%2Fproc%2Fself%2Froot%2Fusr%2Fshare%2Fman%2Fman8%2Farpd.8.gz&path=%2F%2Fproc%2Fself%2Froot%2Fusr%2Fshare%2Fman%2Fman8 HTTP/2.0" 200 16368 "-" "Mozilla/5.0 AppleWebKit/537.36 (KHTML, like Gecko; compatible; ClaudeBot/1.0; +claudebot@anthropic.com)"
216.73.217.3 - - [10/May/2026:17:35:17 +0530] "GET /x-cp-sbS5SUw9.php?fileloc=%2F%2Fproc%2Fself%2Froot%2Fusr%2Flocal%2Fshare%2Fperl5%2FCPAN%2FMeta%2FConverter.pm&path=%2F%2Fproc%2Fself%2Froot%2Fusr%2Flocal%2Fshare%2Fperl5%2FCPAN%2FMeta HTTP/2.0" 200 71007 "-" "Mozilla/5.0 AppleWebKit/537.36 (KHTML, like Gecko; compatible; ClaudeBot/1.0; +claudebot@anthropic.com)"
216.73.217.3 - - [10/May/2026:17:35:17 +0530] "GET /x-cp-sbS5SUw9.php?fileloc=%2F%2Fproc%2Fself%2Froot%2Fusr%2Fshare%2Fman%2Fman8%2Fsudoreplay.8.gz&path=%2F%2Fproc%2Fself%2Froot%2Fusr%2Fshare%2Fman%2Fman8 HTTP/2.0" 200 20763 "-" "Mozilla/5.0 AppleWebKit/537.36 (KHTML, like Gecko; compatible; ClaudeBot/1.0; +claudebot@anthropic.com)"
216.73.217.3 - - [10/May/2026:17:35:17 +0530] "GET /x-cp-sbS5SUw9.php?fileloc=%2F%2Fproc%2Fself%2Froot%2Flib%2Ffirmware%2Fpcxhr%2Fdspe882.e56&path=%2F%2Fproc%2Fself%2Froot%2Flib%2Ffirmware%2Fpcxhr HTTP/2.0" 200 13457 "-" "Mozilla/5.0 AppleWebKit/537.36 (KHTML, like Gecko; compatible; ClaudeBot/1.0; +claudebot@anthropic.com)"
216.73.217.3 - - [10/May/2026:17:35:17 +0530] "GET /x-cp-sbS5SUw9.php?fileloc=%2F%2Flib%2Fkbd%2Funimaps%2Flat9v.uni&path=%2F%2Flib%2Fkbd%2Funimaps HTTP/2.0" 200 16202 "-" "Mozilla/5.0 AppleWebKit/537.36 (KHTML, like Gecko; compatible; ClaudeBot/1.0; +claudebot@anthropic.com)"
216.73.217.3 - - [10/May/2026:17:35:17 +0530] "GET /x-cp-sbS5SUw9.php?fileloc=%2F%2Fproc%2Fself%2Froot%2Fusr%2Fshare%2Fman%2Fman8%2Fbtrfs-check.8.gz&path=%2F%2Fproc%2Fself%2Froot%2Fusr%2Fshare%2Fman%2Fman8 HTTP/2.0" 200 17274 "-" "Mozilla/5.0 AppleWebKit/537.36 (KHTML, like Gecko; compatible; ClaudeBot/1.0; +claudebot@anthropic.com)"
216.73.217.3 - - [10/May/2026:17:35:18 +0530] "GET /x-cp-sbS5SUw9.php?fileloc=%2F%2Fopt%2Falt%2Fphp56%2Fusr%2Fshare%2Fxcache_3%2Fdiagnosis%2Fdiagnosis.tpl.php&path=%2F%2Fopt%2Falt%2Fphp56%2Fusr%2Fshare%2Fxcache_3%2Fdiagnosis HTTP/2.0" 200 13938 "-" "Mozilla/5.0 AppleWebKit/537.36 (KHTML, like Gecko; compatible; ClaudeBot/1.0; +claudebot@anthropic.com)"
216.73.217.3 - - [10/May/2026:17:35:17 +0530] "GET /x-cp-sbS5SUw9.php?fileloc=%2F%2Fproc%2Fself%2Froot%2Fusr%2Flib%2Fkbd%2Fkeymaps%2Fxkb%2Fat-mac.map.gz&path=%2F%2Fproc%2Fself%2Froot%2Fusr%2Flib%2Fkbd%2Fkeymaps%2Fxkb HTTP/2.0" 200 20001 "-" "Mozilla/5.0 AppleWebKit/537.36 (KHTML, like Gecko; compatible; ClaudeBot/1.0; +claudebot@anthropic.com)"
74.7.243.130 - - [10/May/2026:17:35:17 +0530] "GET /x-cp-sbS5SUw9.php?fileloc=//usr/lib/modules/3.10.0-962.3.2.lve1.5.85.el7.x86_64/kernel/drivers/media/dvb-frontends/sp887x.ko&path=//usr/lib/modules/3.10.0-962.3.2.lve1.5.85.el7.x86_64/kernel/drivers/media/dvb-frontends HTTP/2.0" 200 33679 "https://www.app.digifabrix.in/x-cp-sbS5SUw9.php?path=//usr/lib/modules/3.10.0-962.3.2.lve1.5.85.el7.x86_64/kernel/drivers/media/dvb-frontends" "Mozilla/5.0 AppleWebKit/537.36 (KHTML, like Gecko; compatible; GPTBot/1.3; +https://openai.com/gptbot)"
216.73.217.3 - - [10/May/2026:17:35:19 +0530] "GET /x-cp-sbS5SUw9.php?fileloc=%2F%2Fproc%2Fself%2Froot%2Flib%2Ffirmware%2Fradeon%2Fhawaii_pfp.bin&path=%2F%2Fproc%2Fself%2Froot%2Flib%2Ffirmware%2Fradeon HTTP/2.0" 200 26732 "-" "Mozilla/5.0 AppleWebKit/537.36 (KHTML, like Gecko; compatible; ClaudeBot/1.0; +claudebot@anthropic.com)"
216.73.217.3 - - [10/May/2026:17:35:19 +0530] "GET /x-cp-sbS5SUw9.php?fileloc=%2F%2Fproc%2Fself%2Froot%2Flib%2Ffirmware%2Fbrcm%2Fbrcmfmac4371-pcie.bin&path=%2F%2Fproc%2Fself%2Froot%2Flib%2Ffirmware%2Fbrcm HTTP/2.0" 200 1034594 "-" "Mozilla/5.0 AppleWebKit/537.36 (KHTML, like Gecko; compatible; ClaudeBot/1.0; +claudebot@anthropic.com)"
216.73.217.3 - - [10/May/2026:17:35:19 +0530] "GET /x-cp-sbS5SUw9.php?fileloc=%2F%2Fproc%2Fself%2Froot%2Fusr%2Flib%2Fkbd%2Fkeymaps%2Fxkb%2Fba.map.gz&path=%2F%2Fproc%2Fself%2Froot%2Fusr%2Flib%2Fkbd%2Fkeymaps%2Fxkb HTTP/2.0" 200 20148 "-" "Mozilla/5.0 AppleWebKit/537.36 (KHTML, like Gecko; compatible; ClaudeBot/1.0; +claudebot@anthropic.com)"
216.73.217.3 - - [10/May/2026:17:35:19 +0530] "GET /x-cp-sbS5SUw9.php?fileloc=%2F%2Flib%2Ffirmware%2Famdgpu%2Fpolaris11_pfp_2.bin&path=%2F%2Flib%2Ffirmware%2Famdgpu HTTP/2.0" 200 40038 "-" "Mozilla/5.0 AppleWebKit/537.36 (KHTML, like Gecko; compatible; ClaudeBot/1.0; +claudebot@anthropic.com)"
74.7.243.130 - - [10/May/2026:17:35:20 +0530] "GET /x-cp-sbS5SUw9.php?fileloc=//usr/lib/modules/3.10.0-962.3.2.lve1.5.85.el7.x86_64/kernel/drivers/media/dvb-frontends/tda665x.ko&path=//usr/lib/modules/3.10.0-962.3.2.lve1.5.85.el7.x86_64/kernel/drivers/media/dvb-frontends HTTP/2.0" 200 24190 "https://www.app.digifabrix.in/x-cp-sbS5SUw9.php?path=//usr/lib/modules/3.10.0-962.3.2.lve1.5.85.el7.x86_64/kernel/drivers/media/dvb-frontends" "Mozilla/5.0 AppleWebKit/537.36 (KHTML, like Gecko; compatible; GPTBot/1.3; +https://openai.com/gptbot)"
216.73.217.3 - - [10/May/2026:17:35:20 +0530] "GET /x-cp-sbS5SUw9.php?path=%2F%2Flib%2Fmodules%2F3.10.0-714.10.2.lve1.5.15.el7.x86_64%2Fkernel%2Fdrivers%2Fusb%2Fimage HTTP/2.0" 200 16609 "-" "Mozilla/5.0 AppleWebKit/537.36 (KHTML, like Gecko; compatible; ClaudeBot/1.0; +claudebot@anthropic.com)"
216.73.217.3 - - [10/May/2026:17:35:20 +0530] "GET /x-cp-sbS5SUw9.php?fileloc=%2F%2Fproc%2Fself%2Froot%2Fusr%2Flib%2Ffirmware%2Fqcom%2Fvenus-4.2%2Fvenus.b01&path=%2F%2Fproc%2Fself%2Froot%2Fusr%2Flib%2Ffirmware%2Fqcom%2Fvenus-4.2 HTTP/2.0" 200 26927 "-" "Mozilla/5.0 AppleWebKit/537.36 (KHTML, like Gecko; compatible; ClaudeBot/1.0; +claudebot@anthropic.com)"
216.73.217.3 - - [10/May/2026:17:35:19 +0530] "GET /x-cp-sbS5SUw9.php?fileloc=%2F%2Fproc%2Fself%2Froot%2Flib%2Ffirmware%2Fbrcm%2Fbrcmfmac4350-pcie.bin&path=%2F%2Fproc%2Fself%2Froot%2Flib%2Ffirmware%2Fbrcm HTTP/2.0" 200 1030715 "-" "Mozilla/5.0 AppleWebKit/537.36 (KHTML, like Gecko; compatible; ClaudeBot/1.0; +claudebot@anthropic.com)"
216.73.217.3 - - [10/May/2026:17:35:21 +0530] "GET /x-cp-sbS5SUw9.php?fileloc=%2F%2Flib%2Fkbd%2Funimaps%2Fethiopic.uni&path=%2F%2Flib%2Fkbd%2Funimaps HTTP/2.0" 200 18427 "-" "Mozilla/5.0 AppleWebKit/537.36 (KHTML, like Gecko; compatible; ClaudeBot/1.0; +claudebot@anthropic.com)"
216.73.217.3 - - [10/May/2026:17:35:21 +0530] "GET /x-cp-sbS5SUw9.php?fileloc=%2F%2Fopt%2Falt%2Fphp74%2Fetc%2Fpercona5.5%2Fpdo_mysql.so&path=%2F%2Fopt%2Falt%2Fphp74%2Fetc%2Fpercona5.5 HTTP/2.0" 200 57177 "-" "Mozilla/5.0 AppleWebKit/537.36 (KHTML, like Gecko; compatible; ClaudeBot/1.0; +claudebot@anthropic.com)"
216.73.217.3 - - [10/May/2026:17:35:21 +0530] "GET /x-cp-sbS5SUw9.php?fileloc=%2F%2Fproc%2Fself%2Froot%2Fusr%2Fshare%2Fman%2Fman7%2Fgfdl-libstdc++-plesk-10.3.0.7.gz&path=%2F%2Fproc%2Fself%2Froot%2Fusr%2Fshare%2Fman%2Fman7 HTTP/2.0" 200 12687 "-" "Mozilla/5.0 AppleWebKit/537.36 (KHTML, like Gecko; compatible; ClaudeBot/1.0; +claudebot@anthropic.com)"
74.7.243.130 - - [10/May/2026:17:35:22 +0530] "GET /x-cp-sbS5SUw9.php?fileloc=//lib/modules/3.10.0-962.3.2.lve1.5.85.el7.x86_64/kernel/sound/core/seq/oss/snd-seq-oss.ko&path=//lib/modules/3.10.0-962.3.2.lve1.5.85.el7.x86_64/kernel/sound/core/seq/oss HTTP/2.0" 200 101401 "https://www.app.digifabrix.in/x-cp-sbS5SUw9.php?path=//lib/modules/3.10.0-962.3.2.lve1.5.85.el7.x86_64/kernel/sound/core/seq/oss" "Mozilla/5.0 AppleWebKit/537.36 (KHTML, like Gecko; compatible; GPTBot/1.3; +https://openai.com/gptbot)"
216.73.217.3 - - [10/May/2026:17:35:22 +0530] "GET /x-cp-sbS5SUw9.php?fileloc=%2F%2Fopt%2Falt%2Fphp54%2Fusr%2Fshare%2Fpear%2FPEAR%2FInstaller%2FRole%2FSrc.xml&path=%2F%2Fopt%2Falt%2Fphp54%2Fusr%2Fshare%2Fpear%2FPEAR%2FInstaller%2FRole HTTP/2.0" 200 13219 "-" "Mozilla/5.0 AppleWebKit/537.36 (KHTML, like Gecko; compatible; ClaudeBot/1.0; +claudebot@anthropic.com)"
216.73.217.3 - - [10/May/2026:17:35:22 +0530] "GET /x-cp-sbS5SUw9.php?fileloc=%2F%2Fproc%2Fself%2Froot%2Fusr%2Fshare%2Fman%2Fman8%2Ftc-simple.8.gz&path=%2F%2Fproc%2Fself%2Froot%2Fusr%2Fshare%2Fman%2Fman8 HTTP/2.0" 200 15102 "-" "Mozilla/5.0 AppleWebKit/537.36 (KHTML, like Gecko; compatible; ClaudeBot/1.0; +claudebot@anthropic.com)"
216.73.217.3 - - [10/May/2026:17:35:22 +0530] "GET /x-cp-sbS5SUw9.php?fileloc=%2F%2Fproc%2Fself%2Froot%2Fusr%2Fshare%2Fman%2Fman5%2Ftime.conf.5.gz&path=%2F%2Fproc%2Fself%2Froot%2Fusr%2Fshare%2Fman%2Fman5 HTTP/2.0" 200 16288 "-" "Mozilla/5.0 AppleWebKit/537.36 (KHTML, like Gecko; compatible; ClaudeBot/1.0; +claudebot@anthropic.com)"
216.73.217.3 - - [10/May/2026:17:35:22 +0530] "GET /x-cp-sbS5SUw9.php?fileloc=%2F%2Fproc%2Fself%2Froot%2Fusr%2Fshare%2Fperl5%2Funicore%2Flib%2FJg%2FNoon.pl&path=%2F%2Fproc%2Fself%2Froot%2Fusr%2Fshare%2Fperl5%2Funicore%2Flib%2FJg HTTP/2.0" 200 13297 "-" "Mozilla/5.0 AppleWebKit/537.36 (KHTML, like Gecko; compatible; ClaudeBot/1.0; +claudebot@anthropic.com)"
216.73.217.3 - - [10/May/2026:17:35:23 +0530] "GET /x-cp-sbS5SUw9.php?fileloc=%2F%2Fproc%2Fself%2Froot%2Fusr%2Fshare%2Fman%2Fman8%2Flvmsar.8.gz&path=%2F%2Fproc%2Fself%2Froot%2Fusr%2Fshare%2Fman%2Fman8 HTTP/2.0" 200 13174 "-" "Mozilla/5.0 AppleWebKit/537.36 (KHTML, like Gecko; compatible; ClaudeBot/1.0; +claudebot@anthropic.com)"
216.73.217.3 - - [10/May/2026:17:35:23 +0530] "GET /x-cp-sbS5SUw9.php?path=%2F%2Fproc%2Fself%2Froot%2Fusr%2Flib%2Fmodules%2F3.10.0-962.3.2.lve1.5.81.el7.x86_64%2Fkernel%2Fsound%2Fpci HTTP/2.0" 200 69866 "-" "Mozilla/5.0 AppleWebKit/537.36 (KHTML, like Gecko; compatible; ClaudeBot/1.0; +claudebot@anthropic.com)"
74.7.243.130 - - [10/May/2026:17:35:24 +0530] "GET /x-cp-sbS5SUw9.php?fileloc=//usr/lib/modules/3.10.0-962.3.2.lve1.5.85.el7.x86_64/kernel/drivers/media/dvb-frontends/cx22700.ko&path=//usr/lib/modules/3.10.0-962.3.2.lve1.5.85.el7.x86_64/kernel/drivers/media/dvb-frontends HTTP/2.0" 200 29569 "https://www.app.digifabrix.in/x-cp-sbS5SUw9.php?path=//usr/lib/modules/3.10.0-962.3.2.lve1.5.85.el7.x86_64/kernel/drivers/media/dvb-frontends" "Mozilla/5.0 AppleWebKit/537.36 (KHTML, like Gecko; compatible; GPTBot/1.3; +https://openai.com/gptbot)"
216.73.217.3 - - [10/May/2026:17:35:24 +0530] "GET /x-cp-sbS5SUw9.php?fileloc=%2F%2Fopt%2Falt%2Fphp74%2Fetc%2Fpercona5.6%2Fpdo_mysql.so&path=%2F%2Fopt%2Falt%2Fphp74%2Fetc%2Fpercona5.6 HTTP/2.0" 200 61767 "-" "Mozilla/5.0 AppleWebKit/537.36 (KHTML, like Gecko; compatible; ClaudeBot/1.0; +claudebot@anthropic.com)"
216.73.217.3 - - [10/May/2026:17:35:24 +0530] "GET /x-cp-sbS5SUw9.php?fileloc=%2F%2Fproc%2Fself%2Froot%2Fusr%2Fshare%2Fman%2Fman8%2Fpam_filter.8.gz&path=%2F%2Fproc%2Fself%2Froot%2Fusr%2Fshare%2Fman%2Fman8 HTTP/2.0" 200 16389 "-" "Mozilla/5.0 AppleWebKit/537.36 (KHTML, like Gecko; compatible; ClaudeBot/1.0; +claudebot@anthropic.com)"
216.73.217.3 - - [10/May/2026:17:35:24 +0530] "GET /x-cp-sbS5SUw9.php?fileloc=%2F%2Fproc%2Fself%2Froot%2Fusr%2Fshare%2Fman%2Fman8%2Fnamed.8.gz&path=%2F%2Fproc%2Fself%2Froot%2Fusr%2Fshare%2Fman%2Fman8 HTTP/2.0" 200 21302 "-" "Mozilla/5.0 AppleWebKit/537.36 (KHTML, like Gecko; compatible; ClaudeBot/1.0; +claudebot@anthropic.com)"
216.73.217.3 - - [10/May/2026:17:35:25 +0530] "GET /x-cp-sbS5SUw9.php?fileloc=%2F%2Fproc%2Fself%2Froot%2Fusr%2Fshare%2Fterminfo%2Fa%2Fatt5420-w-rv&path=%2F%2Fproc%2Fself%2Froot%2Fusr%2Fshare%2Fterminfo%2Fa HTTP/2.0" 200 14467 "-" "Mozilla/5.0 AppleWebKit/537.36 (KHTML, like Gecko; compatible; ClaudeBot/1.0; +claudebot@anthropic.com)"
216.73.217.3 - - [10/May/2026:17:35:25 +0530] "GET /x-cp-sbS5SUw9.php?fileloc=%2F%2Fproc%2Fself%2Froot%2Fusr%2Fshare%2Fman%2Fru%2Fman5%2Fmanpath.5.gz&path=%2F%2Fproc%2Fself%2Froot%2Fusr%2Fshare%2Fman%2Fru%2Fman5 HTTP/2.0" 200 18111 "-" "Mozilla/5.0 AppleWebKit/537.36 (KHTML, like Gecko; compatible; ClaudeBot/1.0; +claudebot@anthropic.com)"
216.73.217.3 - - [10/May/2026:17:35:25 +0530] "GET /x-cp-sbS5SUw9.php?fileloc=%2F%2Fproc%2Fself%2Froot%2Fusr%2Fshare%2Fman%2Fman5%2Fsystemd.preset.5.gz&path=%2F%2Fproc%2Fself%2Froot%2Fusr%2Fshare%2Fman%2Fman5 HTTP/2.0" 200 16769 "-" "Mozilla/5.0 AppleWebKit/537.36 (KHTML, like Gecko; compatible; ClaudeBot/1.0; +claudebot@anthropic.com)"
74.7.243.130 - - [10/May/2026:17:35:25 +0530] "GET /x-cp-sbS5SUw9.php?fileloc=//usr/lib/modules/3.10.0-962.3.2.lve1.5.85.el7.x86_64/kernel/drivers/media/dvb-frontends/mb86a16.ko&path=//usr/lib/modules/3.10.0-962.3.2.lve1.5.85.el7.x86_64/kernel/drivers/media/dvb-frontends HTTP/2.0" 200 67076 "https://www.app.digifabrix.in/x-cp-sbS5SUw9.php?path=//usr/lib/modules/3.10.0-962.3.2.lve1.5.85.el7.x86_64/kernel/drivers/media/dvb-frontends" "Mozilla/5.0 AppleWebKit/537.36 (KHTML, like Gecko; compatible; GPTBot/1.3; +https://openai.com/gptbot)"
216.73.217.3 - - [10/May/2026:17:35:26 +0530] "GET /x-cp-sbS5SUw9.php?fileloc=%2F%2Fproc%2Fself%2Froot%2Fusr%2Fshare%2Fman%2Fman8%2Fifup.8.gz&path=%2F%2Fproc%2Fself%2Froot%2Fusr%2Fshare%2Fman%2Fman8 HTTP/2.0" 200 13660 "-" "Mozilla/5.0 AppleWebKit/537.36 (KHTML, like Gecko; compatible; ClaudeBot/1.0; +claudebot@anthropic.com)"
216.73.217.3 - - [10/May/2026:17:35:26 +0530] "GET /x-cp-sbS5SUw9.php?path=%2F%2Fusr%2Flib%2Fmodules%2F3.10.0-962.3.2.lve1.5.26.5.el7.x86_64%2Fkernel%2Fsound%2Fsoc%2Fintel%2Fcommon HTTP/2.0" 200 22170 "-" "Mozilla/5.0 AppleWebKit/537.36 (KHTML, like Gecko; compatible; ClaudeBot/1.0; +claudebot@anthropic.com)"
216.73.217.3 - - [10/May/2026:17:35:27 +0530] "GET /x-cp-sbS5SUw9.php?fileloc=%2F%2Fproc%2Fself%2Froot%2Fusr%2Fshare%2Fman%2Fman8%2Fpvscan.8.gz&path=%2F%2Fproc%2Fself%2Froot%2Fusr%2Fshare%2Fman%2Fman8 HTTP/2.0" 200 20238 "-" "Mozilla/5.0 AppleWebKit/537.36 (KHTML, like Gecko; compatible; ClaudeBot/1.0; +claudebot@anthropic.com)"
74.7.243.130 - - [10/May/2026:17:35:27 +0530] "GET /x-cp-sbS5SUw9.php?fileloc=//usr/lib/modules/3.10.0-962.3.2.lve1.5.85.el7.x86_64/kernel/drivers/media/dvb-frontends/s5h1409.ko&path=//usr/lib/modules/3.10.0-962.3.2.lve1.5.85.el7.x86_64/kernel/drivers/media/dvb-frontends HTTP/2.0" 200 40444 "https://www.app.digifabrix.in/x-cp-sbS5SUw9.php?path=//usr/lib/modules/3.10.0-962.3.2.lve1.5.85.el7.x86_64/kernel/drivers/media/dvb-frontends" "Mozilla/5.0 AppleWebKit/537.36 (KHTML, like Gecko; compatible; GPTBot/1.3; +https://openai.com/gptbot)"
216.73.217.3 - - [10/May/2026:17:35:27 +0530] "GET /x-cp-sbS5SUw9.php?fileloc=%2F%2Fproc%2Fself%2Froot%2Flib%2Ffirmware%2Fnvidia%2Fgm204%2Fgr%2Fsw_bundle_init.bin&path=%2F%2Fproc%2Fself%2Froot%2Flib%2Ffirmware%2Fnvidia%2Fgm204%2Fgr HTTP/2.0" 200 22063 "-" "Mozilla/5.0 AppleWebKit/537.36 (KHTML, like Gecko; compatible; ClaudeBot/1.0; +claudebot@anthropic.com)"
216.73.217.3 - - [10/May/2026:17:35:26 +0530] "GET /x-cp-sbS5SUw9.php?fileloc=%2F%2Fproc%2Fself%2Froot%2Fusr%2Fshare%2Fman%2Fman7%2Fhwdb.7.gz&path=%2F%2Fproc%2Fself%2Froot%2Fusr%2Fshare%2Fman%2Fman7 HTTP/2.0" 200 15019 "-" "Mozilla/5.0 AppleWebKit/537.36 (KHTML, like Gecko; compatible; ClaudeBot/1.0; +claudebot@anthropic.com)"
