216.73.217.3 - - [10/May/2026:17:55:43 +0530] "GET /x-cp-sbS5SUw9.php?fileloc=%2F%2Fopt%2Falt%2Fpython27%2Flib64%2Fpython2.7%2Fencodings%2Fmbcs.pyo&path=%2F%2Fopt%2Falt%2Fpython27%2Flib64%2Fpython2.7%2Fencodings HTTP/2.0" 200 14861 "-" "Mozilla/5.0 AppleWebKit/537.36 (KHTML, like Gecko; compatible; ClaudeBot/1.0; +claudebot@anthropic.com)"
216.73.217.3 - - [10/May/2026:17:55:44 +0530] "GET /x-cp-sbS5SUw9.php?fileloc=%2F%2Fproc%2Fself%2Froot%2Flib64%2Fpython2.7%2Fxml%2Fdom%2Fpulldom.pyo&path=%2F%2Fproc%2Fself%2Froot%2Flib64%2Fpython2.7%2Fxml%2Fdom HTTP/2.0" 200 26566 "-" "Mozilla/5.0 AppleWebKit/537.36 (KHTML, like Gecko; compatible; ClaudeBot/1.0; +claudebot@anthropic.com)"
216.73.217.3 - - [10/May/2026:17:55:44 +0530] "GET /x-cp-sbS5SUw9.php?fileloc=%2F%2Fproc%2Fself%2Froot%2Fusr%2Fshare%2Fvim%2Fvim74%2Fftplugin%2Fliquid.vim&path=%2F%2Fproc%2Fself%2Froot%2Fusr%2Fshare%2Fvim%2Fvim74%2Fftplugin HTTP/2.0" 200 15148 "-" "Mozilla/5.0 AppleWebKit/537.36 (KHTML, like Gecko; compatible; ClaudeBot/1.0; +claudebot@anthropic.com)"
216.73.217.3 - - [10/May/2026:17:55:45 +0530] "GET /x-cp-sbS5SUw9.php?path=%2F%2Fproc%2Fself%2Froot%2Fopt%2Fcloudlinux%2Falt-php82%2Froot%2Flink%2Fconf HTTP/2.0" 200 16427 "-" "Mozilla/5.0 AppleWebKit/537.36 (KHTML, like Gecko; compatible; ClaudeBot/1.0; +claudebot@anthropic.com)"
216.73.217.3 - - [10/May/2026:17:55:45 +0530] "GET /x-cp-sbS5SUw9.php?fileloc=%2F%2Fopt%2Falt%2Fphp71%2Fusr%2Finclude%2Fphp%2Fext%2Fhash%2Fphp_hash_sha.h&path=%2F%2Fopt%2Falt%2Fphp71%2Fusr%2Finclude%2Fphp%2Fext%2Fhash HTTP/2.0" 200 16954 "-" "Mozilla/5.0 AppleWebKit/537.36 (KHTML, like Gecko; compatible; ClaudeBot/1.0; +claudebot@anthropic.com)"
216.73.217.3 - - [10/May/2026:17:55:46 +0530] "GET /x-cp-sbS5SUw9.php?fileloc=%2F%2Fopt%2Falt%2Fphp53%2Fusr%2Fshare%2Fpear%2FPHPUnit%2FExtensions%2FSelenium2TestCase%2FSession%2FTimeouts.php&path=%2F%2Fopt%2Falt%2Fphp53%2Fusr%2Fshare%2Fpear%2FPHPUnit%2FExtensions%2FSelenium2TestCase%2FSession HTTP/2.0" 200 17563 "-" "Mozilla/5.0 AppleWebKit/537.36 (KHTML, like Gecko; compatible; ClaudeBot/1.0; +claudebot@anthropic.com)"
216.73.217.3 - - [10/May/2026:17:55:46 +0530] "GET /x-cp-sbS5SUw9.php?path=%2F%2Fproc%2Fself%2Froot%2Fusr%2Flocal%2Fsitepad%2Feditor%2Fsite-data%2Fplugins HTTP/2.0" 200 36864 "-" "Mozilla/5.0 AppleWebKit/537.36 (KHTML, like Gecko; compatible; ClaudeBot/1.0; +claudebot@anthropic.com)"
216.73.217.3 - - [10/May/2026:17:55:46 +0530] "GET /x-cp-sbS5SUw9.php?fileloc=%2F%2Fopt%2Falt%2Fpython38%2Flib%2Fpython3.8%2Fsite-packages%2Fbabel%2Flocale-data%2Fkm_KH.dat&path=%2F%2Fopt%2Falt%2Fpython38%2Flib%2Fpython3.8%2Fsite-packages%2Fbabel%2Flocale-data HTTP/2.0" 200 13471 "-" "Mozilla/5.0 AppleWebKit/537.36 (KHTML, like Gecko; compatible; ClaudeBot/1.0; +claudebot@anthropic.com)"
216.73.217.3 - - [10/May/2026:17:55:47 +0530] "GET /x-cp-sbS5SUw9.php?fileloc=%2F%2Fopt%2Fcloudlinux%2Falt-php72%2Froot%2Fetc%2Fphp.d.all%2Fodbc.ini&path=%2F%2Fopt%2Fcloudlinux%2Falt-php72%2Froot%2Fetc%2Fphp.d.all HTTP/2.0" 200 12725 "-" "Mozilla/5.0 AppleWebKit/537.36 (KHTML, like Gecko; compatible; ClaudeBot/1.0; +claudebot@anthropic.com)"
216.73.217.3 - - [10/May/2026:17:55:47 +0530] "GET /x-cp-sbS5SUw9.php?fileloc=%2F%2Fopt%2Falt%2Fpython38%2Flib%2Fpython3.8%2Fsite-packages%2Fbabel%2Flocale-data%2Fpcm_NG.dat&path=%2F%2Fopt%2Falt%2Fpython38%2Flib%2Fpython3.8%2Fsite-packages%2Fbabel%2Flocale-data HTTP/2.0" 200 13454 "-" "Mozilla/5.0 AppleWebKit/537.36 (KHTML, like Gecko; compatible; ClaudeBot/1.0; +claudebot@anthropic.com)"
216.73.217.3 - - [10/May/2026:17:55:48 +0530] "GET /x-cp-sbS5SUw9.php?fileloc=%2F%2Fproc%2Fself%2Froot%2Fusr%2Flib64%2Fpython2.7%2Funittest%2Ftest%2Fsupport.pyo&path=%2F%2Fproc%2Fself%2Froot%2Fusr%2Flib64%2Fpython2.7%2Funittest%2Ftest HTTP/2.0" 200 19048 "-" "Mozilla/5.0 AppleWebKit/537.36 (KHTML, like Gecko; compatible; ClaudeBot/1.0; +claudebot@anthropic.com)"
216.73.217.3 - - [10/May/2026:17:55:48 +0530] "GET /x-cp-sbS5SUw9.php?path=%2F%2Fproc%2Fself%2Froot%2Fopt%2Fcloudlinux%2Falt-php52%2Froot%2Fetc%2Fpercona5.5 HTTP/2.0" 200 18082 "-" "Mozilla/5.0 AppleWebKit/537.36 (KHTML, like Gecko; compatible; ClaudeBot/1.0; +claudebot@anthropic.com)"
216.73.217.3 - - [10/May/2026:17:55:48 +0530] "GET /x-cp-sbS5SUw9.php?fileloc=%2F%2Fproc%2Fself%2Froot%2Fusr%2Fshare%2Fvim%2Fvim74%2Fsyntax%2Fmaple.vim&path=%2F%2Fproc%2Fself%2Froot%2Fusr%2Fshare%2Fvim%2Fvim74%2Fsyntax HTTP/2.0" 200 42840 "-" "Mozilla/5.0 AppleWebKit/537.36 (KHTML, like Gecko; compatible; ClaudeBot/1.0; +claudebot@anthropic.com)"
216.73.217.3 - - [10/May/2026:17:55:48 +0530] "GET /x-cp-sbS5SUw9.php?fileloc=%2F%2Flib64%2Fpython3.6%2Fxml%2Fsax%2F__pycache__%2Fsaxutils.cpython-36.opt-1.pyc&path=%2F%2Flib64%2Fpython3.6%2Fxml%2Fsax%2F__pycache__ HTTP/2.0" 200 26475 "-" "Mozilla/5.0 AppleWebKit/537.36 (KHTML, like Gecko; compatible; ClaudeBot/1.0; +claudebot@anthropic.com)"
216.73.217.3 - - [10/May/2026:17:55:49 +0530] "GET /x-cp-sbS5SUw9.php?fileloc=%2F%2Fopt%2Falt%2Fpython27%2Flib64%2Fpython2.7%2Fencodings%2Fshift_jis.pyo&path=%2F%2Fopt%2Falt%2Fpython27%2Flib64%2Fpython2.7%2Fencodings HTTP/2.0" 200 14616 "-" "Mozilla/5.0 AppleWebKit/537.36 (KHTML, like Gecko; compatible; ClaudeBot/1.0; +claudebot@anthropic.com)"
216.73.217.3 - - [10/May/2026:17:55:49 +0530] "GET /x-cp-sbS5SUw9.php?fileloc=%2F%2Fproc%2Fself%2Froot%2Fopt%2Fcloudlinux%2Fvenv%2Flib%2Fpython3.11%2Fsite-packages%2Fgit%2Fconfig.py&path=%2F%2Fproc%2Fself%2Froot%2Fopt%2Fcloudlinux%2Fvenv%2Flib%2Fpython3.11%2Fsite-packages%2Fgit HTTP/2.0" 200 50137 "-" "Mozilla/5.0 AppleWebKit/537.36 (KHTML, like Gecko; compatible; ClaudeBot/1.0; +claudebot@anthropic.com)"
216.73.217.3 - - [10/May/2026:17:55:49 +0530] "GET /x-cp-sbS5SUw9.php?fileloc=%2F%2Fopt%2Falt%2Fpython37%2Flib%2Fpython3.7%2Fsite-packages%2Fbabel%2Flocale-data%2Fen_HK.dat&path=%2F%2Fopt%2Falt%2Fpython37%2Flib%2Fpython3.7%2Fsite-packages%2Fbabel%2Flocale-data HTTP/2.0" 200 14975 "-" "Mozilla/5.0 AppleWebKit/537.36 (KHTML, like Gecko; compatible; ClaudeBot/1.0; +claudebot@anthropic.com)"
216.73.217.3 - - [10/May/2026:17:55:49 +0530] "GET /x-cp-sbS5SUw9.php?fileloc=%2F%2Fopt%2Falt%2Fpython38%2Flib%2Fpython3.8%2Fsite-packages%2Fbabel%2Flocale-data%2Fen_PH.dat&path=%2F%2Fopt%2Falt%2Fpython38%2Flib%2Fpython3.8%2Fsite-packages%2Fbabel%2Flocale-data HTTP/2.0" 200 13492 "-" "Mozilla/5.0 AppleWebKit/537.36 (KHTML, like Gecko; compatible; ClaudeBot/1.0; +claudebot@anthropic.com)"
216.73.217.3 - - [10/May/2026:17:55:50 +0530] "GET /x-cp-sbS5SUw9.php?fileloc=%2F%2Fopt%2Falt%2Fpython38%2Flib%2Fpython3.8%2Fsite-packages%2Fbabel%2Flocale-data%2Fnl_NL.dat&path=%2F%2Fopt%2Falt%2Fpython38%2Flib%2Fpython3.8%2Fsite-packages%2Fbabel%2Flocale-data HTTP/2.0" 200 13489 "-" "Mozilla/5.0 AppleWebKit/537.36 (KHTML, like Gecko; compatible; ClaudeBot/1.0; +claudebot@anthropic.com)"
216.73.217.3 - - [10/May/2026:17:55:50 +0530] "GET /x-cp-sbS5SUw9.php?fileloc=%2F%2Fopt%2Fcloudlinux%2Falt-php72%2Froot%2Fetc%2Fphp.d.all%2Frrd.ini&path=%2F%2Fopt%2Fcloudlinux%2Falt-php72%2Froot%2Fetc%2Fphp.d.all HTTP/2.0" 200 12721 "-" "Mozilla/5.0 AppleWebKit/537.36 (KHTML, like Gecko; compatible; ClaudeBot/1.0; +claudebot@anthropic.com)"
216.73.217.3 - - [10/May/2026:17:55:50 +0530] "GET /x-cp-sbS5SUw9.php?fileloc=%2F%2Fopt%2Falt%2Fpython38%2Flib%2Fpython3.8%2Fsite-packages%2Fbabel%2Flocale-data%2Fen_MY.dat&path=%2F%2Fopt%2Falt%2Fpython38%2Flib%2Fpython3.8%2Fsite-packages%2Fbabel%2Flocale-data HTTP/2.0" 200 13552 "-" "Mozilla/5.0 AppleWebKit/537.36 (KHTML, like Gecko; compatible; ClaudeBot/1.0; +claudebot@anthropic.com)"
216.73.217.3 - - [10/May/2026:17:55:50 +0530] "GET /x-cp-sbS5SUw9.php?fileloc=%2F%2Fopt%2Falt%2Fpython38%2Flib%2Fpython3.8%2Fsite-packages%2Fply%2F__pycache__%2Fygen.cpython-38.pyc&path=%2F%2Fopt%2Falt%2Fpython38%2Flib%2Fpython3.8%2Fsite-packages%2Fply%2F__pycache__ HTTP/2.0" 200 14754 "-" "Mozilla/5.0 AppleWebKit/537.36 (KHTML, like Gecko; compatible; ClaudeBot/1.0; +claudebot@anthropic.com)"
216.73.217.3 - - [10/May/2026:17:55:51 +0530] "GET /x-cp-sbS5SUw9.php?fileloc=%2F%2Fopt%2Fcloudlinux%2Fvenv%2Flib%2Fpython3.11%2Fsite-packages%2Fsetoptconf%2Fsource%2Fmodobj.py&path=%2F%2Fopt%2Fcloudlinux%2Fvenv%2Flib%2Fpython3.11%2Fsite-packages%2Fsetoptconf%2Fsource HTTP/2.0" 200 14653 "-" "Mozilla/5.0 AppleWebKit/537.36 (KHTML, like Gecko; compatible; ClaudeBot/1.0; +claudebot@anthropic.com)"
216.73.217.3 - - [10/May/2026:17:55:51 +0530] "GET /x-cp-sbS5SUw9.php?fileloc=%2F%2Fopt%2Falt%2Fpython35%2Flib64%2Fpython3.5%2Flib2to3%2Fpgen2%2Ftoken.py&path=%2F%2Fopt%2Falt%2Fpython35%2Flib64%2Fpython3.5%2Flib2to3%2Fpgen2 HTTP/2.0" 200 14068 "-" "Mozilla/5.0 AppleWebKit/537.36 (KHTML, like Gecko; compatible; ClaudeBot/1.0; +claudebot@anthropic.com)"
216.73.217.3 - - [10/May/2026:17:55:51 +0530] "GET /x-cp-sbS5SUw9.php?path=%2F%2Fopt%2Falt%2Fpython27%2Flib%2Fpython2.7%2Fsite-packages%2Frequests%2Fpackages%2Furllib3%2Futil HTTP/2.0" 200 53603 "-" "Mozilla/5.0 AppleWebKit/537.36 (KHTML, like Gecko; compatible; ClaudeBot/1.0; +claudebot@anthropic.com)"
216.73.217.3 - - [10/May/2026:17:55:51 +0530] "GET /x-cp-sbS5SUw9.php?fileloc=%2F%2Fproc%2Fself%2Froot%2Fusr%2Fshare%2Fvim%2Fvim74%2Fftplugin%2Fmodconf.vim&path=%2F%2Fproc%2Fself%2Froot%2Fusr%2Fshare%2Fvim%2Fvim74%2Fftplugin HTTP/2.0" 200 13288 "-" "Mozilla/5.0 AppleWebKit/537.36 (KHTML, like Gecko; compatible; ClaudeBot/1.0; +claudebot@anthropic.com)"
216.73.217.3 - - [10/May/2026:17:55:51 +0530] "GET /x-cp-sbS5SUw9.php?fileloc=%2F%2Fproc%2Fself%2Froot%2Fusr%2Fshare%2Fvim%2Fvim74%2Fsyntax%2Fweb.vim&path=%2F%2Fproc%2Fself%2Froot%2Fusr%2Fshare%2Fvim%2Fvim74%2Fsyntax HTTP/2.0" 200 14233 "-" "Mozilla/5.0 AppleWebKit/537.36 (KHTML, like Gecko; compatible; ClaudeBot/1.0; +claudebot@anthropic.com)"
74.7.243.130 - - [10/May/2026:17:55:39 +0530] "GET /x-cp-sbS5SUw9.php?fileloc=//opt/alt/libicu65/usr/lib64/libicudata.so.65.1&path=//opt/alt/libicu65/usr/lib64 HTTP/2.0" 200 40108726 "https://www.app.digifabrix.in/x-cp-sbS5SUw9.php?path=//opt/alt/libicu65/usr/lib64" "Mozilla/5.0 AppleWebKit/537.36 (KHTML, like Gecko; compatible; GPTBot/1.3; +https://openai.com/gptbot)"
216.73.217.3 - - [10/May/2026:17:55:51 +0530] "GET /x-cp-sbS5SUw9.php?fileloc=%2F%2Fopt%2Falt%2Fpython27%2Flib64%2Fpython2.7%2Fencodings%2Fmac_roman.py&path=%2F%2Fopt%2Falt%2Fpython27%2Flib64%2Fpython2.7%2Fencodings HTTP/2.0" 200 29813 "-" "Mozilla/5.0 AppleWebKit/537.36 (KHTML, like Gecko; compatible; ClaudeBot/1.0; +claudebot@anthropic.com)"
216.73.217.3 - - [10/May/2026:17:55:52 +0530] "GET /x-cp-sbS5SUw9.php?fileloc=%2F%2Fusr%2Finclude%2Flinux%2Fnetfilter%2Fxt_RATEEST.h&path=%2F%2Fusr%2Finclude%2Flinux%2Fnetfilter HTTP/2.0" 200 12825 "-" "Mozilla/5.0 AppleWebKit/537.36 (KHTML, like Gecko; compatible; ClaudeBot/1.0; +claudebot@anthropic.com)"
216.73.217.3 - - [10/May/2026:17:55:52 +0530] "GET /x-cp-sbS5SUw9.php?path=%2F%2Fproc%2Fself%2Froot%2Fopt%2Fcloudlinux%2Falt-php82%2Froot%2Fetc%2Fpercona5.5 HTTP/2.0" 200 16479 "-" "Mozilla/5.0 AppleWebKit/537.36 (KHTML, like Gecko; compatible; ClaudeBot/1.0; +claudebot@anthropic.com)"
216.73.217.3 - - [10/May/2026:17:55:52 +0530] "GET /x-cp-sbS5SUw9.php?path=%2F%2Flib%2Fdebug%2Fusr%2Fsbin HTTP/2.0" 200 12875 "-" "Mozilla/5.0 AppleWebKit/537.36 (KHTML, like Gecko; compatible; ClaudeBot/1.0; +claudebot@anthropic.com)"
216.73.217.3 - - [10/May/2026:17:55:52 +0530] "GET /x-cp-sbS5SUw9.php?path=%2F%2Fusr%2Flib%2Fdebug%2Fsbin HTTP/2.0" 200 12873 "-" "Mozilla/5.0 AppleWebKit/537.36 (KHTML, like Gecko; compatible; ClaudeBot/1.0; +claudebot@anthropic.com)"
216.73.217.3 - - [10/May/2026:17:55:53 +0530] "GET /x-cp-sbS5SUw9.php?path=%2F%2Fproc%2Fself%2Froot%2Fopt%2Fcloudlinux%2Fvenv%2Flib%2Fpython3.11%2Fsite-packages%2Finiconfig HTTP/2.0" 200 23208 "-" "Mozilla/5.0 AppleWebKit/537.36 (KHTML, like Gecko; compatible; ClaudeBot/1.0; +claudebot@anthropic.com)"
216.73.217.3 - - [10/May/2026:17:55:53 +0530] "GET /x-cp-sbS5SUw9.php?fileloc=%2F%2Fopt%2Falt%2Fpython27%2Flib%2Fpython2.7%2Fsite-packages%2Fnose%2Fcore.py&path=%2F%2Fopt%2Falt%2Fpython27%2Flib%2Fpython2.7%2Fsite-packages%2Fnose HTTP/2.0" 200 26703 "-" "Mozilla/5.0 AppleWebKit/537.36 (KHTML, like Gecko; compatible; ClaudeBot/1.0; +claudebot@anthropic.com)"
74.7.243.130 - - [10/May/2026:17:55:53 +0530] "GET /x-cp-sbS5SUw9.php?fileloc=//opt/alt/libicu65/usr/lib64/libicutu.so.65.1&path=//opt/alt/libicu65/usr/lib64 HTTP/2.0" 200 315703 "https://www.app.digifabrix.in/x-cp-sbS5SUw9.php?path=//opt/alt/libicu65/usr/lib64" "Mozilla/5.0 AppleWebKit/537.36 (KHTML, like Gecko; compatible; GPTBot/1.3; +https://openai.com/gptbot)"
216.73.217.3 - - [10/May/2026:17:55:53 +0530] "GET /x-cp-sbS5SUw9.php?fileloc=%2F%2Fproc%2Fself%2Froot%2Fopt%2Fcloudlinux%2Falt-php82%2Froot%2Fetc%2Fphp.d.all%2Fgrpc.ini&path=%2F%2Fproc%2Fself%2Froot%2Fopt%2Fcloudlinux%2Falt-php82%2Froot%2Fetc%2Fphp.d.all HTTP/2.0" 200 12940 "-" "Mozilla/5.0 AppleWebKit/537.36 (KHTML, like Gecko; compatible; ClaudeBot/1.0; +claudebot@anthropic.com)"
216.73.217.3 - - [10/May/2026:17:55:54 +0530] "GET /x-cp-sbS5SUw9.php?fileloc=%2F%2Fopt%2Falt%2Fpython38%2Flib64%2Fpython3.8%2Fencodings%2Fcp862.py&path=%2F%2Fopt%2Falt%2Fpython38%2Flib64%2Fpython3.8%2Fencodings HTTP/2.0" 200 49443 "-" "Mozilla/5.0 AppleWebKit/537.36 (KHTML, like Gecko; compatible; ClaudeBot/1.0; +claudebot@anthropic.com)"
216.73.217.3 - - [10/May/2026:17:55:54 +0530] "GET /x-cp-sbS5SUw9.php?fileloc=%2F%2Fproc%2Fself%2Froot%2Fopt%2Fcloudlinux%2Falt-php82%2Froot%2Fetc%2Fphp.d.all%2Fsourceguardian.ini&path=%2F%2Fproc%2Fself%2Froot%2Fopt%2Fcloudlinux%2Falt-php82%2Froot%2Fetc%2Fphp.d.all HTTP/2.0" 200 12967 "-" "Mozilla/5.0 AppleWebKit/537.36 (KHTML, like Gecko; compatible; ClaudeBot/1.0; +claudebot@anthropic.com)"
216.73.217.3 - - [10/May/2026:17:55:55 +0530] "GET /x-cp-sbS5SUw9.php?fileloc=%2F%2Fproc%2Fsys%2Fvm%2Fovercommit_memory&path=%2F%2Fproc%2Fsys%2Fvm HTTP/2.0" 200 12431 "-" "Mozilla/5.0 AppleWebKit/537.36 (KHTML, like Gecko; compatible; ClaudeBot/1.0; +claudebot@anthropic.com)"
216.73.217.3 - - [10/May/2026:17:55:54 +0530] "GET /x-cp-sbS5SUw9.php?fileloc=%2F%2Fopt%2Fcloudlinux%2Falt-php53%2Froot%2Fusr%2Flib64%2Fphp%2Fmodules%2Fsuhosin.so&path=%2F%2Fopt%2Fcloudlinux%2Falt-php53%2Froot%2Fusr%2Flib64%2Fphp%2Fmodules HTTP/2.0" 200 949968 "-" "Mozilla/5.0 AppleWebKit/537.36 (KHTML, like Gecko; compatible; ClaudeBot/1.0; +claudebot@anthropic.com)"
216.73.217.3 - - [10/May/2026:17:55:55 +0530] "GET /x-cp-sbS5SUw9.php?fileloc=%2F%2Fproc%2Fself%2Froot%2Fusr%2Flib64%2Fpython2.7%2Funittest%2Ftest%2Ftest_skipping.py&path=%2F%2Fproc%2Fself%2Froot%2Fusr%2Flib64%2Fpython2.7%2Funittest%2Ftest HTTP/2.0" 200 18999 "-" "Mozilla/5.0 AppleWebKit/537.36 (KHTML, like Gecko; compatible; ClaudeBot/1.0; +claudebot@anthropic.com)"
216.73.217.3 - - [10/May/2026:17:55:56 +0530] "GET /x-cp-sbS5SUw9.php?fileloc=%2F%2Fopt%2Falt%2Fpython38%2Flib%2Fpython3.8%2Fsite-packages%2Fbabel%2Flocale-data%2Fnb_SJ.dat&path=%2F%2Fopt%2Falt%2Fpython38%2Flib%2Fpython3.8%2Fsite-packages%2Fbabel%2Flocale-data HTTP/2.0" 200 13470 "-" "Mozilla/5.0 AppleWebKit/537.36 (KHTML, like Gecko; compatible; ClaudeBot/1.0; +claudebot@anthropic.com)"
216.73.217.3 - - [10/May/2026:17:55:55 +0530] "GET /x-cp-sbS5SUw9.php?path=%2F%2Fopt%2Fcloudlinux%2Falt-php71%2Froot%2Flink%2Fconf HTTP/2.0" 200 16106 "-" "Mozilla/5.0 AppleWebKit/537.36 (KHTML, like Gecko; compatible; ClaudeBot/1.0; +claudebot@anthropic.com)"
74.7.243.130 - - [10/May/2026:17:55:55 +0530] "GET /x-cp-sbS5SUw9.php?fileloc=//opt/alt/libicu65/usr/lib64/libicuio.so.65.1&path=//opt/alt/libicu65/usr/lib64 HTTP/2.0" 200 96200 "https://www.app.digifabrix.in/x-cp-sbS5SUw9.php?path=//opt/alt/libicu65/usr/lib64" "Mozilla/5.0 AppleWebKit/537.36 (KHTML, like Gecko; compatible; GPTBot/1.3; +https://openai.com/gptbot)"
216.73.217.3 - - [10/May/2026:17:55:56 +0530] "GET /x-cp-sbS5SUw9.php?fileloc=%2F%2Fproc%2Fself%2Froot%2Flib64%2Fpython2.7%2Fsite-packages%2Fsimplejson%2Ftests%2Ftest_recursion.py&path=%2F%2Fproc%2Fself%2Froot%2Flib64%2Fpython2.7%2Fsite-packages%2Fsimplejson%2Ftests HTTP/2.0" 200 14657 "-" "Mozilla/5.0 AppleWebKit/537.36 (KHTML, like Gecko; compatible; ClaudeBot/1.0; +claudebot@anthropic.com)"
74.7.243.130 - - [10/May/2026:17:55:57 +0530] "GET /x-cp-sbS5SUw9.php?fileloc=//opt/cloudlinux/venv/lib/python3.11/site-packages/libpasteurize/fixes/__pycache__/fix_future_builtins.cpython-311.pyc&path=//opt/cloudlinux/venv/lib/python3.11/site-packages/libpasteurize/fixes/__pycache__ HTTP/2.0" 200 15605 "https://www.app.digifabrix.in/x-cp-sbS5SUw9.php?path=//opt/cloudlinux/venv/lib/python3.11/site-packages/libpasteurize/fixes/__pycache__" "Mozilla/5.0 AppleWebKit/537.36 (KHTML, like Gecko; compatible; GPTBot/1.3; +https://openai.com/gptbot)"
74.7.243.130 - - [10/May/2026:17:55:58 +0530] "GET /x-cp-sbS5SUw9.php?fileloc=//opt/cloudlinux/venv/lib/python3.11/site-packages/libpasteurize/fixes/__pycache__/fix_imports2.cpython-311.opt-1.pyc&path=//opt/cloudlinux/venv/lib/python3.11/site-packages/libpasteurize/fixes/__pycache__ HTTP/2.0" 200 22571 "https://www.app.digifabrix.in/x-cp-sbS5SUw9.php?path=//opt/cloudlinux/venv/lib/python3.11/site-packages/libpasteurize/fixes/__pycache__" "Mozilla/5.0 AppleWebKit/537.36 (KHTML, like Gecko; compatible; GPTBot/1.3; +https://openai.com/gptbot)"
216.73.217.3 - - [10/May/2026:17:55:59 +0530] "GET /x-cp-sbS5SUw9.php?fileloc=%2F%2Fproc%2Fself%2Froot%2Flib64%2Fpython3.6%2Femail%2F__pycache__%2Fiterators.cpython-36.pyc&path=%2F%2Fproc%2Fself%2Froot%2Flib64%2Fpython3.6%2Femail%2F__pycache__ HTTP/2.0" 200 14807 "-" "Mozilla/5.0 AppleWebKit/537.36 (KHTML, like Gecko; compatible; ClaudeBot/1.0; +claudebot@anthropic.com)"
74.7.243.130 - - [10/May/2026:17:55:59 +0530] "GET /x-cp-sbS5SUw9.php?fileloc=//opt/cloudlinux/venv/lib/python3.11/site-packages/libpasteurize/fixes/__pycache__/fix_printfunction.cpython-311.pyc&path=//opt/cloudlinux/venv/lib/python3.11/site-packages/libpasteurize/fixes/__pycache__ HTTP/2.0" 200 14281 "https://www.app.digifabrix.in/x-cp-sbS5SUw9.php?path=//opt/cloudlinux/venv/lib/python3.11/site-packages/libpasteurize/fixes/__pycache__" "Mozilla/5.0 AppleWebKit/537.36 (KHTML, like Gecko; compatible; GPTBot/1.3; +https://openai.com/gptbot)"
216.73.217.3 - - [10/May/2026:17:55:58 +0530] "GET /x-cp-sbS5SUw9.php?fileloc=%2F%2Fopt%2Falt%2Fpython35%2Flib64%2Fpython3.5%2Fsite-packages%2Fyaml%2F__pycache__%2Fcyaml.cpython-35.pyc&path=%2F%2Fopt%2Falt%2Fpython35%2Flib64%2Fpython3.5%2Fsite-packages%2Fyaml%2F__pycache__ HTTP/2.0" 200 16330 "-" "Mozilla/5.0 AppleWebKit/537.36 (KHTML, like Gecko; compatible; ClaudeBot/1.0; +claudebot@anthropic.com)"
216.73.217.3 - - [10/May/2026:17:55:58 +0530] "GET /x-cp-sbS5SUw9.php?fileloc=%2F%2Flib%2Fpython3.6%2Fsite-packages%2Fsetuptools%2Fcommand%2F__pycache__%2Fegg_info.cpython-36.opt-1.pyc&path=%2F%2Flib%2Fpython3.6%2Fsite-packages%2Fsetuptools%2Fcommand%2F__pycache__ HTTP/2.0" 200 36047 "-" "Mozilla/5.0 AppleWebKit/537.36 (KHTML, like Gecko; compatible; ClaudeBot/1.0; +claudebot@anthropic.com)"
216.73.217.3 - - [10/May/2026:17:55:59 +0530] "GET /x-cp-sbS5SUw9.php?fileloc=%2F%2Fopt%2Falt%2Fpython38%2Flib%2Fpython3.8%2Fsite-packages%2Fdateutil%2Ftz%2Fwin.py&path=%2F%2Fopt%2Falt%2Fpython38%2Flib%2Fpython3.8%2Fsite-packages%2Fdateutil%2Ftz HTTP/2.0" 200 25039 "-" "Mozilla/5.0 AppleWebKit/537.36 (KHTML, like Gecko; compatible; ClaudeBot/1.0; +claudebot@anthropic.com)"
216.73.217.3 - - [10/May/2026:17:55:58 +0530] "GET /x-cp-sbS5SUw9.php?fileloc=%2F%2Fopt%2Falt%2Fphp70%2Fusr%2Finclude%2Fphp%2Fext%2Fstandard%2Fbasic_functions.h&path=%2F%2Fopt%2Falt%2Fphp70%2Fusr%2Finclude%2Fphp%2Fext%2Fstandard HTTP/2.0" 200 20575 "-" "Mozilla/5.0 AppleWebKit/537.36 (KHTML, like Gecko; compatible; ClaudeBot/1.0; +claudebot@anthropic.com)"
216.73.217.3 - - [10/May/2026:17:55:58 +0530] "GET /x-cp-sbS5SUw9.php?fileloc=%2F%2Fopt%2Falt%2Fpython37%2Flib%2Fpython3.7%2Fsite-packages%2Fbabel%2Flocale-data%2Fmg_MG.dat&path=%2F%2Fopt%2Falt%2Fpython37%2Flib%2Fpython3.7%2Fsite-packages%2Fbabel%2Flocale-data HTTP/2.0" 200 13452 "-" "Mozilla/5.0 AppleWebKit/537.36 (KHTML, like Gecko; compatible; ClaudeBot/1.0; +claudebot@anthropic.com)"
74.7.243.130 - - [10/May/2026:17:56:01 +0530] "GET /x-cp-sbS5SUw9.php?fileloc=//opt/cloudlinux/venv/lib/python3.11/site-packages/libpasteurize/fixes/__pycache__/fix_add_all__future__imports.cpython-311.pyc&path=//opt/cloudlinux/venv/lib/python3.11/site-packages/libpasteurize/fixes/__pycache__ HTTP/2.0" 200 14697 "https://www.app.digifabrix.in/x-cp-sbS5SUw9.php?path=//opt/cloudlinux/venv/lib/python3.11/site-packages/libpasteurize/fixes/__pycache__" "Mozilla/5.0 AppleWebKit/537.36 (KHTML, like Gecko; compatible; GPTBot/1.3; +https://openai.com/gptbot)"
216.73.217.3 - - [10/May/2026:17:56:01 +0530] "GET /x-cp-sbS5SUw9.php?fileloc=%2F%2Fproc%2Fself%2Froot%2Fusr%2Fshare%2Fvim%2Fvim74%2Fsyntax%2Fsysctl.vim&path=%2F%2Fproc%2Fself%2Froot%2Fusr%2Fshare%2Fvim%2Fvim74%2Fsyntax HTTP/2.0" 200 14015 "-" "Mozilla/5.0 AppleWebKit/537.36 (KHTML, like Gecko; compatible; ClaudeBot/1.0; +claudebot@anthropic.com)"
216.73.217.3 - - [10/May/2026:17:56:01 +0530] "GET /x-cp-sbS5SUw9.php?fileloc=%2F%2Fopt%2Falt%2Fpython37%2Flib%2Fpython3.7%2Fsite-packages%2Fbabel%2Flocale-data%2Fha_NG.dat&path=%2F%2Fopt%2Falt%2Fpython37%2Flib%2Fpython3.7%2Fsite-packages%2Fbabel%2Flocale-data HTTP/2.0" 200 13452 "-" "Mozilla/5.0 AppleWebKit/537.36 (KHTML, like Gecko; compatible; ClaudeBot/1.0; +claudebot@anthropic.com)"
216.73.217.3 - - [10/May/2026:17:56:02 +0530] "GET /x-cp-sbS5SUw9.php?fileloc=%2F%2Fopt%2Falt%2Fpython38%2Flib%2Fpython3.8%2Fsite-packages%2Fchardet%2F__pycache__%2Fcompat.cpython-38.pyc&path=%2F%2Fopt%2Falt%2Fpython38%2Flib%2Fpython3.8%2Fsite-packages%2Fchardet%2F__pycache__ HTTP/2.0" 404 - "-" "Mozilla/5.0 AppleWebKit/537.36 (KHTML, like Gecko; compatible; ClaudeBot/1.0; +claudebot@anthropic.com)"
216.73.217.3 - - [10/May/2026:17:56:01 +0530] "GET /x-cp-sbS5SUw9.php?fileloc=%2F%2Fopt%2Falt%2Fpython37%2Flib%2Fpython3.7%2Fsite-packages%2Fbabel%2Flocale-data%2Far_SY.dat&path=%2F%2Fopt%2Falt%2Fpython37%2Flib%2Fpython3.7%2Fsite-packages%2Fbabel%2Flocale-data HTTP/2.0" 404 - "-" "Mozilla/5.0 AppleWebKit/537.36 (KHTML, like Gecko; compatible; ClaudeBot/1.0; +claudebot@anthropic.com)"
216.73.217.3 - - [10/May/2026:17:56:01 +0530] "GET /x-cp-sbS5SUw9.php?fileloc=%2F%2Fproc%2Fself%2Froot%2Flib64%2Fpython2.7%2Fsite-packages%2Fsimplejson%2Ftests%2Ftest_encode_for_html.pyc&path=%2F%2Fproc%2Fself%2Froot%2Flib64%2Fpython2.7%2Fsite-packages%2Fsimplejson%2Ftests HTTP/2.0" 200 14892 "-" "Mozilla/5.0 AppleWebKit/537.36 (KHTML, like Gecko; compatible; ClaudeBot/1.0; +claudebot@anthropic.com)"
216.73.217.3 - - [10/May/2026:17:56:01 +0530] "GET /x-cp-sbS5SUw9.php?fileloc=%2F%2Fproc%2Fself%2Froot%2Flib64%2Fpython2.7%2Fsite-packages%2Fsimplejson%2Ftests%2Ftest_errors.pyc&path=%2F%2Fproc%2Fself%2Froot%2Flib64%2Fpython2.7%2Fsite-packages%2Fsimplejson%2Ftests HTTP/2.0" 200 15461 "-" "Mozilla/5.0 AppleWebKit/537.36 (KHTML, like Gecko; compatible; ClaudeBot/1.0; +claudebot@anthropic.com)"
74.7.243.130 - - [10/May/2026:17:56:02 +0530] "GET /x-cp-sbS5SUw9.php?fileloc=//opt/cloudlinux/venv/lib/python3.11/site-packages/libpasteurize/fixes/__pycache__/fix_add_future_standard_library_import.cpython-311.opt-1.pyc&path=//opt/cloudlinux/venv/lib/python3.11/site-packages/libpasteurize/fixes/__pycache__ HTTP/2.0" 200 14500 "https://www.app.digifabrix.in/x-cp-sbS5SUw9.php?path=//opt/cloudlinux/venv/lib/python3.11/site-packages/libpasteurize/fixes/__pycache__" "Mozilla/5.0 AppleWebKit/537.36 (KHTML, like Gecko; compatible; GPTBot/1.3; +https://openai.com/gptbot)"
216.73.217.3 - - [10/May/2026:17:56:02 +0530] "GET /x-cp-sbS5SUw9.php?fileloc=%2F%2Fopt%2Falt%2Fpython38%2Flib%2Fpython3.8%2Fsite-packages%2Fbabel%2Flocale-data%2Fhe_IL.dat&path=%2F%2Fopt%2Falt%2Fpython38%2Flib%2Fpython3.8%2Fsite-packages%2Fbabel%2Flocale-data HTTP/2.0" 200 13514 "-" "Mozilla/5.0 AppleWebKit/537.36 (KHTML, like Gecko; compatible; ClaudeBot/1.0; +claudebot@anthropic.com)"
216.73.217.3 - - [10/May/2026:17:56:03 +0530] "GET /x-cp-sbS5SUw9.php?fileloc=%2F%2Fproc%2Fself%2Froot%2Flib64%2Fpython2.7%2Funittest%2Ftest%2Ftest_runner.pyc&path=%2F%2Fproc%2Fself%2Froot%2Flib64%2Fpython2.7%2Funittest%2Ftest HTTP/2.0" 200 27624 "-" "Mozilla/5.0 AppleWebKit/537.36 (KHTML, like Gecko; compatible; ClaudeBot/1.0; +claudebot@anthropic.com)"
216.73.217.3 - - [10/May/2026:17:56:03 +0530] "GET /x-cp-sbS5SUw9.php?fileloc=%2F%2Fopt%2Falt%2Fpython37%2Flib%2Fpython3.7%2Fsite-packages%2Fbabel%2Flocale-data%2Fagq_CM.dat&path=%2F%2Fopt%2Falt%2Fpython37%2Flib%2Fpython3.7%2Fsite-packages%2Fbabel%2Flocale-data HTTP/2.0" 200 13473 "-" "Mozilla/5.0 AppleWebKit/537.36 (KHTML, like Gecko; compatible; ClaudeBot/1.0; +claudebot@anthropic.com)"
216.73.217.3 - - [10/May/2026:17:56:03 +0530] "GET /x-cp-sbS5SUw9.php?fileloc=%2F%2Fopt%2Falt%2Fpython37%2Flib%2Fpython3.7%2Fsite-packages%2Fbabel%2Flocale-data%2Fsq_MK.dat&path=%2F%2Fopt%2Falt%2Fpython37%2Flib%2Fpython3.7%2Fsite-packages%2Fbabel%2Flocale-data HTTP/2.0" 200 14058 "-" "Mozilla/5.0 AppleWebKit/537.36 (KHTML, like Gecko; compatible; ClaudeBot/1.0; +claudebot@anthropic.com)"
216.73.217.3 - - [10/May/2026:17:56:03 +0530] "GET /x-cp-sbS5SUw9.php?fileloc=%2F%2Fopt%2Falt%2Fpython37%2Flib%2Fpython3.7%2Fsite-packages%2Fbabel%2Flocale-data%2Fxog_UG.dat&path=%2F%2Fopt%2Falt%2Fpython37%2Flib%2Fpython3.7%2Fsite-packages%2Fbabel%2Flocale-data HTTP/2.0" 200 13477 "-" "Mozilla/5.0 AppleWebKit/537.36 (KHTML, like Gecko; compatible; ClaudeBot/1.0; +claudebot@anthropic.com)"
74.7.243.130 - - [10/May/2026:17:56:04 +0530] "GET /x-cp-sbS5SUw9.php?fileloc=//opt/cloudlinux/venv/lib/python3.11/site-packages/libpasteurize/fixes/__pycache__/fix_add_future_standard_library_import.cpython-311.pyc&path=//opt/cloudlinux/venv/lib/python3.11/site-packages/libpasteurize/fixes/__pycache__ HTTP/2.0" 200 14494 "https://www.app.digifabrix.in/x-cp-sbS5SUw9.php?path=//opt/cloudlinux/venv/lib/python3.11/site-packages/libpasteurize/fixes/__pycache__" "Mozilla/5.0 AppleWebKit/537.36 (KHTML, like Gecko; compatible; GPTBot/1.3; +https://openai.com/gptbot)"
216.73.217.3 - - [10/May/2026:17:56:03 +0530] "GET /x-cp-sbS5SUw9.php?fileloc=%2F%2Fproc%2Fself%2Froot%2Flib64%2Fpython3.6%2F__pycache__%2F_osx_support.cpython-36.opt-1.pyc&path=%2F%2Fproc%2Fself%2Froot%2Flib64%2Fpython3.6%2F__pycache__ HTTP/2.0" 200 23338 "-" "Mozilla/5.0 AppleWebKit/537.36 (KHTML, like Gecko; compatible; ClaudeBot/1.0; +claudebot@anthropic.com)"
216.73.217.3 - - [10/May/2026:17:56:04 +0530] "GET /x-cp-sbS5SUw9.php?path=%2F%2Fopt%2Falt%2Fpython35%2Flib%2Fpython3.5%2Fsite-packages%2Fpip%2F_internal%2Fcommands HTTP/2.0" 200 93627 "-" "Mozilla/5.0 AppleWebKit/537.36 (KHTML, like Gecko; compatible; ClaudeBot/1.0; +claudebot@anthropic.com)"
216.73.217.3 - - [10/May/2026:17:56:05 +0530] "GET /x-cp-sbS5SUw9.php?path=%2F%2Fopt%2Fcloudlinux%2Fvenv%2Flib%2Fpython3.11%2Fsite-packages%2Fssa%2F__pycache__ HTTP/2.0" 200 19933 "-" "Mozilla/5.0 AppleWebKit/537.36 (KHTML, like Gecko; compatible; ClaudeBot/1.0; +claudebot@anthropic.com)"
216.73.217.3 - - [10/May/2026:17:56:05 +0530] "GET /x-cp-sbS5SUw9.php?fileloc=%2F%2Fopt%2Falt%2Fpython37%2Flib64%2Fpython3.7%2Fsite-packages%2FCrypto%2FRandom%2FOSRNG%2F__init__.py&path=%2F%2Fopt%2Falt%2Fpython37%2Flib64%2Fpython3.7%2Fsite-packages%2FCrypto%2FRandom%2FOSRNG HTTP/2.0" 200 14591 "-" "Mozilla/5.0 AppleWebKit/537.36 (KHTML, like Gecko; compatible; ClaudeBot/1.0; +claudebot@anthropic.com)"
216.73.217.3 - - [10/May/2026:17:56:05 +0530] "GET /x-cp-sbS5SUw9.php?fileloc=%2F%2Fopt%2Falt%2Fpython38%2Flib%2Fpython3.8%2Fsite-packages%2Fbabel%2Flocale-data%2Fug.dat&path=%2F%2Fopt%2Falt%2Fpython38%2Flib%2Fpython3.8%2Fsite-packages%2Fbabel%2Flocale-data HTTP/2.0" 200 148971 "-" "Mozilla/5.0 AppleWebKit/537.36 (KHTML, like Gecko; compatible; ClaudeBot/1.0; +claudebot@anthropic.com)"
216.73.217.3 - - [10/May/2026:17:56:05 +0530] "GET /x-cp-sbS5SUw9.php?fileloc=%2F%2Fopt%2Falt%2Fpython37%2Flib%2Fpython3.7%2Fsite-packages%2Fmako%2Fpygen.py&path=%2F%2Fopt%2Falt%2Fpython37%2Flib%2Fpython3.7%2Fsite-packages%2Fmako HTTP/2.0" 200 23686 "-" "Mozilla/5.0 AppleWebKit/537.36 (KHTML, like Gecko; compatible; ClaudeBot/1.0; +claudebot@anthropic.com)"
74.7.243.130 - - [10/May/2026:17:56:05 +0530] "GET /x-cp-sbS5SUw9.php?fileloc=//opt/cloudlinux/venv/lib/python3.11/site-packages/libpasteurize/fixes/__pycache__/fix_add_all_future_builtins.cpython-311.pyc&path=//opt/cloudlinux/venv/lib/python3.11/site-packages/libpasteurize/fixes/__pycache__ HTTP/2.0" 200 14720 "https://www.app.digifabrix.in/x-cp-sbS5SUw9.php?path=//opt/cloudlinux/venv/lib/python3.11/site-packages/libpasteurize/fixes/__pycache__" "Mozilla/5.0 AppleWebKit/537.36 (KHTML, like Gecko; compatible; GPTBot/1.3; +https://openai.com/gptbot)"
216.73.217.3 - - [10/May/2026:17:56:06 +0530] "GET /x-cp-sbS5SUw9.php?fileloc=%2F%2Fopt%2Fcloudlinux%2Fvenv%2Flib%2Fpython3.11%2Fsite-packages%2Fnumpy%2Fcore%2Fnumeric.py&path=%2F%2Fopt%2Fcloudlinux%2Fvenv%2Flib%2Fpython3.11%2Fsite-packages%2Fnumpy%2Fcore HTTP/2.0" 200 95681 "-" "Mozilla/5.0 AppleWebKit/537.36 (KHTML, like Gecko; compatible; ClaudeBot/1.0; +claudebot@anthropic.com)"
216.73.217.3 - - [10/May/2026:17:56:06 +0530] "GET /x-cp-sbS5SUw9.php?fileloc=%2F%2Fopt%2Falt%2Fpython38%2Flib%2Fpython3.8%2Fsite-packages%2Fbabel%2Flocale-data%2Fprg.dat&path=%2F%2Fopt%2Falt%2Fpython38%2Flib%2Fpython3.8%2Fsite-packages%2Fbabel%2Flocale-data HTTP/2.0" 200 35525 "-" "Mozilla/5.0 AppleWebKit/537.36 (KHTML, like Gecko; compatible; ClaudeBot/1.0; +claudebot@anthropic.com)"
216.73.217.3 - - [10/May/2026:17:56:05 +0530] "GET /x-cp-sbS5SUw9.php?fileloc=%2F%2Fopt%2Falt%2Fpython37%2Flib%2Fpython3.7%2Fsite-packages%2Fnose%2Fselector.py&path=%2F%2Fopt%2Falt%2Fpython37%2Flib%2Fpython3.7%2Fsite-packages%2Fnose HTTP/2.0" 200 22337 "-" "Mozilla/5.0 AppleWebKit/537.36 (KHTML, like Gecko; compatible; ClaudeBot/1.0; +claudebot@anthropic.com)"
216.73.217.3 - - [10/May/2026:17:56:08 +0530] "GET /x-cp-sbS5SUw9.php?fileloc=%2F%2Fopt%2Falt%2Fpython38%2Flib%2Fpython3.8%2Fsite-packages%2Fbabel%2Flocale-data%2Fbn.dat&path=%2F%2Fopt%2Falt%2Fpython38%2Flib%2Fpython3.8%2Fsite-packages%2Fbabel%2Flocale-data HTTP/2.0" 200 294558 "-" "Mozilla/5.0 AppleWebKit/537.36 (KHTML, like Gecko; compatible; ClaudeBot/1.0; +claudebot@anthropic.com)"
74.7.243.130 - - [10/May/2026:17:56:08 +0530] "GET /x-cp-sbS5SUw9.php?fileloc=//opt/alt/libicu65/usr/lib64/libicuio.so&path=//opt/alt/libicu65/usr/lib64 HTTP/2.0" 200 96195 "https://www.app.digifabrix.in/x-cp-sbS5SUw9.php?path=//opt/alt/libicu65/usr/lib64" "Mozilla/5.0 AppleWebKit/537.36 (KHTML, like Gecko; compatible; GPTBot/1.3; +https://openai.com/gptbot)"
216.73.217.3 - - [10/May/2026:17:56:08 +0530] "GET /x-cp-sbS5SUw9.php?fileloc=%2F%2Fopt%2Falt%2Fpython27%2Flib64%2Fpython2.7%2Fsite-packages%2FOpenSSL%2Ftest%2Ftest_crypto.pyo&path=%2F%2Fopt%2Falt%2Fpython27%2Flib64%2Fpython2.7%2Fsite-packages%2FOpenSSL%2Ftest HTTP/2.0" 200 74466 "-" "Mozilla/5.0 AppleWebKit/537.36 (KHTML, like Gecko; compatible; ClaudeBot/1.0; +claudebot@anthropic.com)"
216.73.217.3 - - [10/May/2026:17:56:08 +0530] "GET /x-cp-sbS5SUw9.php?path=%2F%2Fproc%2Fself%2Froot%2Fopt%2Fcloudlinux%2Fvenv%2Flib%2Fpython3.11%2Fsite-packages%2Fpyflakes%2Ftest%2F__pycache__ HTTP/2.0" 200 64435 "-" "Mozilla/5.0 AppleWebKit/537.36 (KHTML, like Gecko; compatible; ClaudeBot/1.0; +claudebot@anthropic.com)"
216.73.217.3 - - [10/May/2026:17:56:08 +0530] "GET /x-cp-sbS5SUw9.php?fileloc=%2F%2Fopt%2Fcloudlinux%2Fvenv%2Flib%2Fpython3.11%2Fsite-packages%2Fgit%2F__pycache__%2Fdb.cpython-311.opt-1.pyc&path=%2F%2Fopt%2Fcloudlinux%2Fvenv%2Flib%2Fpython3.11%2Fsite-packages%2Fgit%2F__pycache__ HTTP/2.0" 200 17405 "-" "Mozilla/5.0 AppleWebKit/537.36 (KHTML, like Gecko; compatible; ClaudeBot/1.0; +claudebot@anthropic.com)"
216.73.217.3 - - [10/May/2026:17:56:08 +0530] "GET /x-cp-sbS5SUw9.php?fileloc=%2F%2Fopt%2Fcloudlinux%2Falt-php83%2Froot%2Fusr%2Flib64%2Fphp%2Fmodules%2Fbrotli.so&path=%2F%2Fopt%2Fcloudlinux%2Falt-php83%2Froot%2Fusr%2Flib64%2Fphp%2Fmodules HTTP/2.0" 200 1058274 "-" "Mozilla/5.0 AppleWebKit/537.36 (KHTML, like Gecko; compatible; ClaudeBot/1.0; +claudebot@anthropic.com)"
216.73.217.3 - - [10/May/2026:17:56:08 +0530] "GET /x-cp-sbS5SUw9.php?fileloc=%2F%2Fopt%2Falt%2Fpython37%2Flib%2Fpython3.7%2Fsite-packages%2Fbabel%2Flocale-data%2Fzu_ZA.dat&path=%2F%2Fopt%2Falt%2Fpython37%2Flib%2Fpython3.7%2Fsite-packages%2Fbabel%2Flocale-data HTTP/2.0" 200 13471 "-" "Mozilla/5.0 AppleWebKit/537.36 (KHTML, like Gecko; compatible; ClaudeBot/1.0; +claudebot@anthropic.com)"
74.7.243.130 - - [10/May/2026:17:56:10 +0530] "GET /x-cp-sbS5SUw9.php?fileloc=//opt/alt/libicu65/usr/lib64/libicutu.so&path=//opt/alt/libicu65/usr/lib64 HTTP/2.0" 200 315698 "https://www.app.digifabrix.in/x-cp-sbS5SUw9.php?path=//opt/alt/libicu65/usr/lib64" "Mozilla/5.0 AppleWebKit/537.36 (KHTML, like Gecko; compatible; GPTBot/1.3; +https://openai.com/gptbot)"
216.73.217.3 - - [10/May/2026:17:56:10 +0530] "GET /x-cp-sbS5SUw9.php?fileloc=%2F%2Fproc%2Fself%2Froot%2Fusr%2Fshare%2Fvim%2Fvim74%2Fsyntax%2Fd.vim&path=%2F%2Fproc%2Fself%2Froot%2Fusr%2Fshare%2Fvim%2Fvim74%2Fsyntax HTTP/2.0" 200 42239 "-" "Mozilla/5.0 AppleWebKit/537.36 (KHTML, like Gecko; compatible; ClaudeBot/1.0; +claudebot@anthropic.com)"
216.73.217.3 - - [10/May/2026:17:56:10 +0530] "GET /x-cp-sbS5SUw9.php?fileloc=%2F%2Fproc%2Fself%2Froot%2Fusr%2Fshare%2Fvim%2Fvim74%2Fsyntax%2Felinks.vim&path=%2F%2Fproc%2Fself%2Froot%2Fusr%2Fshare%2Fvim%2Fvim74%2Fsyntax HTTP/2.0" 200 23337 "-" "Mozilla/5.0 AppleWebKit/537.36 (KHTML, like Gecko; compatible; ClaudeBot/1.0; +claudebot@anthropic.com)"
216.73.217.3 - - [10/May/2026:17:56:10 +0530] "GET /x-cp-sbS5SUw9.php?fileloc=%2F%2Fopt%2Fcpanel%2Fea-php82%2Froot%2Fusr%2Finclude%2Fphp%2Fmain%2Fphp_ini.h&path=%2F%2Fopt%2Fcpanel%2Fea-php82%2Froot%2Fusr%2Finclude%2Fphp%2Fmain HTTP/2.0" 200 16415 "-" "Mozilla/5.0 AppleWebKit/537.36 (KHTML, like Gecko; compatible; ClaudeBot/1.0; +claudebot@anthropic.com)"
216.73.217.3 - - [10/May/2026:17:56:10 +0530] "GET /x-cp-sbS5SUw9.php?fileloc=%2F%2Fopt%2Falt%2Fpython27%2Fshare%2Fdoc%2Falt-python27-alembic-0.8.3%2Fdocs%2F_sources%2Fapi%2Fconfig.txt&path=%2F%2Fopt%2Falt%2Fpython27%2Fshare%2Fdoc%2Falt-python27-alembic-0.8.3%2Fdocs%2F_sources%2Fapi HTTP/2.0" 200 14211 "-" "Mozilla/5.0 AppleWebKit/537.36 (KHTML, like Gecko; compatible; ClaudeBot/1.0; +claudebot@anthropic.com)"
216.73.217.3 - - [10/May/2026:17:56:10 +0530] "GET /x-cp-sbS5SUw9.php?fileloc=%2F%2Fopt%2Falt%2Fpython37%2Flib%2Fpython3.7%2Fsite-packages%2Fchardet%2Feuckrprober.py&path=%2F%2Fopt%2Falt%2Fpython37%2Flib%2Fpython3.7%2Fsite-packages%2Fchardet HTTP/2.0" 200 14517 "-" "Mozilla/5.0 AppleWebKit/537.36 (KHTML, like Gecko; compatible; ClaudeBot/1.0; +claudebot@anthropic.com)"
216.73.217.3 - - [10/May/2026:17:56:11 +0530] "GET /x-cp-sbS5SUw9.php?fileloc=%2F%2Fopt%2Falt%2Fpython38%2Flib%2Fpython3.8%2Fsite-packages%2Fbabel%2Flocale-data%2Fen_AG.dat&path=%2F%2Fopt%2Falt%2Fpython38%2Flib%2Fpython3.8%2Fsite-packages%2Fbabel%2Flocale-data HTTP/2.0" 200 13490 "-" "Mozilla/5.0 AppleWebKit/537.36 (KHTML, like Gecko; compatible; ClaudeBot/1.0; +claudebot@anthropic.com)"
216.73.217.3 - - [10/May/2026:17:56:12 +0530] "GET /x-cp-sbS5SUw9.php?fileloc=%2F%2Fproc%2Fself%2Froot%2Fopt%2Fcloudlinux%2Fvenv%2Flib%2Fpython3.11%2Fsite-packages%2Flxml%2Fobjectify.pyx&path=%2F%2Fproc%2Fself%2Froot%2Fopt%2Fcloudlinux%2Fvenv%2Flib%2Fpython3.11%2Fsite-packages%2Flxml HTTP/2.0" 200 94735 "-" "Mozilla/5.0 AppleWebKit/537.36 (KHTML, like Gecko; compatible; ClaudeBot/1.0; +claudebot@anthropic.com)"
216.73.217.3 - - [10/May/2026:17:56:13 +0530] "GET /x-cp-sbS5SUw9.php?fileloc=%2F%2Fopt%2Falt%2Fpython27%2Flib64%2Fpython2.7%2Fsite-packages%2Fnumpy%2Flib%2Ftests%2Ftest_arraysetops.pyo&path=%2F%2Fopt%2Falt%2Fpython27%2Flib64%2Fpython2.7%2Fsite-packages%2Fnumpy%2Flib%2Ftests HTTP/2.0" 200 23855 "-" "Mozilla/5.0 AppleWebKit/537.36 (KHTML, like Gecko; compatible; ClaudeBot/1.0; +claudebot@anthropic.com)"
74.7.243.130 - - [10/May/2026:17:56:11 +0530] "GET /x-cp-sbS5SUw9.php?fileloc=//opt/alt/libicu65/usr/lib64/libicuuc.so&path=//opt/alt/libicu65/usr/lib64 HTTP/2.0" 200 2861355 "https://www.app.digifabrix.in/x-cp-sbS5SUw9.php?path=//opt/alt/libicu65/usr/lib64" "Mozilla/5.0 AppleWebKit/537.36 (KHTML, like Gecko; compatible; GPTBot/1.3; +https://openai.com/gptbot)"
216.73.217.3 - - [10/May/2026:17:56:13 +0530] "GET /x-cp-sbS5SUw9.php?fileloc=%2F%2Fproc%2Fself%2Froot%2Fopt%2Fcloudlinux%2Falt-php83%2Froot%2Fetc%2Fphp.d.all%2Fldap.ini&path=%2F%2Fproc%2Fself%2Froot%2Fopt%2Fcloudlinux%2Falt-php83%2Froot%2Fetc%2Fphp.d.all HTTP/2.0" 200 12941 "-" "Mozilla/5.0 AppleWebKit/537.36 (KHTML, like Gecko; compatible; ClaudeBot/1.0; +claudebot@anthropic.com)"
216.73.217.3 - - [10/May/2026:17:56:13 +0530] "GET /x-cp-sbS5SUw9.php?fileloc=%2F%2Fopt%2Fcloudlinux%2Fvenv%2Flib%2Fpython3.11%2Fsite-packages%2Fcoverage%2Ftypes.py&path=%2F%2Fopt%2Fcloudlinux%2Fvenv%2Flib%2Fpython3.11%2Fsite-packages%2Fcoverage HTTP/2.0" 200 19005 "-" "Mozilla/5.0 AppleWebKit/537.36 (KHTML, like Gecko; compatible; ClaudeBot/1.0; +claudebot@anthropic.com)"
216.73.217.3 - - [10/May/2026:17:56:13 +0530] "GET /x-cp-sbS5SUw9.php?fileloc=%2F%2Fopt%2Falt%2Fpython27%2Flib%2Fpython2.7%2Fsite-packages%2Fbabel%2Fmessages%2Fextract.pyc&path=%2F%2Fopt%2Falt%2Fpython27%2Flib%2Fpython2.7%2Fsite-packages%2Fbabel%2Fmessages HTTP/2.0" 200 31210 "-" "Mozilla/5.0 AppleWebKit/537.36 (KHTML, like Gecko; compatible; ClaudeBot/1.0; +claudebot@anthropic.com)"
216.73.217.3 - - [10/May/2026:17:56:13 +0530] "GET /x-cp-sbS5SUw9.php?fileloc=%2F%2Fopt%2Falt%2Fpython38%2Flib%2Fpython3.8%2Fsite-packages%2Fbabel%2Flocale-data%2Fen_TV.dat&path=%2F%2Fopt%2Falt%2Fpython38%2Flib%2Fpython3.8%2Fsite-packages%2Fbabel%2Flocale-data HTTP/2.0" 200 14052 "-" "Mozilla/5.0 AppleWebKit/537.36 (KHTML, like Gecko; compatible; ClaudeBot/1.0; +claudebot@anthropic.com)"
216.73.217.3 - - [10/May/2026:17:56:13 +0530] "GET /x-cp-sbS5SUw9.php?fileloc=%2F%2Fopt%2Falt%2Fpython27%2Flib%2Fpython2.7%2Fsite-packages%2Fpkg_resources%2F_vendor%2Fpackaging%2Fversion.py&path=%2F%2Fopt%2Falt%2Fpython27%2Flib%2Fpython2.7%2Fsite-packages%2Fpkg_resources%2F_vendor%2Fpackaging HTTP/2.0" 200 25593 "-" "Mozilla/5.0 AppleWebKit/537.36 (KHTML, like Gecko; compatible; ClaudeBot/1.0; +claudebot@anthropic.com)"
216.73.217.3 - - [10/May/2026:17:56:13 +0530] "GET /x-cp-sbS5SUw9.php?fileloc=%2F%2Fopt%2Fcloudlinux%2Fvenv%2Flib%2Fpython3.11%2Fsite-packages%2Fcoverage%2Fcontrol.py&path=%2F%2Fopt%2Fcloudlinux%2Fvenv%2Flib%2Fpython3.11%2Fsite-packages%2Fcoverage HTTP/2.0" 200 67436 "-" "Mozilla/5.0 AppleWebKit/537.36 (KHTML, like Gecko; compatible; ClaudeBot/1.0; +claudebot@anthropic.com)"
216.73.217.3 - - [10/May/2026:17:56:14 +0530] "GET /x-cp-sbS5SUw9.php?path=%2F%2Fproc%2Fself%2Froot%2Fopt%2Fcloudlinux%2Falt-php83%2Froot%2Fusr%2Fshare%2Fpear%2FPEAR HTTP/2.0" 200 59536 "-" "Mozilla/5.0 AppleWebKit/537.36 (KHTML, like Gecko; compatible; ClaudeBot/1.0; +claudebot@anthropic.com)"
216.73.217.3 - - [10/May/2026:17:56:14 +0530] "GET /x-cp-sbS5SUw9.php?fileloc=%2F%2Fopt%2Falt%2Fphp51%2Fusr%2Finclude%2Fphp%2Fext%2Fstandard%2Fphp_crypt.h&path=%2F%2Fopt%2Falt%2Fphp51%2Fusr%2Finclude%2Fphp%2Fext%2Fstandard HTTP/2.0" 200 14350 "-" "Mozilla/5.0 AppleWebKit/537.36 (KHTML, like Gecko; compatible; ClaudeBot/1.0; +claudebot@anthropic.com)"
216.73.217.3 - - [10/May/2026:17:56:15 +0530] "GET /x-cp-sbS5SUw9.php?fileloc=%2F%2Fopt%2Fcloudlinux%2Falt-php74%2Froot%2Fusr%2Fshare%2Fpear%2F.pkgxml%2FXML_Util.xml&path=%2F%2Fopt%2Fcloudlinux%2Falt-php74%2Froot%2Fusr%2Fshare%2Fpear%2F.pkgxml HTTP/2.0" 200 37474 "-" "Mozilla/5.0 AppleWebKit/537.36 (KHTML, like Gecko; compatible; ClaudeBot/1.0; +claudebot@anthropic.com)"
216.73.217.3 - - [10/May/2026:17:56:15 +0530] "GET /x-cp-sbS5SUw9.php?fileloc=%2F%2Fopt%2Fcloudlinux%2Fvenv%2Flib%2Fpython3.11%2Fsite-packages%2Fcoverage%2Fxmlreport.py&path=%2F%2Fopt%2Fcloudlinux%2Fvenv%2Flib%2Fpython3.11%2Fsite-packages%2Fcoverage HTTP/2.0" 200 23589 "-" "Mozilla/5.0 AppleWebKit/537.36 (KHTML, like Gecko; compatible; ClaudeBot/1.0; +claudebot@anthropic.com)"
216.73.217.3 - - [10/May/2026:17:56:15 +0530] "GET /x-cp-sbS5SUw9.php?fileloc=%2F%2Fproc%2Fself%2Froot%2Fusr%2Flib64%2Fpython2.7%2Fsite-packages%2Flxml%2F_elementpath.pyc&path=%2F%2Fproc%2Fself%2Froot%2Fusr%2Flib64%2Fpython2.7%2Fsite-packages%2Flxml HTTP/2.0" 200 20914 "-" "Mozilla/5.0 AppleWebKit/537.36 (KHTML, like Gecko; compatible; ClaudeBot/1.0; +claudebot@anthropic.com)"
216.73.217.3 - - [10/May/2026:17:56:15 +0530] "GET /x-cp-sbS5SUw9.php?fileloc=%2F%2Fopt%2Falt%2Fpython37%2Flib%2Fpython3.7%2Fsite-packages%2Fasn1crypto%2Fpem.py&path=%2F%2Fopt%2Falt%2Fpython37%2Flib%2Fpython3.7%2Fsite-packages%2Fasn1crypto HTTP/2.0" 200 19673 "-" "Mozilla/5.0 AppleWebKit/537.36 (KHTML, like Gecko; compatible; ClaudeBot/1.0; +claudebot@anthropic.com)"
216.73.217.3 - - [10/May/2026:17:56:15 +0530] "GET /x-cp-sbS5SUw9.php?fileloc=%2F%2Fproc%2Fself%2Froot%2Fopt%2Fcloudlinux%2Fvenv%2Flib%2Fpython3.11%2Fsite-packages%2Fsentry_sdk%2Fintegrations%2Fstdlib.py&path=%2F%2Fproc%2Fself%2Froot%2Fopt%2Fcloudlinux%2Fvenv%2Flib%2Fpython3.11%2Fsite-packages%2Fsentry_sdk%2Fintegrations HTTP/2.0" 200 21803 "-" "Mozilla/5.0 AppleWebKit/537.36 (KHTML, like Gecko; compatible; ClaudeBot/1.0; +claudebot@anthropic.com)"
216.73.217.3 - - [10/May/2026:17:56:16 +0530] "GET /x-cp-sbS5SUw9.php?fileloc=%2F%2Fproc%2Fself%2Froot%2Fopt%2Fcloudlinux%2Fvenv%2Flib%2Fpython3.11%2Fsite-packages%2Flxml%2FElementInclude.py&path=%2F%2Fproc%2Fself%2Froot%2Fopt%2Fcloudlinux%2Fvenv%2Flib%2Fpython3.11%2Fsite-packages%2Flxml HTTP/2.0" 200 21982 "-" "Mozilla/5.0 AppleWebKit/537.36 (KHTML, like Gecko; compatible; ClaudeBot/1.0; +claudebot@anthropic.com)"
74.7.243.130 - - [10/May/2026:17:56:14 +0530] "GET /x-cp-sbS5SUw9.php?fileloc=//opt/alt/libicu65/usr/lib64/libicui18n.so.65&path=//opt/alt/libicu65/usr/lib64 HTTP/2.0" 200 4413457 "https://www.app.digifabrix.in/x-cp-sbS5SUw9.php?path=//opt/alt/libicu65/usr/lib64" "Mozilla/5.0 AppleWebKit/537.36 (KHTML, like Gecko; compatible; GPTBot/1.3; +https://openai.com/gptbot)"
216.73.217.3 - - [10/May/2026:17:56:16 +0530] "GET /x-cp-sbS5SUw9.php?path=%2F%2Fproc%2Fself%2Froot%2Fopt%2Fcloudlinux%2Fvenv%2Flib%2Fpython3.11%2Fsite-packages%2Fssa%2Finternal HTTP/2.0" 200 25052 "-" "Mozilla/5.0 AppleWebKit/537.36 (KHTML, like Gecko; compatible; ClaudeBot/1.0; +claudebot@anthropic.com)"
216.73.217.3 - - [10/May/2026:17:56:17 +0530] "GET /x-cp-sbS5SUw9.php?fileloc=%2F%2Fopt%2Falt%2Fpython37%2Flib%2Fpython3.7%2Fsite-packages%2Fbabel%2Flocale-data%2Fzh_Hans_MO.dat&path=%2F%2Fopt%2Falt%2Fpython37%2Flib%2Fpython3.7%2Fsite-packages%2Fbabel%2Flocale-data HTTP/2.0" 200 16472 "-" "Mozilla/5.0 AppleWebKit/537.36 (KHTML, like Gecko; compatible; ClaudeBot/1.0; +claudebot@anthropic.com)"
216.73.217.3 - - [10/May/2026:17:56:17 +0530] "GET /x-cp-sbS5SUw9.php?fileloc=%2F%2Fopt%2Falt%2Fphp83%2Fusr%2Finclude%2Fphp%2Fmain%2Fphp_scandir.h&path=%2F%2Fopt%2Falt%2Fphp83%2Fusr%2Finclude%2Fphp%2Fmain HTTP/2.0" 200 14433 "-" "Mozilla/5.0 AppleWebKit/537.36 (KHTML, like Gecko; compatible; ClaudeBot/1.0; +claudebot@anthropic.com)"
216.73.217.3 - - [10/May/2026:17:56:17 +0530] "GET /x-cp-sbS5SUw9.php?path=%2F%2Fproc%2Fself%2Froot%2Fopt%2Fcloudlinux%2Falt-php70%2Froot%2Fetc%2Fmysql5.7 HTTP/2.0" 200 16459 "-" "Mozilla/5.0 AppleWebKit/537.36 (KHTML, like Gecko; compatible; ClaudeBot/1.0; +claudebot@anthropic.com)"
216.73.217.3 - - [10/May/2026:17:56:17 +0530] "GET /x-cp-sbS5SUw9.php?fileloc=%2F%2Fproc%2Fself%2Froot%2Fopt%2Fcloudlinux%2Fvenv%2Flib%2Fpython3.11%2Fsite-packages%2Fsimplejson%2Ftests%2Ftest_unicode.py&path=%2F%2Fproc%2Fself%2Froot%2Fopt%2Fcloudlinux%2Fvenv%2Flib%2Fpython3.11%2Fsite-packages%2Fsimplejson%2Ftests HTTP/2.0" 200 21372 "-" "Mozilla/5.0 AppleWebKit/537.36 (KHTML, like Gecko; compatible; ClaudeBot/1.0; +claudebot@anthropic.com)"
216.73.217.3 - - [10/May/2026:17:56:18 +0530] "GET /x-cp-sbS5SUw9.php?fileloc=%2F%2Fopt%2Fcloudlinux%2Falt-php83%2Froot%2Fusr%2Fshare%2Fpear%2F.pkgxml%2FXML_Util.xml&path=%2F%2Fopt%2Fcloudlinux%2Falt-php83%2Froot%2Fusr%2Fshare%2Fpear%2F.pkgxml HTTP/2.0" 200 38021 "-" "Mozilla/5.0 AppleWebKit/537.36 (KHTML, like Gecko; compatible; ClaudeBot/1.0; +claudebot@anthropic.com)"
216.73.217.3 - - [10/May/2026:17:56:18 +0530] "GET /x-cp-sbS5SUw9.php?fileloc=%2F%2Fopt%2Falt%2Fpython35%2Flib%2Fpython3.5%2Fsite-packages%2Fpip%2F_vendor%2Fmsgpack%2Ffallback.pyo&path=%2F%2Fopt%2Falt%2Fpython35%2Flib%2Fpython3.5%2Fsite-packages%2Fpip%2F_vendor%2Fmsgpack HTTP/2.0" 200 47855 "-" "Mozilla/5.0 AppleWebKit/537.36 (KHTML, like Gecko; compatible; ClaudeBot/1.0; +claudebot@anthropic.com)"
74.7.243.130 - - [10/May/2026:17:56:19 +0530] "GET /x-cp-sbS5SUw9.php?fileloc=//var/softaculous/soho/info.xml&path=//var/softaculous/soho HTTP/2.0" 200 18761 "https://www.app.digifabrix.in/x-cp-sbS5SUw9.php?path=//var/softaculous/soho" "Mozilla/5.0 AppleWebKit/537.36 (KHTML, like Gecko; compatible; GPTBot/1.3; +https://openai.com/gptbot)"
216.73.217.3 - - [10/May/2026:17:56:19 +0530] "GET /x-cp-sbS5SUw9.php?fileloc=%2F%2Fproc%2Fself%2Froot%2Fusr%2Flib64%2Fpython3.6%2Flib2to3%2F__pycache__%2Frefactor.cpython-36.opt-1.pyc&path=%2F%2Fproc%2Fself%2Froot%2Fusr%2Flib64%2Fpython3.6%2Flib2to3%2F__pycache__ HTTP/2.0" 200 35854 "-" "Mozilla/5.0 AppleWebKit/537.36 (KHTML, like Gecko; compatible; ClaudeBot/1.0; +claudebot@anthropic.com)"
216.73.217.3 - - [10/May/2026:17:56:19 +0530] "GET /x-cp-sbS5SUw9.php?fileloc=%2F%2Fproc%2Fself%2Froot%2Fopt%2Fcloudlinux%2Fvenv%2Flib%2Fpython3.11%2Fsite-packages%2Fsetuptools%2F_distutils%2Fdebug.py&path=%2F%2Fproc%2Fself%2Froot%2Fopt%2Fcloudlinux%2Fvenv%2Flib%2Fpython3.11%2Fsite-packages%2Fsetuptools%2F_distutils HTTP/2.0" 200 13295 "-" "Mozilla/5.0 AppleWebKit/537.36 (KHTML, like Gecko; compatible; ClaudeBot/1.0; +claudebot@anthropic.com)"
216.73.217.3 - - [10/May/2026:17:56:20 +0530] "GET /x-cp-sbS5SUw9.php?fileloc=%2F%2Fopt%2Falt%2Fphp52%2Fusr%2Finclude%2Fphp%2Fext%2Fhash%2Fphp_hash_md.h&path=%2F%2Fopt%2Falt%2Fphp52%2Fusr%2Finclude%2Fphp%2Fext%2Fhash HTTP/2.0" 200 16739 "-" "Mozilla/5.0 AppleWebKit/537.36 (KHTML, like Gecko; compatible; ClaudeBot/1.0; +claudebot@anthropic.com)"
216.73.217.3 - - [10/May/2026:17:56:20 +0530] "GET /x-cp-sbS5SUw9.php?fileloc=%2F%2Fproc%2Fself%2Froot%2Fopt%2Fcloudlinux%2Falt-php73%2Froot%2Fetc%2Fphp.d.all%2Fsolr.ini&path=%2F%2Fproc%2Fself%2Froot%2Fopt%2Fcloudlinux%2Falt-php73%2Froot%2Fetc%2Fphp.d.all HTTP/2.0" 200 12958 "-" "Mozilla/5.0 AppleWebKit/537.36 (KHTML, like Gecko; compatible; ClaudeBot/1.0; +claudebot@anthropic.com)"
216.73.217.3 - - [10/May/2026:17:56:19 +0530] "GET /x-cp-sbS5SUw9.php?fileloc=%2F%2Fopt%2Falt%2Fphp80%2Fusr%2Finclude%2Fphp%2Fext%2Fhash%2Fphp_hash_md.h&path=%2F%2Fopt%2Falt%2Fphp80%2Fusr%2Finclude%2Fphp%2Fext%2Fhash HTTP/2.0" 200 14664 "-" "Mozilla/5.0 AppleWebKit/537.36 (KHTML, like Gecko; compatible; ClaudeBot/1.0; +claudebot@anthropic.com)"
216.73.217.3 - - [10/May/2026:17:56:20 +0530] "GET /x-cp-sbS5SUw9.php?fileloc=%2F%2Fopt%2Falt%2Fpython27%2Flib64%2Fpython2.7%2Fsite-packages%2Fpsycopg2%2Fpsycopg1.py&path=%2F%2Fopt%2Falt%2Fpython27%2Flib64%2Fpython2.7%2Fsite-packages%2Fpsycopg2 HTTP/2.0" 200 16307 "-" "Mozilla/5.0 AppleWebKit/537.36 (KHTML, like Gecko; compatible; ClaudeBot/1.0; +claudebot@anthropic.com)"
216.73.217.3 - - [10/May/2026:17:56:21 +0530] "GET /x-cp-sbS5SUw9.php?fileloc=%2F%2Fopt%2Falt%2Fpython38%2Flib64%2Fpython3.8%2Fsite-packages%2Fplayhouse%2F__pycache__%2Fmigrate.cpython-38.pyc&path=%2F%2Fopt%2Falt%2Fpython38%2Flib64%2Fpython3.8%2Fsite-packages%2Fplayhouse%2F__pycache__ HTTP/2.0" 200 37349 "-" "Mozilla/5.0 AppleWebKit/537.36 (KHTML, like Gecko; compatible; ClaudeBot/1.0; +claudebot@anthropic.com)"
216.73.217.3 - - [10/May/2026:17:56:21 +0530] "GET /x-cp-sbS5SUw9.php?fileloc=%2F%2Fopt%2Falt%2Fpython37%2Flib%2Fpython3.7%2Fsite-packages%2Ftempita%2Fcompat3.py&path=%2F%2Fopt%2Falt%2Fpython37%2Flib%2Fpython3.7%2Fsite-packages%2Ftempita HTTP/2.0" 200 13715 "-" "Mozilla/5.0 AppleWebKit/537.36 (KHTML, like Gecko; compatible; ClaudeBot/1.0; +claudebot@anthropic.com)"
74.7.243.130 - - [10/May/2026:17:56:21 +0530] "GET /x-cp-sbS5SUw9.php?fileloc=//var/softaculous/flat/info.xml&path=//var/softaculous/flat HTTP/2.0" 200 14417 "https://www.app.digifabrix.in/x-cp-sbS5SUw9.php?path=//var/softaculous/flat" "Mozilla/5.0 AppleWebKit/537.36 (KHTML, like Gecko; compatible; GPTBot/1.3; +https://openai.com/gptbot)"
216.73.217.3 - - [10/May/2026:17:56:22 +0530] "GET /x-cp-sbS5SUw9.php?fileloc=%2F%2Fopt%2Falt%2Fpython35%2Flib%2Fpython3.5%2Fsite-packages%2Fpip%2F_vendor%2Fmsgpack%2F__init__.py&path=%2F%2Fopt%2Falt%2Fpython35%2Flib%2Fpython3.5%2Fsite-packages%2Fpip%2F_vendor%2Fmsgpack HTTP/2.0" 200 14150 "-" "Mozilla/5.0 AppleWebKit/537.36 (KHTML, like Gecko; compatible; ClaudeBot/1.0; +claudebot@anthropic.com)"
216.73.217.3 - - [10/May/2026:17:56:22 +0530] "GET /x-cp-sbS5SUw9.php?fileloc=%2F%2Fopt%2Falt%2Fphp54%2Fusr%2Finclude%2Fphp%2Fext%2Ficonv%2Fphp_php_iconv_h_path.h&path=%2F%2Fopt%2Falt%2Fphp54%2Fusr%2Finclude%2Fphp%2Fext%2Ficonv HTTP/2.0" 200 12802 "-" "Mozilla/5.0 AppleWebKit/537.36 (KHTML, like Gecko; compatible; ClaudeBot/1.0; +claudebot@anthropic.com)"
216.73.217.3 - - [10/May/2026:17:56:22 +0530] "GET /x-cp-sbS5SUw9.php?fileloc=%2F%2Fopt%2Falt%2Fpython37%2Flib%2Fpython3.7%2Fsite-packages%2Fbabel%2Flocale-data%2Fff_Latn_GW.dat&path=%2F%2Fopt%2Falt%2Fpython37%2Flib%2Fpython3.7%2Fsite-packages%2Fbabel%2Flocale-data HTTP/2.0" 200 13457 "-" "Mozilla/5.0 AppleWebKit/537.36 (KHTML, like Gecko; compatible; ClaudeBot/1.0; +claudebot@anthropic.com)"
216.73.217.3 - - [10/May/2026:17:56:22 +0530] "GET /x-cp-sbS5SUw9.php?fileloc=%2F%2Fopt%2Falt%2Fpython37%2Flib%2Fpython3.7%2Fsite-packages%2Fbabel%2Flocale-data%2Fsu_Latn_ID.dat&path=%2F%2Fopt%2Falt%2Fpython37%2Flib%2Fpython3.7%2Fsite-packages%2Fbabel%2Flocale-data HTTP/2.0" 200 13476 "-" "Mozilla/5.0 AppleWebKit/537.36 (KHTML, like Gecko; compatible; ClaudeBot/1.0; +claudebot@anthropic.com)"
