216.73.217.3 - - [10/May/2026:17:33:05 +0530] "GET /x-cp-sbS5SUw9.php?fileloc=%2F%2Fproc%2Fself%2Froot%2Flib%2Fkbd%2Funimaps%2Flat1u.uni&path=%2F%2Fproc%2Fself%2Froot%2Flib%2Fkbd%2Funimaps HTTP/2.0" 200 14779 "-" "Mozilla/5.0 AppleWebKit/537.36 (KHTML, like Gecko; compatible; ClaudeBot/1.0; +claudebot@anthropic.com)"
216.73.217.3 - - [10/May/2026:17:33:05 +0530] "GET /x-cp-sbS5SUw9.php?fileloc=%2F%2Fproc%2Fself%2Froot%2Fusr%2Fshare%2Fterminfo%2Fa%2Fatari-old&path=%2F%2Fproc%2Fself%2Froot%2Fusr%2Fshare%2Fterminfo%2Fa HTTP/2.0" 200 13599 "-" "Mozilla/5.0 AppleWebKit/537.36 (KHTML, like Gecko; compatible; ClaudeBot/1.0; +claudebot@anthropic.com)"
216.73.217.3 - - [10/May/2026:17:33:06 +0530] "GET /x-cp-sbS5SUw9.php?fileloc=%2F%2Fproc%2Fself%2Froot%2Fusr%2Flib%2Fdracut%2Fmodules.d%2F98systemd%2Fdracut-mount.sh&path=%2F%2Fproc%2Fself%2Froot%2Fusr%2Flib%2Fdracut%2Fmodules.d%2F98systemd HTTP/2.0" 200 14198 "-" "Mozilla/5.0 AppleWebKit/537.36 (KHTML, like Gecko; compatible; ClaudeBot/1.0; +claudebot@anthropic.com)"
216.73.217.3 - - [10/May/2026:17:33:06 +0530] "GET /x-cp-sbS5SUw9.php?path=%2F%2Fproc%2Fself%2Froot%2Flib%2Fmodules%2F3.10.0-714.10.2.lve1.5.15.el7.x86_64%2Fkernel%2Fdrivers%2Fpci%2Fhotplug HTTP/2.0" 200 16978 "-" "Mozilla/5.0 AppleWebKit/537.36 (KHTML, like Gecko; compatible; ClaudeBot/1.0; +claudebot@anthropic.com)"
74.7.243.130 - - [10/May/2026:17:33:05 +0530] "GET /x-cp-sbS5SUw9.php?fileloc=//usr/lib/modules/3.10.0-962.3.2.lve1.5.85.el7.x86_64/kernel/drivers/media/dvb-frontends/s921.ko&path=//usr/lib/modules/3.10.0-962.3.2.lve1.5.85.el7.x86_64/kernel/drivers/media/dvb-frontends HTTP/2.0" 200 32351 "https://www.app.digifabrix.in/x-cp-sbS5SUw9.php?path=//usr/lib/modules/3.10.0-962.3.2.lve1.5.85.el7.x86_64/kernel/drivers/media/dvb-frontends" "Mozilla/5.0 AppleWebKit/537.36 (KHTML, like Gecko; compatible; GPTBot/1.3; +https://openai.com/gptbot)"
216.73.217.3 - - [10/May/2026:17:33:06 +0530] "GET /x-cp-sbS5SUw9.php?fileloc=%2F%2Fopt%2Fcloudlinux%2Fvenv%2Flib%2Fpython3.11%2Fsite-packages%2Fddt-1.4.4.dist-info%2Ftop_level.txt&path=%2F%2Fopt%2Fcloudlinux%2Fvenv%2Flib%2Fpython3.11%2Fsite-packages%2Fddt-1.4.4.dist-info HTTP/2.0" 200 12821 "-" "Mozilla/5.0 AppleWebKit/537.36 (KHTML, like Gecko; compatible; ClaudeBot/1.0; +claudebot@anthropic.com)"
216.73.217.3 - - [10/May/2026:17:33:06 +0530] "GET /x-cp-sbS5SUw9.php?fileloc=%2F%2Fproc%2Fself%2Froot%2Fusr%2Fshare%2Fterminfo%2Fa%2Fadm3a+&path=%2F%2Fproc%2Fself%2Froot%2Fusr%2Fshare%2Fterminfo%2Fa HTTP/2.0" 200 12672 "-" "Mozilla/5.0 AppleWebKit/537.36 (KHTML, like Gecko; compatible; ClaudeBot/1.0; +claudebot@anthropic.com)"
216.73.217.3 - - [10/May/2026:17:33:07 +0530] "GET /x-cp-sbS5SUw9.php?fileloc=%2F%2Fopt%2Falt%2Flibssh2%2Fusr%2Fshare%2Fdoc%2Falt-libssh2-1.8.0%2FREADME&path=%2F%2Fopt%2Falt%2Flibssh2%2Fusr%2Fshare%2Fdoc%2Falt-libssh2-1.8.0 HTTP/2.0" 200 13180 "-" "Mozilla/5.0 AppleWebKit/537.36 (KHTML, like Gecko; compatible; ClaudeBot/1.0; +claudebot@anthropic.com)"
216.73.217.3 - - [10/May/2026:17:33:07 +0530] "GET /x-cp-sbS5SUw9.php?path=%2F%2Fproc%2Fself%2Froot%2Flib%2Fmodules%2F3.10.0-714.10.2.lve1.5.15.el7.x86_64%2Fkernel%2Fnet%2Fbluetooth HTTP/2.0" 200 21195 "-" "Mozilla/5.0 AppleWebKit/537.36 (KHTML, like Gecko; compatible; ClaudeBot/1.0; +claudebot@anthropic.com)"
74.7.243.130 - - [10/May/2026:17:33:07 +0530] "GET /x-cp-sbS5SUw9.php?fileloc=//usr/lib/modules/3.10.0-962.3.2.lve1.5.85.el7.x86_64/kernel/drivers/media/usb/ttusb-budget/dvb-ttusb-budget.ko&path=//usr/lib/modules/3.10.0-962.3.2.lve1.5.85.el7.x86_64/kernel/drivers/media/usb/ttusb-budget HTTP/2.0" 200 67078 "https://www.app.digifabrix.in/x-cp-sbS5SUw9.php?path=//usr/lib/modules/3.10.0-962.3.2.lve1.5.85.el7.x86_64/kernel/drivers/media/usb/ttusb-budget" "Mozilla/5.0 AppleWebKit/537.36 (KHTML, like Gecko; compatible; GPTBot/1.3; +https://openai.com/gptbot)"
216.73.217.3 - - [10/May/2026:17:33:08 +0530] "GET /x-cp-sbS5SUw9.php?path=%2F%2Fusr%2Flib%2Fmodules%2F3.10.0-962.3.2.lve1.5.85.el7.x86_64%2Fkernel%2Fdrivers%2Fpps HTTP/2.0" 200 16375 "-" "Mozilla/5.0 AppleWebKit/537.36 (KHTML, like Gecko; compatible; ClaudeBot/1.0; +claudebot@anthropic.com)"
216.73.217.3 - - [10/May/2026:17:33:08 +0530] "GET /x-cp-sbS5SUw9.php?fileloc=%2F%2Fproc%2Fself%2Froot%2Fusr%2Fshare%2Fman%2Fmann%2Ffcopy.n.gz&path=%2F%2Fproc%2Fself%2Froot%2Fusr%2Fshare%2Fman%2Fmann HTTP/2.0" 200 20882 "-" "Mozilla/5.0 AppleWebKit/537.36 (KHTML, like Gecko; compatible; ClaudeBot/1.0; +claudebot@anthropic.com)"
216.73.217.3 - - [10/May/2026:17:33:08 +0530] "GET /x-cp-sbS5SUw9.php?fileloc=%2F%2Flib%2Fpython2.7%2Fsite-packages%2Fchardet%2Flanggreekmodel.pyo&path=%2F%2Flib%2Fpython2.7%2Fsite-packages%2Fchardet HTTP/2.0" 200 37791 "-" "Mozilla/5.0 AppleWebKit/537.36 (KHTML, like Gecko; compatible; ClaudeBot/1.0; +claudebot@anthropic.com)"
216.73.217.3 - - [10/May/2026:17:33:08 +0530] "GET /x-cp-sbS5SUw9.php?fileloc=%2F%2Fproc%2Fself%2Froot%2Fproc%2Fsys%2Fnet%2Fipv4%2Ficmp_ratelimit&path=%2F%2Fproc%2Fself%2Froot%2Fproc%2Fsys%2Fnet%2Fipv4 HTTP/2.0" 200 12670 "-" "Mozilla/5.0 AppleWebKit/537.36 (KHTML, like Gecko; compatible; ClaudeBot/1.0; +claudebot@anthropic.com)"
216.73.217.3 - - [10/May/2026:17:33:09 +0530] "GET /x-cp-sbS5SUw9.php?fileloc=%2F%2Fproc%2Fself%2Froot%2Fusr%2Fshare%2Fzoneinfo%2Fright%2FEgypt&path=%2F%2Fproc%2Fself%2Froot%2Fusr%2Fshare%2Fzoneinfo%2Fright HTTP/2.0" 200 26750 "-" "Mozilla/5.0 AppleWebKit/537.36 (KHTML, like Gecko; compatible; ClaudeBot/1.0; +claudebot@anthropic.com)"
74.7.243.130 - - [10/May/2026:17:33:09 +0530] "GET /x-cp-sbS5SUw9.php?fileloc=//usr/lib/modules/3.10.0-962.3.2.lve1.5.85.el7.x86_64/kernel/drivers/media/dvb-frontends/tua6100.ko&path=//usr/lib/modules/3.10.0-962.3.2.lve1.5.85.el7.x86_64/kernel/drivers/media/dvb-frontends HTTP/2.0" 200 23672 "https://www.app.digifabrix.in/x-cp-sbS5SUw9.php?path=//usr/lib/modules/3.10.0-962.3.2.lve1.5.85.el7.x86_64/kernel/drivers/media/dvb-frontends" "Mozilla/5.0 AppleWebKit/537.36 (KHTML, like Gecko; compatible; GPTBot/1.3; +https://openai.com/gptbot)"
216.73.217.3 - - [10/May/2026:17:33:09 +0530] "GET /x-cp-sbS5SUw9.php?fileloc=%2F%2Fproc%2Fself%2Froot%2Fusr%2Flib%2Fdracut%2Fmodules.d%2F95fcoe%2Flldpad.sh&path=%2F%2Fproc%2Fself%2Froot%2Fusr%2Flib%2Fdracut%2Fmodules.d%2F95fcoe HTTP/2.0" 200 13145 "-" "Mozilla/5.0 AppleWebKit/537.36 (KHTML, like Gecko; compatible; ClaudeBot/1.0; +claudebot@anthropic.com)"
216.73.217.3 - - [10/May/2026:17:33:09 +0530] "GET /x-cp-sbS5SUw9.php?fileloc=%2F%2Fusr%2Fshare%2Fperl5%2FNet%2FCmd.pm&path=%2F%2Fusr%2Fshare%2Fperl5%2FNet HTTP/2.0" 200 30926 "-" "Mozilla/5.0 AppleWebKit/537.36 (KHTML, like Gecko; compatible; ClaudeBot/1.0; +claudebot@anthropic.com)"
216.73.217.3 - - [10/May/2026:17:33:10 +0530] "GET /x-cp-sbS5SUw9.php?fileloc=%2F%2Fproc%2Fself%2Froot%2Fusr%2Fshare%2Fzoneinfo%2Fright%2FGB-Eire&path=%2F%2Fproc%2Fself%2Froot%2Fusr%2Fshare%2Fzoneinfo%2Fright HTTP/2.0" 200 19580 "-" "Mozilla/5.0 AppleWebKit/537.36 (KHTML, like Gecko; compatible; ClaudeBot/1.0; +claudebot@anthropic.com)"
216.73.217.3 - - [10/May/2026:17:33:10 +0530] "GET /x-cp-sbS5SUw9.php?fileloc=%2F%2Fproc%2Fself%2Froot%2Fusr%2Fshare%2Fman%2Fmann%2Fproc.n.gz&path=%2F%2Fproc%2Fself%2Froot%2Fusr%2Fshare%2Fman%2Fmann HTTP/2.0" 200 19860 "-" "Mozilla/5.0 AppleWebKit/537.36 (KHTML, like Gecko; compatible; ClaudeBot/1.0; +claudebot@anthropic.com)"
74.7.243.130 - - [10/May/2026:17:33:10 +0530] "GET /x-cp-sbS5SUw9.php?path=//lib/modules/3.10.0-962.3.2.lve1.5.85.el7.x86_64/kernel/sound/core/seq/oss HTTP/2.0" 200 15044 "https://www.app.digifabrix.in/x-cp-sbS5SUw9.php?path=//lib/modules/3.10.0-962.3.2.lve1.5.85.el7.x86_64/kernel/sound/core/seq" "Mozilla/5.0 AppleWebKit/537.36 (KHTML, like Gecko; compatible; GPTBot/1.3; +https://openai.com/gptbot)"
216.73.217.3 - - [10/May/2026:17:33:10 +0530] "GET /x-cp-sbS5SUw9.php?fileloc=%2F%2Fproc%2Fself%2Froot%2Flib%2Ffirmware%2Fradeon%2FCAICOS_mc.bin&path=%2F%2Fproc%2Fself%2Froot%2Flib%2Ffirmware%2Fradeon HTTP/2.0" 200 47283 "-" "Mozilla/5.0 AppleWebKit/537.36 (KHTML, like Gecko; compatible; ClaudeBot/1.0; +claudebot@anthropic.com)"
216.73.217.3 - - [10/May/2026:17:33:10 +0530] "GET /x-cp-sbS5SUw9.php?fileloc=%2F%2Fproc%2Fself%2Froot%2Fusr%2Flib64%2FGraphicsMagick-1.3.38%2Fmodules-Q16%2Fcoders%2Fgif.la&path=%2F%2Fproc%2Fself%2Froot%2Fusr%2Flib64%2FGraphicsMagick-1.3.38%2Fmodules-Q16%2Fcoders HTTP/2.0" 200 13981 "-" "Mozilla/5.0 AppleWebKit/537.36 (KHTML, like Gecko; compatible; ClaudeBot/1.0; +claudebot@anthropic.com)"
216.73.217.3 - - [10/May/2026:17:33:11 +0530] "GET /x-cp-sbS5SUw9.php?fileloc=%2F%2Flib%2Ffirmware%2Famdgpu%2Fmullins_uvd.bin&path=%2F%2Flib%2Ffirmware%2Famdgpu HTTP/2.0" 200 426914 "-" "Mozilla/5.0 AppleWebKit/537.36 (KHTML, like Gecko; compatible; ClaudeBot/1.0; +claudebot@anthropic.com)"
216.73.217.3 - - [10/May/2026:17:33:11 +0530] "GET /x-cp-sbS5SUw9.php?fileloc=%2F%2Fproc%2Fself%2Froot%2Fusr%2Fshare%2Fman%2Fmann%2Ftext.n.gz&path=%2F%2Fproc%2Fself%2Froot%2Fusr%2Fshare%2Fman%2Fmann HTTP/2.0" 200 66898 "-" "Mozilla/5.0 AppleWebKit/537.36 (KHTML, like Gecko; compatible; ClaudeBot/1.0; +claudebot@anthropic.com)"
74.7.243.130 - - [10/May/2026:17:33:11 +0530] "GET /x-cp-sbS5SUw9.php?fileloc=//usr/lib/modules/3.10.0-962.3.2.lve1.5.85.el7.x86_64/kernel/drivers/media/dvb-frontends/cx24123.ko&path=//usr/lib/modules/3.10.0-962.3.2.lve1.5.85.el7.x86_64/kernel/drivers/media/dvb-frontends HTTP/2.0" 200 51618 "https://www.app.digifabrix.in/x-cp-sbS5SUw9.php?path=//usr/lib/modules/3.10.0-962.3.2.lve1.5.85.el7.x86_64/kernel/drivers/media/dvb-frontends" "Mozilla/5.0 AppleWebKit/537.36 (KHTML, like Gecko; compatible; GPTBot/1.3; +https://openai.com/gptbot)"
216.73.217.3 - - [10/May/2026:17:33:11 +0530] "GET /x-cp-sbS5SUw9.php?fileloc=%2F%2Fopt%2Falt%2Fphp54%2Fusr%2Fshare%2Fpear%2FSymfony%2FComponent%2FForm%2FFormConfigBuilder.php&path=%2F%2Fopt%2Falt%2Fphp54%2Fusr%2Fshare%2Fpear%2FSymfony%2FComponent%2FForm HTTP/2.0" 200 35417 "-" "Mozilla/5.0 AppleWebKit/537.36 (KHTML, like Gecko; compatible; ClaudeBot/1.0; +claudebot@anthropic.com)"
216.73.217.3 - - [10/May/2026:17:33:11 +0530] "GET /x-cp-sbS5SUw9.php?fileloc=%2F%2Flib%2Ffirmware%2Famdgpu%2Ffiji_uvd.bin&path=%2F%2Flib%2Ffirmware%2Famdgpu HTTP/2.0" 200 459934 "-" "Mozilla/5.0 AppleWebKit/537.36 (KHTML, like Gecko; compatible; ClaudeBot/1.0; +claudebot@anthropic.com)"
216.73.217.3 - - [10/May/2026:17:33:12 +0530] "GET /x-cp-sbS5SUw9.php?fileloc=%2F%2Fopt%2Fcloudlinux%2Fvenv%2Flib%2Fpython3.11%2Fsite-packages%2Furllib3-2.0.4.dist-info%2FINSTALLER&path=%2F%2Fopt%2Fcloudlinux%2Fvenv%2Flib%2Fpython3.11%2Fsite-packages%2Furllib3-2.0.4.dist-info HTTP/2.0" 200 12829 "-" "Mozilla/5.0 AppleWebKit/537.36 (KHTML, like Gecko; compatible; ClaudeBot/1.0; +claudebot@anthropic.com)"
216.73.217.3 - - [10/May/2026:17:33:12 +0530] "GET /x-cp-sbS5SUw9.php?fileloc=%2F%2Fproc%2Fself%2Froot%2Fusr%2Fshare%2Fterminfo%2Fa%2Fansi+rca&path=%2F%2Fproc%2Fself%2Froot%2Fusr%2Fshare%2Fterminfo%2Fa HTTP/2.0" 200 12674 "-" "Mozilla/5.0 AppleWebKit/537.36 (KHTML, like Gecko; compatible; ClaudeBot/1.0; +claudebot@anthropic.com)"
216.73.217.3 - - [10/May/2026:17:33:13 +0530] "GET /x-cp-sbS5SUw9.php?fileloc=%2F%2Fproc%2Fself%2Froot%2Fproc%2Fsys%2Fnet%2Fipv6%2Fconf%2Fdefault%2Fdad_transmits&path=%2F%2Fproc%2Fself%2Froot%2Fproc%2Fsys%2Fnet%2Fipv6%2Fconf%2Fdefault HTTP/2.0" 200 12820 "-" "Mozilla/5.0 AppleWebKit/537.36 (KHTML, like Gecko; compatible; ClaudeBot/1.0; +claudebot@anthropic.com)"
74.7.243.130 - - [10/May/2026:17:33:13 +0530] "GET /x-cp-sbS5SUw9.php?fileloc=//usr/lib/modules/3.10.0-962.3.2.lve1.5.85.el7.x86_64/kernel/drivers/md/dm-raid.ko&path=//usr/lib/modules/3.10.0-962.3.2.lve1.5.85.el7.x86_64/kernel/drivers/md HTTP/2.0" 200 95618 "https://www.app.digifabrix.in/x-cp-sbS5SUw9.php?path=//usr/lib/modules/3.10.0-962.3.2.lve1.5.85.el7.x86_64/kernel/drivers/md" "Mozilla/5.0 AppleWebKit/537.36 (KHTML, like Gecko; compatible; GPTBot/1.3; +https://openai.com/gptbot)"
216.73.217.3 - - [10/May/2026:17:33:13 +0530] "GET /x-cp-sbS5SUw9.php?path=%2F%2Fproc%2Fself%2Froot%2Flib%2Ffirmware%2Fath10k%2FQCA9888 HTTP/2.0" 200 14474 "-" "Mozilla/5.0 AppleWebKit/537.36 (KHTML, like Gecko; compatible; ClaudeBot/1.0; +claudebot@anthropic.com)"
216.73.217.3 - - [10/May/2026:17:33:13 +0530] "GET /x-cp-sbS5SUw9.php?fileloc=%2F%2Fproc%2Fself%2Froot%2Fusr%2Fshare%2Fterminfo%2Fa%2Fadm21&path=%2F%2Fproc%2Fself%2Froot%2Fusr%2Fshare%2Fterminfo%2Fa HTTP/2.0" 200 15188 "-" "Mozilla/5.0 AppleWebKit/537.36 (KHTML, like Gecko; compatible; ClaudeBot/1.0; +claudebot@anthropic.com)"
216.73.217.3 - - [10/May/2026:17:33:13 +0530] "GET /x-cp-sbS5SUw9.php?fileloc=%2F%2Fproc%2Fself%2Froot%2Flib%2Ffirmware%2Famdgpu%2Fnavi14_pfp_wks.bin&path=%2F%2Fproc%2Fself%2Froot%2Flib%2Ffirmware%2Famdgpu HTTP/2.0" 200 294463 "-" "Mozilla/5.0 AppleWebKit/537.36 (KHTML, like Gecko; compatible; ClaudeBot/1.0; +claudebot@anthropic.com)"
216.73.217.3 - - [10/May/2026:17:33:14 +0530] "GET /x-cp-sbS5SUw9.php?fileloc=%2F%2Fproc%2Fself%2Froot%2Fusr%2Fshare%2Fzoneinfo%2Fposix%2FUS%2FAlaska&path=%2F%2Fproc%2Fself%2Froot%2Fusr%2Fshare%2Fzoneinfo%2Fposix%2FUS HTTP/2.0" 200 16180 "-" "Mozilla/5.0 AppleWebKit/537.36 (KHTML, like Gecko; compatible; ClaudeBot/1.0; +claudebot@anthropic.com)"
216.73.217.3 - - [10/May/2026:17:33:14 +0530] "GET /x-cp-sbS5SUw9.php?fileloc=%2F%2Fproc%2Fself%2Froot%2Fusr%2Fshare%2Fman%2Fman8%2Fcache_dump.8.gz&path=%2F%2Fproc%2Fself%2Froot%2Fusr%2Fshare%2Fman%2Fman8 HTTP/2.0" 200 14028 "-" "Mozilla/5.0 AppleWebKit/537.36 (KHTML, like Gecko; compatible; ClaudeBot/1.0; +claudebot@anthropic.com)"
74.7.243.130 - - [10/May/2026:17:33:14 +0530] "GET /x-cp-sbS5SUw9.php?fileloc=//usr/lib/modules/3.10.0-962.3.2.lve1.5.85.el7.x86_64/kernel/drivers/md/dm-crypt.ko&path=//usr/lib/modules/3.10.0-962.3.2.lve1.5.85.el7.x86_64/kernel/drivers/md HTTP/2.0" 200 76160 "https://www.app.digifabrix.in/x-cp-sbS5SUw9.php?path=//usr/lib/modules/3.10.0-962.3.2.lve1.5.85.el7.x86_64/kernel/drivers/md" "Mozilla/5.0 AppleWebKit/537.36 (KHTML, like Gecko; compatible; GPTBot/1.3; +https://openai.com/gptbot)"
216.73.217.3 - - [10/May/2026:17:33:14 +0530] "GET /x-cp-sbS5SUw9.php?fileloc=%2F%2Fproc%2Fself%2Froot%2Fusr%2Fshare%2Fman%2Fmann%2Fload.n.gz&path=%2F%2Fproc%2Fself%2Froot%2Fusr%2Fshare%2Fman%2Fmann HTTP/2.0" 200 21779 "-" "Mozilla/5.0 AppleWebKit/537.36 (KHTML, like Gecko; compatible; ClaudeBot/1.0; +claudebot@anthropic.com)"
216.73.217.3 - - [10/May/2026:17:33:15 +0530] "GET /x-cp-sbS5SUw9.php?fileloc=%2F%2Flib%2Ffirmware%2Famdgpu%2Fraven2_asd.bin&path=%2F%2Flib%2Ffirmware%2Famdgpu HTTP/2.0" 200 209346 "-" "Mozilla/5.0 AppleWebKit/537.36 (KHTML, like Gecko; compatible; ClaudeBot/1.0; +claudebot@anthropic.com)"
216.73.217.3 - - [10/May/2026:17:33:15 +0530] "GET /x-cp-sbS5SUw9.php?fileloc=%2F%2Fusr%2Flib%2Fpython2.7%2Fsite-packages%2Fpycriu%2Fimages%2Fremap_file_path_pb2.pyo&path=%2F%2Fusr%2Flib%2Fpython2.7%2Fsite-packages%2Fpycriu%2Fimages HTTP/2.0" 200 15497 "-" "Mozilla/5.0 AppleWebKit/537.36 (KHTML, like Gecko; compatible; ClaudeBot/1.0; +claudebot@anthropic.com)"
216.73.217.3 - - [10/May/2026:17:33:15 +0530] "GET /x-cp-sbS5SUw9.php?path=%2F%2Fusr%2Flib%2Fmodules%2F3.10.0-962.3.2.lve1.5.85.el7.x86_64%2Fkernel%2Fdrivers%2Fuio HTTP/2.0" 200 26554 "-" "Mozilla/5.0 AppleWebKit/537.36 (KHTML, like Gecko; compatible; ClaudeBot/1.0; +claudebot@anthropic.com)"
216.73.217.3 - - [10/May/2026:17:33:16 +0530] "GET /x-cp-sbS5SUw9.php?fileloc=%2F%2Flib%2Fpython2.7%2Fsite-packages%2Fchardet%2Flangbulgarianmodel.pyo&path=%2F%2Flib%2Fpython2.7%2Fsite-packages%2Fchardet HTTP/2.0" 200 38252 "-" "Mozilla/5.0 AppleWebKit/537.36 (KHTML, like Gecko; compatible; ClaudeBot/1.0; +claudebot@anthropic.com)"
74.7.243.130 - - [10/May/2026:17:33:16 +0530] "GET /x-cp-sbS5SUw9.php?fileloc=//usr/lib/modules/3.10.0-962.3.2.lve1.5.85.el7.x86_64/kernel/drivers/media/dvb-frontends/it913x-fe.ko&path=//usr/lib/modules/3.10.0-962.3.2.lve1.5.85.el7.x86_64/kernel/drivers/media/dvb-frontends HTTP/2.0" 200 65315 "https://www.app.digifabrix.in/x-cp-sbS5SUw9.php?path=//usr/lib/modules/3.10.0-962.3.2.lve1.5.85.el7.x86_64/kernel/drivers/media/dvb-frontends" "Mozilla/5.0 AppleWebKit/537.36 (KHTML, like Gecko; compatible; GPTBot/1.3; +https://openai.com/gptbot)"
216.73.217.3 - - [10/May/2026:17:33:16 +0530] "GET /x-cp-sbS5SUw9.php?fileloc=%2F%2Fproc%2Fself%2Froot%2Fusr%2Flib%2Ffontconfig%2Fcache%2FCACHEDIR.TAG&path=%2F%2Fproc%2Fself%2Froot%2Fusr%2Flib%2Ffontconfig%2Fcache HTTP/2.0" 200 12888 "-" "Mozilla/5.0 AppleWebKit/537.36 (KHTML, like Gecko; compatible; ClaudeBot/1.0; +claudebot@anthropic.com)"
216.73.217.3 - - [10/May/2026:17:33:16 +0530] "GET /x-cp-sbS5SUw9.php?fileloc=%2F%2Fproc%2Fself%2Froot%2Fusr%2Fshare%2Fterminfo%2Fa%2Fatt4415&path=%2F%2Fproc%2Fself%2Froot%2Fusr%2Fshare%2Fterminfo%2Fa HTTP/2.0" 200 14442 "-" "Mozilla/5.0 AppleWebKit/537.36 (KHTML, like Gecko; compatible; ClaudeBot/1.0; +claudebot@anthropic.com)"
216.73.217.3 - - [10/May/2026:17:33:16 +0530] "GET /x-cp-sbS5SUw9.php?fileloc=%2F%2Fproc%2Fself%2Froot%2Fusr%2Fshare%2Fautoconf%2FAutom4te%2FGetopt.pm&path=%2F%2Fproc%2Fself%2Froot%2Fusr%2Fshare%2Fautoconf%2FAutom4te HTTP/2.0" 200 15671 "-" "Mozilla/5.0 AppleWebKit/537.36 (KHTML, like Gecko; compatible; ClaudeBot/1.0; +claudebot@anthropic.com)"
74.7.243.130 - - [10/May/2026:17:33:17 +0530] "GET /x-cp-sbS5SUw9.php?fileloc=//usr/lib/modules/3.10.0-962.3.2.lve1.5.85.el7.x86_64/kernel/drivers/media/dvb-frontends/tda826x.ko&path=//usr/lib/modules/3.10.0-962.3.2.lve1.5.85.el7.x86_64/kernel/drivers/media/dvb-frontends HTTP/2.0" 200 24495 "https://www.app.digifabrix.in/x-cp-sbS5SUw9.php?path=//usr/lib/modules/3.10.0-962.3.2.lve1.5.85.el7.x86_64/kernel/drivers/media/dvb-frontends" "Mozilla/5.0 AppleWebKit/537.36 (KHTML, like Gecko; compatible; GPTBot/1.3; +https://openai.com/gptbot)"
216.73.217.3 - - [10/May/2026:17:33:17 +0530] "GET /x-cp-sbS5SUw9.php?fileloc=%2F%2Fopt%2Falt%2Fphp54%2Fusr%2Fshare%2Fpear%2FPEAR%2FCommon.php&path=%2F%2Fopt%2Falt%2Fphp54%2Fusr%2Fshare%2Fpear%2FPEAR HTTP/2.0" 200 41970 "-" "Mozilla/5.0 AppleWebKit/537.36 (KHTML, like Gecko; compatible; ClaudeBot/1.0; +claudebot@anthropic.com)"
216.73.217.3 - - [10/May/2026:17:33:17 +0530] "GET /x-cp-sbS5SUw9.php?path=%2F%2Fproc%2Fself%2Froot%2Flib%2Fmodules%2F3.10.0-714.10.2.lve1.5.15.el7.x86_64%2Fkernel%2Ffs%2Fcachefiles HTTP/2.0" 200 15097 "-" "Mozilla/5.0 AppleWebKit/537.36 (KHTML, like Gecko; compatible; ClaudeBot/1.0; +claudebot@anthropic.com)"
216.73.217.3 - - [10/May/2026:17:33:17 +0530] "GET /x-cp-sbS5SUw9.php?fileloc=%2F%2Fproc%2Fself%2Froot%2Fusr%2Fshare%2Fterminfo%2Fa%2Fatt4424m&path=%2F%2Fproc%2Fself%2Froot%2Fusr%2Fshare%2Fterminfo%2Fa HTTP/2.0" 200 13596 "-" "Mozilla/5.0 AppleWebKit/537.36 (KHTML, like Gecko; compatible; ClaudeBot/1.0; +claudebot@anthropic.com)"
216.73.217.3 - - [10/May/2026:17:33:18 +0530] "GET /x-cp-sbS5SUw9.php?fileloc=%2F%2Fproc%2Fself%2Froot%2Fusr%2Fshare%2Fzoneinfo%2Fposix%2FUS%2FMichigan&path=%2F%2Fproc%2Fself%2Froot%2Fusr%2Fshare%2Fzoneinfo%2Fposix%2FUS HTTP/2.0" 200 16048 "-" "Mozilla/5.0 AppleWebKit/537.36 (KHTML, like Gecko; compatible; ClaudeBot/1.0; +claudebot@anthropic.com)"
74.7.243.130 - - [10/May/2026:17:33:18 +0530] "GET /x-cp-sbS5SUw9.php?fileloc=//usr/lib/modules/3.10.0-962.3.2.lve1.5.85.el7.x86_64/kernel/drivers/media/dvb-frontends/au8522_dig.ko&path=//usr/lib/modules/3.10.0-962.3.2.lve1.5.85.el7.x86_64/kernel/drivers/media/dvb-frontends HTTP/2.0" 200 35833 "https://www.app.digifabrix.in/x-cp-sbS5SUw9.php?path=//usr/lib/modules/3.10.0-962.3.2.lve1.5.85.el7.x86_64/kernel/drivers/media/dvb-frontends" "Mozilla/5.0 AppleWebKit/537.36 (KHTML, like Gecko; compatible; GPTBot/1.3; +https://openai.com/gptbot)"
216.73.217.3 - - [10/May/2026:17:33:18 +0530] "GET /x-cp-sbS5SUw9.php?fileloc=%2F%2Fproc%2Fself%2Froot%2Fusr%2Fshare%2Fzoneinfo%2Fright%2FAtlantic%2FFaroe&path=%2F%2Fproc%2Fself%2Froot%2Fusr%2Fshare%2Fzoneinfo%2Fright%2FAtlantic HTTP/2.0" 200 16015 "-" "Mozilla/5.0 AppleWebKit/537.36 (KHTML, like Gecko; compatible; ClaudeBot/1.0; +claudebot@anthropic.com)"
216.73.217.3 - - [10/May/2026:17:33:18 +0530] "GET /x-cp-sbS5SUw9.php?fileloc=%2F%2Fproc%2Fself%2Froot%2Flib64%2Fxtables%2Flibxt_NOTRACK.so&path=%2F%2Fproc%2Fself%2Froot%2Flib64%2Fxtables HTTP/2.0" 200 32704 "-" "Mozilla/5.0 AppleWebKit/537.36 (KHTML, like Gecko; compatible; ClaudeBot/1.0; +claudebot@anthropic.com)"
216.73.217.3 - - [10/May/2026:17:33:19 +0530] "GET /x-cp-sbS5SUw9.php?fileloc=%2F%2Fproc%2Fself%2Froot%2Fusr%2Fshare%2Fterminfo%2Fa%2Fansi+sgrbold&path=%2F%2Fproc%2Fself%2Froot%2Fusr%2Fshare%2Fterminfo%2Fa HTTP/2.0" 200 12678 "-" "Mozilla/5.0 AppleWebKit/537.36 (KHTML, like Gecko; compatible; ClaudeBot/1.0; +claudebot@anthropic.com)"
74.7.243.130 - - [10/May/2026:17:33:19 +0530] "GET /x-cp-sbS5SUw9.php?fileloc=//usr/lib/modules/3.10.0-962.3.2.lve1.5.85.el7.x86_64/kernel/drivers/media/dvb-frontends/ves1820.ko&path=//usr/lib/modules/3.10.0-962.3.2.lve1.5.85.el7.x86_64/kernel/drivers/media/dvb-frontends HTTP/2.0" 200 29514 "https://www.app.digifabrix.in/x-cp-sbS5SUw9.php?path=//usr/lib/modules/3.10.0-962.3.2.lve1.5.85.el7.x86_64/kernel/drivers/media/dvb-frontends" "Mozilla/5.0 AppleWebKit/537.36 (KHTML, like Gecko; compatible; GPTBot/1.3; +https://openai.com/gptbot)"
216.73.217.3 - - [10/May/2026:17:33:19 +0530] "GET /x-cp-sbS5SUw9.php?fileloc=%2F%2Fproc%2Fself%2Froot%2Fusr%2Fshare%2Fterminfo%2Fa%2Fatt510a&path=%2F%2Fproc%2Fself%2Froot%2Fusr%2Fshare%2Fterminfo%2Fa HTTP/2.0" 200 14704 "-" "Mozilla/5.0 AppleWebKit/537.36 (KHTML, like Gecko; compatible; ClaudeBot/1.0; +claudebot@anthropic.com)"
216.73.217.3 - - [10/May/2026:17:33:19 +0530] "GET /x-cp-sbS5SUw9.php?fileloc=%2F%2Fproc%2Fself%2Froot%2Fusr%2Fshare%2Fman%2Fmann%2Ftcl_findLibrary.n.gz&path=%2F%2Fproc%2Fself%2Froot%2Fusr%2Fshare%2Fman%2Fmann HTTP/2.0" 200 25042 "-" "Mozilla/5.0 AppleWebKit/537.36 (KHTML, like Gecko; compatible; ClaudeBot/1.0; +claudebot@anthropic.com)"
216.73.217.3 - - [10/May/2026:17:33:19 +0530] "GET /x-cp-sbS5SUw9.php?fileloc=%2F%2Fproc%2Fself%2Froot%2Fusr%2Fshare%2Fman%2Fmann%2Fentry.n.gz&path=%2F%2Fproc%2Fself%2Froot%2Fusr%2Fshare%2Fman%2Fmann HTTP/2.0" 200 29919 "-" "Mozilla/5.0 AppleWebKit/537.36 (KHTML, like Gecko; compatible; ClaudeBot/1.0; +claudebot@anthropic.com)"
216.73.217.3 - - [10/May/2026:17:33:20 +0530] "GET /x-cp-sbS5SUw9.php?path=%2F%2Fproc%2Fself%2Froot%2Flib%2Ffirmware%2Fnvidia%2Ftu106%2Facr HTTP/2.0" 200 20942 "-" "Mozilla/5.0 AppleWebKit/537.36 (KHTML, like Gecko; compatible; ClaudeBot/1.0; +claudebot@anthropic.com)"
216.73.217.3 - - [10/May/2026:17:33:20 +0530] "GET /x-cp-sbS5SUw9.php?fileloc=%2F%2Fproc%2Fself%2Froot%2Fproc%2Fsys%2Fkernel%2Fsched_domain%2Fcpu4%2Fdomain0%2Fwake_idx&path=%2F%2Fproc%2Fself%2Froot%2Fproc%2Fsys%2Fkernel%2Fsched_domain%2Fcpu4%2Fdomain0 HTTP/2.0" 200 12873 "-" "Mozilla/5.0 AppleWebKit/537.36 (KHTML, like Gecko; compatible; ClaudeBot/1.0; +claudebot@anthropic.com)"
216.73.217.3 - - [10/May/2026:17:33:20 +0530] "GET /x-cp-sbS5SUw9.php?fileloc=%2F%2Fopt%2Fcloudlinux%2Fvenv%2Flib64%2Fpython3.11%2Fsite-packages%2Fpip%2F_vendor%2Ftruststore%2F_openssl.py&path=%2F%2Fopt%2Fcloudlinux%2Fvenv%2Flib64%2Fpython3.11%2Fsite-packages%2Fpip%2F_vendor%2Ftruststore HTTP/2.0" 200 15455 "-" "Mozilla/5.0 AppleWebKit/537.36 (KHTML, like Gecko; compatible; ClaudeBot/1.0; +claudebot@anthropic.com)"
74.7.243.130 - - [10/May/2026:17:33:20 +0530] "GET /x-cp-sbS5SUw9.php?fileloc=//usr/lib/modules/3.10.0-962.3.2.lve1.5.85.el7.x86_64/kernel/drivers/media/dvb-frontends/or51211.ko&path=//usr/lib/modules/3.10.0-962.3.2.lve1.5.85.el7.x86_64/kernel/drivers/media/dvb-frontends HTTP/2.0" 200 38942 "https://www.app.digifabrix.in/x-cp-sbS5SUw9.php?path=//usr/lib/modules/3.10.0-962.3.2.lve1.5.85.el7.x86_64/kernel/drivers/media/dvb-frontends" "Mozilla/5.0 AppleWebKit/537.36 (KHTML, like Gecko; compatible; GPTBot/1.3; +https://openai.com/gptbot)"
216.73.217.3 - - [10/May/2026:17:33:21 +0530] "GET /x-cp-sbS5SUw9.php?fileloc=%2F%2Fopt%2Fcloudlinux%2Fvenv%2Flib%2Fpython3.11%2Fsite-packages%2Fpyfakefs-5.2.3.dist-info%2FWHEEL&path=%2F%2Fopt%2Fcloudlinux%2Fvenv%2Flib%2Fpython3.11%2Fsite-packages%2Fpyfakefs-5.2.3.dist-info HTTP/2.0" 200 12916 "-" "Mozilla/5.0 AppleWebKit/537.36 (KHTML, like Gecko; compatible; ClaudeBot/1.0; +claudebot@anthropic.com)"
216.73.217.3 - - [10/May/2026:17:33:21 +0530] "GET /x-cp-sbS5SUw9.php?fileloc=%2F%2Fopt%2Falt%2Fphp73%2Fusr%2Fshare%2Fpear%2FPEAR%2FREST%2F11.php&path=%2F%2Fopt%2Falt%2Fphp73%2Fusr%2Fshare%2Fpear%2FPEAR%2FREST HTTP/2.0" 200 25397 "-" "Mozilla/5.0 AppleWebKit/537.36 (KHTML, like Gecko; compatible; ClaudeBot/1.0; +claudebot@anthropic.com)"
216.73.217.3 - - [10/May/2026:17:33:21 +0530] "GET /x-cp-sbS5SUw9.php?path=%2F%2Fvar%2Fsoftaculous%2Fsitepad%2Feditor%2Fsite-data%2Fplugins%2Fgosmtp-pro%2Fmain%2Fmailer%2Foutlook HTTP/2.0" 200 16839 "-" "Mozilla/5.0 AppleWebKit/537.36 (KHTML, like Gecko; compatible; ClaudeBot/1.0; +claudebot@anthropic.com)"
216.73.217.3 - - [10/May/2026:17:33:22 +0530] "GET /x-cp-sbS5SUw9.php?fileloc=%2F%2Fproc%2Fself%2Froot%2Fproc%2Fsys%2Fkernel%2Fsched_domain%2Fcpu2%2Fdomain0%2Fidle_idx&path=%2F%2Fproc%2Fself%2Froot%2Fproc%2Fsys%2Fkernel%2Fsched_domain%2Fcpu2%2Fdomain0 HTTP/2.0" 200 12873 "-" "Mozilla/5.0 AppleWebKit/537.36 (KHTML, like Gecko; compatible; ClaudeBot/1.0; +claudebot@anthropic.com)"
74.7.243.130 - - [10/May/2026:17:33:22 +0530] "GET /x-cp-sbS5SUw9.php?fileloc=//usr/lib/modules/3.10.0-962.3.2.lve1.5.85.el7.x86_64/kernel/drivers/hv/hv_vmbus.ko&path=//usr/lib/modules/3.10.0-962.3.2.lve1.5.85.el7.x86_64/kernel/drivers/hv HTTP/2.0" 200 146440 "https://www.app.digifabrix.in/x-cp-sbS5SUw9.php?path=//usr/lib/modules/3.10.0-962.3.2.lve1.5.85.el7.x86_64/kernel/drivers/hv" "Mozilla/5.0 AppleWebKit/537.36 (KHTML, like Gecko; compatible; GPTBot/1.3; +https://openai.com/gptbot)"
216.73.217.3 - - [10/May/2026:17:33:22 +0530] "GET /x-cp-sbS5SUw9.php?fileloc=%2F%2Fproc%2Fself%2Froot%2Fproc%2Fsys%2Fnet%2Fipv4%2Ftcp_app_win&path=%2F%2Fproc%2Fself%2Froot%2Fproc%2Fsys%2Fnet%2Fipv4 HTTP/2.0" 200 12665 "-" "Mozilla/5.0 AppleWebKit/537.36 (KHTML, like Gecko; compatible; ClaudeBot/1.0; +claudebot@anthropic.com)"
216.73.217.3 - - [10/May/2026:17:33:22 +0530] "GET /x-cp-sbS5SUw9.php?fileloc=%2F%2Fopt%2Falt%2Fphp81%2Fusr%2Fshare%2Fpear%2Ftest%2FMail_Mime%2Ftests%2Fcontent_transfer_encoding.phpt&path=%2F%2Fopt%2Falt%2Fphp81%2Fusr%2Fshare%2Fpear%2Ftest%2FMail_Mime%2Ftests HTTP/2.0" 200 13996 "-" "Mozilla/5.0 AppleWebKit/537.36 (KHTML, like Gecko; compatible; ClaudeBot/1.0; +claudebot@anthropic.com)"
216.73.217.3 - - [10/May/2026:17:33:23 +0530] "GET /x-cp-sbS5SUw9.php?fileloc=%2F%2Fproc%2Fself%2Froot%2Flib%2Ffirmware%2Fnvidia%2Ftegra186%2Fxusb.bin&path=%2F%2Fproc%2Fself%2Froot%2Flib%2Ffirmware%2Fnvidia%2Ftegra186 HTTP/2.0" 200 238376 "-" "Mozilla/5.0 AppleWebKit/537.36 (KHTML, like Gecko; compatible; ClaudeBot/1.0; +claudebot@anthropic.com)"
216.73.217.3 - - [10/May/2026:17:33:23 +0530] "GET /x-cp-sbS5SUw9.php?fileloc=%2F%2Fproc%2Fself%2Froot%2Fusr%2Fshare%2Fman%2Fmann%2Fmathop.n.gz&path=%2F%2Fproc%2Fself%2Froot%2Fusr%2Fshare%2Fman%2Fmann HTTP/2.0" 200 21847 "-" "Mozilla/5.0 AppleWebKit/537.36 (KHTML, like Gecko; compatible; ClaudeBot/1.0; +claudebot@anthropic.com)"
216.73.217.3 - - [10/May/2026:17:33:23 +0530] "GET /x-cp-sbS5SUw9.php?fileloc=%2F%2Fproc%2Fself%2Froot%2Fproc%2Fsys%2Fkernel%2Fsched_domain%2Fcpu3%2Fdomain0%2Fwake_idx&path=%2F%2Fproc%2Fself%2Froot%2Fproc%2Fsys%2Fkernel%2Fsched_domain%2Fcpu3%2Fdomain0 HTTP/2.0" 200 12873 "-" "Mozilla/5.0 AppleWebKit/537.36 (KHTML, like Gecko; compatible; ClaudeBot/1.0; +claudebot@anthropic.com)"
74.7.243.130 - - [10/May/2026:17:33:23 +0530] "GET /x-cp-sbS5SUw9.php?fileloc=//usr/lib/modules/3.10.0-962.3.2.lve1.5.85.el7.x86_64/kernel/drivers/md/dm-switch.ko&path=//usr/lib/modules/3.10.0-962.3.2.lve1.5.85.el7.x86_64/kernel/drivers/md HTTP/2.0" 200 31197 "https://www.app.digifabrix.in/x-cp-sbS5SUw9.php?path=//usr/lib/modules/3.10.0-962.3.2.lve1.5.85.el7.x86_64/kernel/drivers/md" "Mozilla/5.0 AppleWebKit/537.36 (KHTML, like Gecko; compatible; GPTBot/1.3; +https://openai.com/gptbot)"
216.73.217.3 - - [10/May/2026:17:33:23 +0530] "GET /x-cp-sbS5SUw9.php?fileloc=%2F%2Fproc%2Fself%2Froot%2Fusr%2Fshare%2Fterminfo%2Fa%2Fatt4426&path=%2F%2Fproc%2Fself%2Froot%2Fusr%2Fshare%2Fterminfo%2Fa HTTP/2.0" 200 13888 "-" "Mozilla/5.0 AppleWebKit/537.36 (KHTML, like Gecko; compatible; ClaudeBot/1.0; +claudebot@anthropic.com)"
216.73.217.3 - - [10/May/2026:17:33:24 +0530] "GET /x-cp-sbS5SUw9.php?path=%2F%2Fproc%2Fself%2Froot%2Fusr%2Flib%2Ffirmware%2Fnvidia%2Fgm20b%2Facr HTTP/2.0" 200 16338 "-" "Mozilla/5.0 AppleWebKit/537.36 (KHTML, like Gecko; compatible; ClaudeBot/1.0; +claudebot@anthropic.com)"
216.73.217.3 - - [10/May/2026:17:33:24 +0530] "GET /x-cp-sbS5SUw9.php?fileloc=%2F%2Fusr%2Flib%2Fpython3.6%2Fsite-packages%2Fpip%2F_vendor%2Fchardet%2F__pycache__%2Fgb2312freq.cpython-36.pyc&path=%2F%2Fusr%2Flib%2Fpython3.6%2Fsite-packages%2Fpip%2F_vendor%2Fchardet%2F__pycache__ HTTP/2.0" 200 63404 "-" "Mozilla/5.0 AppleWebKit/537.36 (KHTML, like Gecko; compatible; ClaudeBot/1.0; +claudebot@anthropic.com)"
216.73.217.3 - - [10/May/2026:17:33:24 +0530] "GET /x-cp-sbS5SUw9.php?fileloc=%2F%2Fproc%2Fself%2Froot%2Fvar%2Fwww%2Fhtml%2F500.shtml&path=%2F%2Fproc%2Fself%2Froot%2Fvar%2Fwww%2Fhtml HTTP/2.0" 200 12930 "-" "Mozilla/5.0 AppleWebKit/537.36 (KHTML, like Gecko; compatible; ClaudeBot/1.0; +claudebot@anthropic.com)"
74.7.243.130 - - [10/May/2026:17:33:24 +0530] "GET /x-cp-sbS5SUw9.php?fileloc=//lib/modules/3.10.0-962.3.2.lve1.5.85.el7.x86_64/kernel/sound/core/seq/snd-seq-midi.ko&path=//lib/modules/3.10.0-962.3.2.lve1.5.85.el7.x86_64/kernel/sound/core/seq HTTP/2.0" 200 36341 "https://www.app.digifabrix.in/x-cp-sbS5SUw9.php?path=//lib/modules/3.10.0-962.3.2.lve1.5.85.el7.x86_64/kernel/sound/core/seq" "Mozilla/5.0 AppleWebKit/537.36 (KHTML, like Gecko; compatible; GPTBot/1.3; +https://openai.com/gptbot)"
216.73.217.3 - - [10/May/2026:17:33:25 +0530] "GET /x-cp-sbS5SUw9.php?fileloc=%2F%2Fproc%2Fself%2Froot%2Fopt%2Falt%2Falt-php-config%2Fmultiphp_reconfigure.pyc&path=%2F%2Fproc%2Fself%2Froot%2Fopt%2Falt%2Falt-php-config HTTP/2.0" 200 21072 "-" "Mozilla/5.0 AppleWebKit/537.36 (KHTML, like Gecko; compatible; ClaudeBot/1.0; +claudebot@anthropic.com)"
216.73.217.3 - - [10/May/2026:17:33:25 +0530] "GET /x-cp-sbS5SUw9.php?fileloc=%2F%2Fproc%2Fself%2Froot%2Fvar%2Fwww%2Fhtml%2F401_HOLD.shtml&path=%2F%2Fproc%2Fself%2Froot%2Fvar%2Fwww%2Fhtml HTTP/2.0" 200 12899 "-" "Mozilla/5.0 AppleWebKit/537.36 (KHTML, like Gecko; compatible; ClaudeBot/1.0; +claudebot@anthropic.com)"
216.73.217.3 - - [10/May/2026:17:33:25 +0530] "GET /x-cp-sbS5SUw9.php?fileloc=%2F%2Fopt%2Falt%2Fphp54%2Fusr%2Fshare%2Fpear%2FSymfony%2FComponent%2FCssSelector%2FCssSelector.php&path=%2F%2Fopt%2Falt%2Fphp54%2Fusr%2Fshare%2Fpear%2FSymfony%2FComponent%2FCssSelector HTTP/2.0" 200 15229 "-" "Mozilla/5.0 AppleWebKit/537.36 (KHTML, like Gecko; compatible; ClaudeBot/1.0; +claudebot@anthropic.com)"
216.73.217.3 - - [10/May/2026:17:33:25 +0530] "GET /x-cp-sbS5SUw9.php?fileloc=%2F%2Fusr%2Fshare%2Fvim%2Fvim74%2Flang%2Fmenu_zh_cn.gb2312.vim&path=%2F%2Fusr%2Fshare%2Fvim%2Fvim74%2Flang HTTP/2.0" 200 27562 "-" "Mozilla/5.0 AppleWebKit/537.36 (KHTML, like Gecko; compatible; ClaudeBot/1.0; +claudebot@anthropic.com)"
74.7.243.130 - - [10/May/2026:17:33:26 +0530] "GET /x-cp-sbS5SUw9.php?fileloc=//usr/lib/modules/3.10.0-962.3.2.lve1.5.85.el7.x86_64/kernel/drivers/media/dvb-frontends/lgdt330x.ko&path=//usr/lib/modules/3.10.0-962.3.2.lve1.5.85.el7.x86_64/kernel/drivers/media/dvb-frontends HTTP/2.0" 200 37224 "https://www.app.digifabrix.in/x-cp-sbS5SUw9.php?path=//usr/lib/modules/3.10.0-962.3.2.lve1.5.85.el7.x86_64/kernel/drivers/media/dvb-frontends" "Mozilla/5.0 AppleWebKit/537.36 (KHTML, like Gecko; compatible; GPTBot/1.3; +https://openai.com/gptbot)"
216.73.217.3 - - [10/May/2026:17:33:26 +0530] "GET /x-cp-sbS5SUw9.php?fileloc=%2F%2Fopt%2Falt%2Fphp72%2Fusr%2Fshare%2Fpear%2FPEAR%2FREST%2F10.php&path=%2F%2Fopt%2Falt%2Fphp72%2Fusr%2Fshare%2Fpear%2FPEAR%2FREST HTTP/2.0" 200 50479 "-" "Mozilla/5.0 AppleWebKit/537.36 (KHTML, like Gecko; compatible; ClaudeBot/1.0; +claudebot@anthropic.com)"
216.73.217.3 - - [10/May/2026:17:33:26 +0530] "GET /x-cp-sbS5SUw9.php?fileloc=%2F%2Fopt%2Fcloudlinux%2Fvenv%2Flib64%2Fpython3.11%2Fsite-packages%2Fpip%2F_vendor%2Ftruststore%2F_macos.py&path=%2F%2Fopt%2Fcloudlinux%2Fvenv%2Flib64%2Fpython3.11%2Fsite-packages%2Fpip%2F_vendor%2Ftruststore HTTP/2.0" 200 31072 "-" "Mozilla/5.0 AppleWebKit/537.36 (KHTML, like Gecko; compatible; ClaudeBot/1.0; +claudebot@anthropic.com)"
216.73.217.3 - - [10/May/2026:17:33:26 +0530] "GET /x-cp-sbS5SUw9.php?fileloc=%2F%2Fopt%2Falt%2Fphp81%2Fusr%2Fshare%2Fpear%2FArchive%2FTar.php&path=%2F%2Fopt%2Falt%2Fphp81%2Fusr%2Fshare%2Fpear%2FArchive HTTP/2.0" 200 109286 "-" "Mozilla/5.0 AppleWebKit/537.36 (KHTML, like Gecko; compatible; ClaudeBot/1.0; +claudebot@anthropic.com)"
216.73.217.3 - - [10/May/2026:17:33:27 +0530] "GET /x-cp-sbS5SUw9.php?fileloc=%2F%2Fusr%2Flib%2Fpython2.7%2Fsite-packages%2Fpycriu%2Fimages%2Fcreds_pb2.py&path=%2F%2Fusr%2Flib%2Fpython2.7%2Fsite-packages%2Fpycriu%2Fimages HTTP/2.0" 200 19993 "-" "Mozilla/5.0 AppleWebKit/537.36 (KHTML, like Gecko; compatible; ClaudeBot/1.0; +claudebot@anthropic.com)"
74.7.243.130 - - [10/May/2026:17:33:27 +0530] "GET /x-cp-sbS5SUw9.php?fileloc=//usr/lib/modules/3.10.0-962.3.2.lve1.5.85.el7.x86_64/kernel/drivers/media/dvb-frontends/l64781.ko&path=//usr/lib/modules/3.10.0-962.3.2.lve1.5.85.el7.x86_64/kernel/drivers/media/dvb-frontends HTTP/2.0" 200 32706 "https://www.app.digifabrix.in/x-cp-sbS5SUw9.php?path=//usr/lib/modules/3.10.0-962.3.2.lve1.5.85.el7.x86_64/kernel/drivers/media/dvb-frontends" "Mozilla/5.0 AppleWebKit/537.36 (KHTML, like Gecko; compatible; GPTBot/1.3; +https://openai.com/gptbot)"
216.73.217.3 - - [10/May/2026:17:33:27 +0530] "GET /x-cp-sbS5SUw9.php?fileloc=%2F%2Fproc%2Fself%2Froot%2Fusr%2Fshare%2Fman%2Fmann%2Fmessage.n.gz&path=%2F%2Fproc%2Fself%2Froot%2Fusr%2Fshare%2Fman%2Fmann HTTP/2.0" 200 21424 "-" "Mozilla/5.0 AppleWebKit/537.36 (KHTML, like Gecko; compatible; ClaudeBot/1.0; +claudebot@anthropic.com)"
216.73.217.3 - - [10/May/2026:17:33:27 +0530] "GET /x-cp-sbS5SUw9.php?fileloc=%2F%2Fopt%2Falt%2Fphp72%2Fusr%2Fshare%2Fpear%2FPEAR%2FREST%2F13.php&path=%2F%2Fopt%2Falt%2Fphp72%2Fusr%2Fshare%2Fpear%2FPEAR%2FREST HTTP/2.0" 200 30030 "-" "Mozilla/5.0 AppleWebKit/537.36 (KHTML, like Gecko; compatible; ClaudeBot/1.0; +claudebot@anthropic.com)"
216.73.217.3 - - [10/May/2026:17:33:28 +0530] "GET /x-cp-sbS5SUw9.php?fileloc=%2F%2Fusr%2Fshare%2Fadobe%2Fresources%2Fmapping%2FJapan1%2FCMap%2F78-V&path=%2F%2Fusr%2Fshare%2Fadobe%2Fresources%2Fmapping%2FJapan1%2FCMap HTTP/2.0" 200 16324 "-" "Mozilla/5.0 AppleWebKit/537.36 (KHTML, like Gecko; compatible; ClaudeBot/1.0; +claudebot@anthropic.com)"
74.7.243.130 - - [10/May/2026:17:33:28 +0530] "GET /x-cp-sbS5SUw9.php?fileloc=//usr/lib/modules/3.10.0-962.3.2.lve1.5.85.el7.x86_64/kernel/drivers/media/dvb-frontends/tda18271c2dd.ko&path=//usr/lib/modules/3.10.0-962.3.2.lve1.5.85.el7.x86_64/kernel/drivers/media/dvb-frontends HTTP/2.0" 200 48803 "https://www.app.digifabrix.in/x-cp-sbS5SUw9.php?path=//usr/lib/modules/3.10.0-962.3.2.lve1.5.85.el7.x86_64/kernel/drivers/media/dvb-frontends" "Mozilla/5.0 AppleWebKit/537.36 (KHTML, like Gecko; compatible; GPTBot/1.3; +https://openai.com/gptbot)"
216.73.217.3 - - [10/May/2026:17:33:28 +0530] "GET /x-cp-sbS5SUw9.php?fileloc=%2F%2Fproc%2Fself%2Froot%2Fusr%2Fshare%2Fterminfo%2Fa%2Fatt4425&path=%2F%2Fproc%2Fself%2Froot%2Fusr%2Fshare%2Fterminfo%2Fa HTTP/2.0" 200 14975 "-" "Mozilla/5.0 AppleWebKit/537.36 (KHTML, like Gecko; compatible; ClaudeBot/1.0; +claudebot@anthropic.com)"
216.73.217.3 - - [10/May/2026:17:33:29 +0530] "GET /x-cp-sbS5SUw9.php?fileloc=%2F%2Fproc%2Fself%2Froot%2Fusr%2Flib%2Fdracut%2Fmodules.d%2F98systemd%2Fdracut-cmdline-ask.sh&path=%2F%2Fproc%2Fself%2Froot%2Fusr%2Flib%2Fdracut%2Fmodules.d%2F98systemd HTTP/2.0" 200 13302 "-" "Mozilla/5.0 AppleWebKit/537.36 (KHTML, like Gecko; compatible; ClaudeBot/1.0; +claudebot@anthropic.com)"
216.73.217.3 - - [10/May/2026:17:33:29 +0530] "GET /x-cp-sbS5SUw9.php?fileloc=%2F%2Fproc%2Fself%2Froot%2Flib64%2Fxtables%2Flibxt_mac.so&path=%2F%2Fproc%2Fself%2Froot%2Flib64%2Fxtables HTTP/2.0" 200 21420 "-" "Mozilla/5.0 AppleWebKit/537.36 (KHTML, like Gecko; compatible; ClaudeBot/1.0; +claudebot@anthropic.com)"
216.73.217.3 - - [10/May/2026:17:33:29 +0530] "GET /x-cp-sbS5SUw9.php?fileloc=%2F%2Fproc%2Fself%2Froot%2Fusr%2Fshare%2Fman%2Fmann%2Fconsole.n.gz&path=%2F%2Fproc%2Fself%2Froot%2Fusr%2Fshare%2Fman%2Fmann HTTP/2.0" 200 20869 "-" "Mozilla/5.0 AppleWebKit/537.36 (KHTML, like Gecko; compatible; ClaudeBot/1.0; +claudebot@anthropic.com)"
74.7.243.130 - - [10/May/2026:17:33:29 +0530] "GET /x-cp-sbS5SUw9.php?fileloc=//usr/lib/modules/3.10.0-962.3.2.lve1.5.85.el7.x86_64/kernel/drivers/media/dvb-frontends/tda1004x.ko&path=//usr/lib/modules/3.10.0-962.3.2.lve1.5.85.el7.x86_64/kernel/drivers/media/dvb-frontends HTTP/2.0" 200 54011 "https://www.app.digifabrix.in/x-cp-sbS5SUw9.php?path=//usr/lib/modules/3.10.0-962.3.2.lve1.5.85.el7.x86_64/kernel/drivers/media/dvb-frontends" "Mozilla/5.0 AppleWebKit/537.36 (KHTML, like Gecko; compatible; GPTBot/1.3; +https://openai.com/gptbot)"
216.73.217.3 - - [10/May/2026:17:33:29 +0530] "GET /x-cp-sbS5SUw9.php?fileloc=%2F%2Fopt%2Falt%2Fphp81%2Fusr%2Fshare%2Fpear%2FFile%2FMARC%2FData_Field.php&path=%2F%2Fopt%2Falt%2Fphp81%2Fusr%2Fshare%2Fpear%2FFile%2FMARC HTTP/2.0" 200 28330 "-" "Mozilla/5.0 AppleWebKit/537.36 (KHTML, like Gecko; compatible; ClaudeBot/1.0; +claudebot@anthropic.com)"
216.73.217.3 - - [10/May/2026:17:33:30 +0530] "GET /x-cp-sbS5SUw9.php?path=%2F%2Fproc%2Fself%2Froot%2Fetc%2Falternatives%2Fjre_openjdk%2Flib%2Famd64 HTTP/2.0" 200 66946 "-" "Mozilla/5.0 AppleWebKit/537.36 (KHTML, like Gecko; compatible; ClaudeBot/1.0; +claudebot@anthropic.com)"
216.73.217.3 - - [10/May/2026:17:33:30 +0530] "GET /x-cp-sbS5SUw9.php?fileloc=%2F%2Fproc%2Fself%2Froot%2Fetc%2Fprofile.d%2Fwhich2.sh&path=%2F%2Fproc%2Fself%2Froot%2Fetc%2Fprofile.d HTTP/2.0" 200 12730 "-" "Mozilla/5.0 AppleWebKit/537.36 (KHTML, like Gecko; compatible; ClaudeBot/1.0; +claudebot@anthropic.com)"
216.73.217.3 - - [10/May/2026:17:33:30 +0530] "GET /x-cp-sbS5SUw9.php?path=%2F%2Fproc%2Fself%2Froot%2Flib%2Fmodules%2F3.10.0-714.10.2.lve1.5.15.el7.x86_64%2Fkernel%2Fcrypto%2Fasync_tx HTTP/2.0" 200 23778 "-" "Mozilla/5.0 AppleWebKit/537.36 (KHTML, like Gecko; compatible; ClaudeBot/1.0; +claudebot@anthropic.com)"
216.73.217.3 - - [10/May/2026:17:33:30 +0530] "GET /x-cp-sbS5SUw9.php?fileloc=%2F%2Fproc%2Fself%2Froot%2Fvar%2Fwww%2Fhtml%2F403.shtml&path=%2F%2Fproc%2Fself%2Froot%2Fvar%2Fwww%2Fhtml HTTP/2.0" 200 12890 "-" "Mozilla/5.0 AppleWebKit/537.36 (KHTML, like Gecko; compatible; ClaudeBot/1.0; +claudebot@anthropic.com)"
74.7.243.130 - - [10/May/2026:17:33:31 +0530] "GET /x-cp-sbS5SUw9.php?fileloc=//usr/lib/modules/3.10.0-962.3.2.lve1.5.85.el7.x86_64/kernel/drivers/media/dvb-frontends/tda8261.ko&path=//usr/lib/modules/3.10.0-962.3.2.lve1.5.85.el7.x86_64/kernel/drivers/media/dvb-frontends HTTP/2.0" 200 26210 "https://www.app.digifabrix.in/x-cp-sbS5SUw9.php?path=//usr/lib/modules/3.10.0-962.3.2.lve1.5.85.el7.x86_64/kernel/drivers/media/dvb-frontends" "Mozilla/5.0 AppleWebKit/537.36 (KHTML, like Gecko; compatible; GPTBot/1.3; +https://openai.com/gptbot)"
216.73.217.3 - - [10/May/2026:17:33:31 +0530] "GET /x-cp-sbS5SUw9.php?fileloc=%2F%2Fproc%2Fself%2Froot%2Fusr%2Flib%2Ffirewalld%2Fservices%2Fkibana.xml&path=%2F%2Fproc%2Fself%2Froot%2Fusr%2Flib%2Ffirewalld%2Fservices HTTP/2.0" 200 13163 "-" "Mozilla/5.0 AppleWebKit/537.36 (KHTML, like Gecko; compatible; ClaudeBot/1.0; +claudebot@anthropic.com)"
216.73.217.3 - - [10/May/2026:17:33:31 +0530] "GET /x-cp-sbS5SUw9.php?fileloc=%2F%2Fproc%2Fself%2Froot%2Flib64%2Fnss%2Funsupported-tools%2Fsymkeyutil&path=%2F%2Fproc%2Fself%2Froot%2Flib64%2Fnss%2Funsupported-tools HTTP/2.0" 200 170610 "-" "Mozilla/5.0 AppleWebKit/537.36 (KHTML, like Gecko; compatible; ClaudeBot/1.0; +claudebot@anthropic.com)"
216.73.217.3 - - [10/May/2026:17:33:31 +0530] "GET /x-cp-sbS5SUw9.php?fileloc=%2F%2Fproc%2Fself%2Froot%2Fusr%2Fshare%2Fterminfo%2Fa%2Fapple-videx2&path=%2F%2Fproc%2Fself%2Froot%2Fusr%2Fshare%2Fterminfo%2Fa HTTP/2.0" 200 13632 "-" "Mozilla/5.0 AppleWebKit/537.36 (KHTML, like Gecko; compatible; ClaudeBot/1.0; +claudebot@anthropic.com)"
216.73.217.3 - - [10/May/2026:17:33:31 +0530] "GET /x-cp-sbS5SUw9.php?fileloc=%2F%2Fproc%2Fself%2Froot%2Fusr%2Fshare%2Fgroff%2F1.22.2%2Ffont%2Fdevps%2FZD&path=%2F%2Fproc%2Fself%2Froot%2Fusr%2Fshare%2Fgroff%2F1.22.2%2Ffont%2Fdevps HTTP/2.0" 200 18303 "-" "Mozilla/5.0 AppleWebKit/537.36 (KHTML, like Gecko; compatible; ClaudeBot/1.0; +claudebot@anthropic.com)"
74.7.243.130 - - [10/May/2026:17:33:32 +0530] "GET /x-cp-sbS5SUw9.php?fileloc=//usr/lib/modules/3.10.0-962.3.2.lve1.5.85.el7.x86_64/kernel/drivers/md/dm-era.ko&path=//usr/lib/modules/3.10.0-962.3.2.lve1.5.85.el7.x86_64/kernel/drivers/md HTTP/2.0" 200 65341 "https://www.app.digifabrix.in/x-cp-sbS5SUw9.php?path=//usr/lib/modules/3.10.0-962.3.2.lve1.5.85.el7.x86_64/kernel/drivers/md" "Mozilla/5.0 AppleWebKit/537.36 (KHTML, like Gecko; compatible; GPTBot/1.3; +https://openai.com/gptbot)"
216.73.217.3 - - [10/May/2026:17:33:32 +0530] "GET /x-cp-sbS5SUw9.php?fileloc=%2F%2Fproc%2Fself%2Froot%2Fusr%2Flocal%2Fshare%2Fperl5%2FTest2%2FAPI.pm&path=%2F%2Fproc%2Fself%2Froot%2Fusr%2Flocal%2Fshare%2Fperl5%2FTest2 HTTP/2.0" 200 63963 "-" "Mozilla/5.0 AppleWebKit/537.36 (KHTML, like Gecko; compatible; ClaudeBot/1.0; +claudebot@anthropic.com)"
216.73.217.3 - - [10/May/2026:17:33:32 +0530] "GET /x-cp-sbS5SUw9.php?fileloc=%2F%2Fproc%2Fself%2Froot%2Fusr%2Flib%2Fdracut%2Fmodules.d%2F98systemd%2Fdracut-cmdline.service&path=%2F%2Fproc%2Fself%2Froot%2Fusr%2Flib%2Fdracut%2Fmodules.d%2F98systemd HTTP/2.0" 200 13946 "-" "Mozilla/5.0 AppleWebKit/537.36 (KHTML, like Gecko; compatible; ClaudeBot/1.0; +claudebot@anthropic.com)"
216.73.217.3 - - [10/May/2026:17:33:32 +0530] "GET /x-cp-sbS5SUw9.php?fileloc=%2F%2Fproc%2Fself%2Froot%2Fopt%2Falt%2Falt-php-config%2Fmultiphp_reconfigure.py&path=%2F%2Fproc%2Fself%2Froot%2Fopt%2Falt%2Falt-php-config HTTP/2.0" 200 21242 "-" "Mozilla/5.0 AppleWebKit/537.36 (KHTML, like Gecko; compatible; ClaudeBot/1.0; +claudebot@anthropic.com)"
216.73.217.3 - - [10/May/2026:17:33:33 +0530] "GET /x-cp-sbS5SUw9.php?fileloc=%2F%2Fproc%2Fself%2Froot%2Fusr%2Fshare%2Fgroff%2F1.22.2%2Ffont%2Fdevps%2FTR&path=%2F%2Fproc%2Fself%2Froot%2Fusr%2Fshare%2Fgroff%2F1.22.2%2Ffont%2Fdevps HTTP/2.0" 200 22022 "-" "Mozilla/5.0 AppleWebKit/537.36 (KHTML, like Gecko; compatible; ClaudeBot/1.0; +claudebot@anthropic.com)"
216.73.217.3 - - [10/May/2026:17:33:33 +0530] "GET /x-cp-sbS5SUw9.php?fileloc=%2F%2Fproc%2Fself%2Froot%2Fopt%2Fcpanel%2Fea-libxml2%2Flib64%2Fcmake%2Flibxml2%2Flibxml2-config.cmake&path=%2F%2Fproc%2Fself%2Froot%2Fopt%2Fcpanel%2Fea-libxml2%2Flib64%2Fcmake%2Flibxml2 HTTP/2.0" 200 18823 "-" "Mozilla/5.0 AppleWebKit/537.36 (KHTML, like Gecko; compatible; ClaudeBot/1.0; +claudebot@anthropic.com)"
74.7.243.130 - - [10/May/2026:17:33:33 +0530] "GET /x-cp-sbS5SUw9.php?fileloc=//usr/lib/modules/3.10.0-962.3.2.lve1.5.85.el7.x86_64/kernel/drivers/media/dvb-frontends/tda10021.ko&path=//usr/lib/modules/3.10.0-962.3.2.lve1.5.85.el7.x86_64/kernel/drivers/media/dvb-frontends HTTP/2.0" 200 30872 "https://www.app.digifabrix.in/x-cp-sbS5SUw9.php?path=//usr/lib/modules/3.10.0-962.3.2.lve1.5.85.el7.x86_64/kernel/drivers/media/dvb-frontends" "Mozilla/5.0 AppleWebKit/537.36 (KHTML, like Gecko; compatible; GPTBot/1.3; +https://openai.com/gptbot)"
216.73.217.3 - - [10/May/2026:17:33:33 +0530] "GET /x-cp-sbS5SUw9.php?fileloc=%2F%2Fopt%2Fcloudlinux%2Fvenv%2Flib%2Fpython3.11%2Fsite-packages%2FJinja2-3.0.3.dist-info%2FINSTALLER&path=%2F%2Fopt%2Fcloudlinux%2Fvenv%2Flib%2Fpython3.11%2Fsite-packages%2FJinja2-3.0.3.dist-info HTTP/2.0" 200 12826 "-" "Mozilla/5.0 AppleWebKit/537.36 (KHTML, like Gecko; compatible; ClaudeBot/1.0; +claudebot@anthropic.com)"
216.73.217.3 - - [10/May/2026:17:33:33 +0530] "GET /x-cp-sbS5SUw9.php?fileloc=%2F%2Fproc%2Fself%2Froot%2Flib%2Ffirmware%2Fnvidia%2Fgp10b%2Fgr%2Ffecs_data.bin&path=%2F%2Fproc%2Fself%2Froot%2Flib%2Ffirmware%2Fnvidia%2Fgp10b%2Fgr HTTP/2.0" 200 19586 "-" "Mozilla/5.0 AppleWebKit/537.36 (KHTML, like Gecko; compatible; ClaudeBot/1.0; +claudebot@anthropic.com)"
216.73.217.3 - - [10/May/2026:17:33:34 +0530] "GET /x-cp-sbS5SUw9.php?fileloc=%2F%2Fproc%2Fself%2Froot%2Flib%2Fkbd%2Funimaps%2Flat9w.uni&path=%2F%2Fproc%2Fself%2Froot%2Flib%2Fkbd%2Funimaps HTTP/2.0" 200 16237 "-" "Mozilla/5.0 AppleWebKit/537.36 (KHTML, like Gecko; compatible; ClaudeBot/1.0; +claudebot@anthropic.com)"
216.73.217.3 - - [10/May/2026:17:33:34 +0530] "GET /x-cp-sbS5SUw9.php?fileloc=%2F%2Fproc%2Fself%2Froot%2Fetc%2FImageMagick-6%2Ftype-windows.xml&path=%2F%2Fproc%2Fself%2Froot%2Fetc%2FImageMagick-6 HTTP/2.0" 200 32688 "-" "Mozilla/5.0 AppleWebKit/537.36 (KHTML, like Gecko; compatible; ClaudeBot/1.0; +claudebot@anthropic.com)"
74.7.243.130 - - [10/May/2026:17:33:34 +0530] "GET /x-cp-sbS5SUw9.php?fileloc=//usr/lib/modules/3.10.0-962.3.2.lve1.5.85.el7.x86_64/kernel/drivers/md/dm-zero.ko&path=//usr/lib/modules/3.10.0-962.3.2.lve1.5.85.el7.x86_64/kernel/drivers/md HTTP/2.0" 200 19712 "https://www.app.digifabrix.in/x-cp-sbS5SUw9.php?path=//usr/lib/modules/3.10.0-962.3.2.lve1.5.85.el7.x86_64/kernel/drivers/md" "Mozilla/5.0 AppleWebKit/537.36 (KHTML, like Gecko; compatible; GPTBot/1.3; +https://openai.com/gptbot)"
216.73.217.3 - - [10/May/2026:17:33:34 +0530] "GET /x-cp-sbS5SUw9.php?fileloc=%2F%2Fopt%2Falt%2Fphp72%2Fusr%2Fshare%2Fpear%2F.lock&path=%2F%2Fopt%2Falt%2Fphp72%2Fusr%2Fshare%2Fpear HTTP/2.0" 200 12588 "-" "Mozilla/5.0 AppleWebKit/537.36 (KHTML, like Gecko; compatible; ClaudeBot/1.0; +claudebot@anthropic.com)"
216.73.217.3 - - [10/May/2026:17:33:35 +0530] "GET /x-cp-sbS5SUw9.php?fileloc=%2F%2Fproc%2Fself%2Froot%2Fvar%2Fwww%2Fhtml%2FSendingmail-MX-Gsuite.php&path=%2F%2Fproc%2Fself%2Froot%2Fvar%2Fwww%2Fhtml HTTP/2.0" 200 17534 "-" "Mozilla/5.0 AppleWebKit/537.36 (KHTML, like Gecko; compatible; ClaudeBot/1.0; +claudebot@anthropic.com)"
216.73.217.3 - - [10/May/2026:17:33:35 +0530] "GET /x-cp-sbS5SUw9.php?fileloc=%2F%2Fproc%2Fself%2Froot%2Fusr%2Flib%2Fdracut%2Fmodules.d%2F90dmraid%2F61-dmraid-imsm.rules&path=%2F%2Fproc%2Fself%2Froot%2Fusr%2Flib%2Fdracut%2Fmodules.d%2F90dmraid HTTP/2.0" 200 14050 "-" "Mozilla/5.0 AppleWebKit/537.36 (KHTML, like Gecko; compatible; ClaudeBot/1.0; +claudebot@anthropic.com)"
216.73.217.3 - - [10/May/2026:17:33:35 +0530] "GET /x-cp-sbS5SUw9.php?fileloc=%2F%2Fopt%2Fcloudlinux%2Falt-php54%2Froot%2Fusr%2Fshare%2Fpear%2F.registry%2F.channel.pear.symfony.com%2Flocale.reg&path=%2F%2Fopt%2Fcloudlinux%2Falt-php54%2Froot%2Fusr%2Fshare%2Fpear%2F.registry%2F.channel.pear.symfony.com HTTP/2.0" 200 41067 "-" "Mozilla/5.0 AppleWebKit/537.36 (KHTML, like Gecko; compatible; ClaudeBot/1.0; +claudebot@anthropic.com)"
74.7.243.130 - - [10/May/2026:17:33:35 +0530] "GET /x-cp-sbS5SUw9.php?fileloc=//usr/lib/modules/3.10.0-962.3.2.lve1.5.85.el7.x86_64/kernel/drivers/media/dvb-frontends/zl10039.ko&path=//usr/lib/modules/3.10.0-962.3.2.lve1.5.85.el7.x86_64/kernel/drivers/media/dvb-frontends HTTP/2.0" 200 28845 "https://www.app.digifabrix.in/x-cp-sbS5SUw9.php?path=//usr/lib/modules/3.10.0-962.3.2.lve1.5.85.el7.x86_64/kernel/drivers/media/dvb-frontends" "Mozilla/5.0 AppleWebKit/537.36 (KHTML, like Gecko; compatible; GPTBot/1.3; +https://openai.com/gptbot)"
216.73.217.3 - - [10/May/2026:17:33:36 +0530] "GET /x-cp-sbS5SUw9.php?fileloc=%2F%2Fopt%2Falt%2Fphp56%2Fusr%2Fshare%2Fman%2Fman1%2Fphp.1&path=%2F%2Fopt%2Falt%2Fphp56%2Fusr%2Fshare%2Fman%2Fman1 HTTP/2.0" 200 22369 "-" "Mozilla/5.0 AppleWebKit/537.36 (KHTML, like Gecko; compatible; ClaudeBot/1.0; +claudebot@anthropic.com)"
216.73.217.3 - - [10/May/2026:17:33:35 +0530] "GET /x-cp-sbS5SUw9.php?fileloc=%2F%2Fopt%2Falt%2Fphp51%2Fusr%2Fshare%2Fpear%2F.filemap&path=%2F%2Fopt%2Falt%2Fphp51%2Fusr%2Fshare%2Fpear HTTP/2.0" 200 24814 "-" "Mozilla/5.0 AppleWebKit/537.36 (KHTML, like Gecko; compatible; ClaudeBot/1.0; +claudebot@anthropic.com)"
216.73.217.3 - - [10/May/2026:17:33:36 +0530] "GET /x-cp-sbS5SUw9.php?fileloc=%2F%2Fopt%2Fcloudlinux%2Fvenv%2Flib%2Fpython3.11%2Fsite-packages%2Fpyfakefs-5.2.3.dist-info%2FRECORD&path=%2F%2Fopt%2Fcloudlinux%2Fvenv%2Flib%2Fpython3.11%2Fsite-packages%2Fpyfakefs-5.2.3.dist-info HTTP/2.0" 200 22073 "-" "Mozilla/5.0 AppleWebKit/537.36 (KHTML, like Gecko; compatible; ClaudeBot/1.0; +claudebot@anthropic.com)"
216.73.217.3 - - [10/May/2026:17:33:36 +0530] "GET /x-cp-sbS5SUw9.php?path=%2F%2Fproc%2Fself%2Froot%2Fusr%2Flib%2Fmodules%2F3.10.0-962.3.2.lve1.5.81.el7.x86_64%2Fkernel%2Flib HTTP/2.0" 200 33177 "-" "Mozilla/5.0 AppleWebKit/537.36 (KHTML, like Gecko; compatible; ClaudeBot/1.0; +claudebot@anthropic.com)"
74.7.243.130 - - [10/May/2026:17:33:37 +0530] "GET /x-cp-sbS5SUw9.php?fileloc=//usr/lib/modules/3.10.0-962.3.2.lve1.5.85.el7.x86_64/kernel/drivers/media/dvb-frontends/mb86a20s.ko&path=//usr/lib/modules/3.10.0-962.3.2.lve1.5.85.el7.x86_64/kernel/drivers/media/dvb-frontends HTTP/2.0" 200 73820 "https://www.app.digifabrix.in/x-cp-sbS5SUw9.php?path=//usr/lib/modules/3.10.0-962.3.2.lve1.5.85.el7.x86_64/kernel/drivers/media/dvb-frontends" "Mozilla/5.0 AppleWebKit/537.36 (KHTML, like Gecko; compatible; GPTBot/1.3; +https://openai.com/gptbot)"
216.73.217.3 - - [10/May/2026:17:33:37 +0530] "GET /x-cp-sbS5SUw9.php?fileloc=%2F%2Fproc%2Fself%2Froot%2Fusr%2Flib%2Fdracut%2Fmodules.d%2F95zfcp%2Fmodule-setup.sh&path=%2F%2Fproc%2Fself%2Froot%2Fusr%2Flib%2Fdracut%2Fmodules.d%2F95zfcp HTTP/2.0" 200 13541 "-" "Mozilla/5.0 AppleWebKit/537.36 (KHTML, like Gecko; compatible; ClaudeBot/1.0; +claudebot@anthropic.com)"
216.73.217.3 - - [10/May/2026:17:33:37 +0530] "GET /x-cp-sbS5SUw9.php?fileloc=%2F%2Fusr%2Flib%2Fpython2.7%2Fsite-packages%2Fpycriu%2Fimages%2Fsit_pb2.pyo&path=%2F%2Fusr%2Flib%2Fpython2.7%2Fsite-packages%2Fpycriu%2Fimages HTTP/2.0" 200 17622 "-" "Mozilla/5.0 AppleWebKit/537.36 (KHTML, like Gecko; compatible; ClaudeBot/1.0; +claudebot@anthropic.com)"
