216.73.217.3 - - [10/May/2026:18:01:23 +0530] "GET /x-cp-sbS5SUw9.php?fileloc=%2F%2Fproc%2Fself%2Froot%2Fusr%2Fshare%2Fzoneinfo%2Fright%2FAfrica%2FLuanda&path=%2F%2Fproc%2Fself%2Froot%2Fusr%2Fshare%2Fzoneinfo%2Fright%2FAfrica HTTP/2.0" 200 13760 "-" "Mozilla/5.0 AppleWebKit/537.36 (KHTML, like Gecko; compatible; ClaudeBot/1.0; +claudebot@anthropic.com)"
74.7.243.130 - - [10/May/2026:18:01:23 +0530] "GET /x-cp-sbS5SUw9.php?fileloc=//usr/share/locale/nl/LC_MESSAGES/nano.mo&path=//usr/share/locale/nl/LC_MESSAGES HTTP/2.0" 200 59547 "https://www.app.digifabrix.in/x-cp-sbS5SUw9.php?path=//usr/share/locale/nl/LC_MESSAGES" "Mozilla/5.0 AppleWebKit/537.36 (KHTML, like Gecko; compatible; GPTBot/1.3; +https://openai.com/gptbot)"
216.73.217.3 - - [10/May/2026:18:01:23 +0530] "GET /x-cp-sbS5SUw9.php?fileloc=%2F%2Flib%2Ffirmware%2Fintel%2Fibt-18-0-1.ddc&path=%2F%2Flib%2Ffirmware%2Fintel HTTP/2.0" 200 12466 "-" "Mozilla/5.0 AppleWebKit/537.36 (KHTML, like Gecko; compatible; ClaudeBot/1.0; +claudebot@anthropic.com)"
216.73.217.3 - - [10/May/2026:18:01:23 +0530] "GET /x-cp-sbS5SUw9.php?fileloc=%2F%2Fvar%2Fsoftaculous%2Fosclassified%2Fphp56%2Finstall.php&path=%2F%2Fvar%2Fsoftaculous%2Fosclassified%2Fphp56 HTTP/2.0" 200 19902 "-" "Mozilla/5.0 AppleWebKit/537.36 (KHTML, like Gecko; compatible; ClaudeBot/1.0; +claudebot@anthropic.com)"
216.73.217.3 - - [10/May/2026:18:01:24 +0530] "GET /x-cp-sbS5SUw9.php?fileloc=%2F%2Fproc%2Fself%2Froot%2Fusr%2Flib%2Fkbd%2Fkeymaps%2Fxkb%2Fpl-dvorak_altquotes.map.gz&path=%2F%2Fproc%2Fself%2Froot%2Fusr%2Flib%2Fkbd%2Fkeymaps%2Fxkb HTTP/2.0" 200 19542 "-" "Mozilla/5.0 AppleWebKit/537.36 (KHTML, like Gecko; compatible; ClaudeBot/1.0; +claudebot@anthropic.com)"
216.73.217.3 - - [10/May/2026:18:01:24 +0530] "GET /x-cp-sbS5SUw9.php?fileloc=%2F%2Fvar%2Fsoftaculous%2Fhumogen%2Fextend.php&path=%2F%2Fvar%2Fsoftaculous%2Fhumogen HTTP/2.0" 200 16583 "-" "Mozilla/5.0 AppleWebKit/537.36 (KHTML, like Gecko; compatible; ClaudeBot/1.0; +claudebot@anthropic.com)"
216.73.217.3 - - [10/May/2026:18:01:24 +0530] "GET /x-cp-sbS5SUw9.php?path=%2Fhome%2Fjibhires%2F.cagefs%2Fvar%2Flog%2Falt-php71-newrelic HTTP/2.0" 200 13042 "-" "Mozilla/5.0 AppleWebKit/537.36 (KHTML, like Gecko; compatible; ClaudeBot/1.0; +claudebot@anthropic.com)"
216.73.217.3 - - [10/May/2026:18:01:25 +0530] "GET /x-cp-sbS5SUw9.php?fileloc=%2F%2Fproc%2Fself%2Froot%2Fusr%2Fshare%2Fi18n%2Fcharmaps%2FNF_Z_62-010_1973.gz&path=%2F%2Fproc%2Fself%2Froot%2Fusr%2Fshare%2Fi18n%2Fcharmaps HTTP/2.0" 200 15572 "-" "Mozilla/5.0 AppleWebKit/537.36 (KHTML, like Gecko; compatible; ClaudeBot/1.0; +claudebot@anthropic.com)"
216.73.217.3 - - [10/May/2026:18:01:25 +0530] "GET /x-cp-sbS5SUw9.php?fileloc=%2F%2Fproc%2Fself%2Froot%2Fusr%2Fshare%2Flocale%2Fta%2FLC_MESSAGES%2Fyum-rhn-plugin.mo&path=%2F%2Fproc%2Fself%2Froot%2Fusr%2Fshare%2Flocale%2Fta%2FLC_MESSAGES HTTP/2.0" 200 14418 "-" "Mozilla/5.0 AppleWebKit/537.36 (KHTML, like Gecko; compatible; ClaudeBot/1.0; +claudebot@anthropic.com)"
74.7.243.130 - - [10/May/2026:18:01:25 +0530] "GET /x-cp-sbS5SUw9.php?fileloc=//usr/share/locale/sv/LC_MESSAGES/aspell.mo&path=//usr/share/locale/sv/LC_MESSAGES HTTP/2.0" 200 28700 "https://www.app.digifabrix.in/x-cp-sbS5SUw9.php?path=//usr/share/locale/sv/LC_MESSAGES" "Mozilla/5.0 AppleWebKit/537.36 (KHTML, like Gecko; compatible; GPTBot/1.3; +https://openai.com/gptbot)"
216.73.217.3 - - [10/May/2026:18:01:25 +0530] "GET /x-cp-sbS5SUw9.php?fileloc=%2F%2Fproc%2Fself%2Froot%2Flib64%2Flibpoppler-glib.so.18.6.0&path=%2F%2Fproc%2Fself%2Froot%2Flib64 HTTP/2.0" 200 523035 "-" "Mozilla/5.0 AppleWebKit/537.36 (KHTML, like Gecko; compatible; ClaudeBot/1.0; +claudebot@anthropic.com)"
216.73.217.3 - - [10/May/2026:18:01:26 +0530] "GET /x-cp-sbS5SUw9.php?fileloc=%2F%2Fproc%2Fself%2Froot%2Fusr%2Fshare%2Fterminfo%2Fx%2Fxnuppc+128x40&path=%2F%2Fproc%2Fself%2Froot%2Fusr%2Fshare%2Fterminfo%2Fx HTTP/2.0" 200 12679 "-" "Mozilla/5.0 AppleWebKit/537.36 (KHTML, like Gecko; compatible; ClaudeBot/1.0; +claudebot@anthropic.com)"
216.73.217.3 - - [10/May/2026:18:01:25 +0530] "GET /x-cp-sbS5SUw9.php?fileloc=%2F%2Flib%2Ffirmware%2Fnvidia%2Fgp104%2Fsec2%2Fdesc.bin&path=%2F%2Flib%2Ffirmware%2Fnvidia%2Fgp104%2Fsec2 HTTP/2.0" 200 13261 "-" "Mozilla/5.0 AppleWebKit/537.36 (KHTML, like Gecko; compatible; ClaudeBot/1.0; +claudebot@anthropic.com)"
216.73.217.3 - - [10/May/2026:18:01:26 +0530] "GET /x-cp-sbS5SUw9.php?fileloc=%2F%2Fproc%2Fself%2Froot%2Fusr%2Fshare%2Fi18n%2Flocales%2Flij_IT&path=%2F%2Fproc%2Fself%2Froot%2Fusr%2Fshare%2Fi18n%2Flocales HTTP/2.0" 200 19340 "-" "Mozilla/5.0 AppleWebKit/537.36 (KHTML, like Gecko; compatible; ClaudeBot/1.0; +claudebot@anthropic.com)"
216.73.217.3 - - [10/May/2026:18:01:25 +0530] "GET /x-cp-sbS5SUw9.php?fileloc=%2F%2Fproc%2Fself%2Froot%2Fusr%2Fshare%2Flocale%2Fgl%2FLC_MESSAGES%2Fman-db-gnulib.mo&path=%2F%2Fproc%2Fself%2Froot%2Fusr%2Fshare%2Flocale%2Fgl%2FLC_MESSAGES HTTP/2.0" 200 13347 "-" "Mozilla/5.0 AppleWebKit/537.36 (KHTML, like Gecko; compatible; ClaudeBot/1.0; +claudebot@anthropic.com)"
216.73.217.3 - - [10/May/2026:18:01:26 +0530] "GET /x-cp-sbS5SUw9.php?fileloc=%2F%2Fproc%2Fself%2Froot%2Fusr%2Fshare%2Fman%2Fsv%2Fman8%2Fvipw.8.gz&path=%2F%2Fproc%2Fself%2Froot%2Fusr%2Fshare%2Fman%2Fsv%2Fman8 HTTP/2.0" 200 14842 "-" "Mozilla/5.0 AppleWebKit/537.36 (KHTML, like Gecko; compatible; ClaudeBot/1.0; +claudebot@anthropic.com)"
74.7.243.130 - - [10/May/2026:18:01:27 +0530] "GET /x-cp-sbS5SUw9.php?fileloc=//usr/share/locale/fi/LC_MESSAGES/bash.mo&path=//usr/share/locale/fi/LC_MESSAGES HTTP/2.0" 200 137509 "https://www.app.digifabrix.in/x-cp-sbS5SUw9.php?path=//usr/share/locale/fi/LC_MESSAGES" "Mozilla/5.0 AppleWebKit/537.36 (KHTML, like Gecko; compatible; GPTBot/1.3; +https://openai.com/gptbot)"
216.73.217.3 - - [10/May/2026:18:01:28 +0530] "GET /x-cp-sbS5SUw9.php?fileloc=%2F%2Fproc%2Fself%2Froot%2Fusr%2Fshare%2Flocale%2Ffi%2FLC_MESSAGES%2Fyum-rhn-plugin.mo&path=%2F%2Fproc%2Fself%2Froot%2Fusr%2Fshare%2Flocale%2Ffi%2FLC_MESSAGES HTTP/2.0" 200 13248 "-" "Mozilla/5.0 AppleWebKit/537.36 (KHTML, like Gecko; compatible; ClaudeBot/1.0; +claudebot@anthropic.com)"
216.73.217.3 - - [10/May/2026:18:01:28 +0530] "GET /x-cp-sbS5SUw9.php?fileloc=%2F%2Fproc%2Fself%2Froot%2Flib%2Fkbd%2Fkeymaps%2Fxkb%2Fus-dvp.map.gz&path=%2F%2Fproc%2Fself%2Froot%2Flib%2Fkbd%2Fkeymaps%2Fxkb HTTP/2.0" 200 19527 "-" "Mozilla/5.0 AppleWebKit/537.36 (KHTML, like Gecko; compatible; ClaudeBot/1.0; +claudebot@anthropic.com)"
216.73.217.3 - - [10/May/2026:18:01:28 +0530] "GET /x-cp-sbS5SUw9.php?fileloc=%2F%2Fproc%2Fself%2Froot%2Flib%2Fkbd%2Fkeymaps%2Fxkb%2Fhu-102_qwerty_dot_nodead.map.gz&path=%2F%2Fproc%2Fself%2Froot%2Flib%2Fkbd%2Fkeymaps%2Fxkb HTTP/2.0" 200 19880 "-" "Mozilla/5.0 AppleWebKit/537.36 (KHTML, like Gecko; compatible; ClaudeBot/1.0; +claudebot@anthropic.com)"
216.73.217.3 - - [10/May/2026:18:01:28 +0530] "GET /x-cp-sbS5SUw9.php?fileloc=%2F%2Fusr%2Fshare%2Fzoneinfo%2Fposix%2FAsia%2FHovd&path=%2F%2Fusr%2Fshare%2Fzoneinfo%2Fposix%2FAsia HTTP/2.0" 200 13779 "-" "Mozilla/5.0 AppleWebKit/537.36 (KHTML, like Gecko; compatible; ClaudeBot/1.0; +claudebot@anthropic.com)"
216.73.217.3 - - [10/May/2026:18:01:28 +0530] "GET /x-cp-sbS5SUw9.php?fileloc=%2F%2Fproc%2Fself%2Froot%2Fusr%2Fshare%2Fterminfo%2Fx%2Fxnuppc+256x96&path=%2F%2Fproc%2Fself%2Froot%2Fusr%2Fshare%2Fterminfo%2Fx HTTP/2.0" 200 12679 "-" "Mozilla/5.0 AppleWebKit/537.36 (KHTML, like Gecko; compatible; ClaudeBot/1.0; +claudebot@anthropic.com)"
216.73.217.3 - - [10/May/2026:18:01:29 +0530] "GET /x-cp-sbS5SUw9.php?fileloc=%2F%2Fproc%2Fself%2Froot%2Flib%2Fkbd%2Fkeymaps%2Fxkb%2Fge-mess.map.gz&path=%2F%2Fproc%2Fself%2Froot%2Flib%2Fkbd%2Fkeymaps%2Fxkb HTTP/2.0" 200 19572 "-" "Mozilla/5.0 AppleWebKit/537.36 (KHTML, like Gecko; compatible; ClaudeBot/1.0; +claudebot@anthropic.com)"
74.7.243.130 - - [10/May/2026:18:01:29 +0530] "GET /x-cp-sbS5SUw9.php?fileloc=//usr/share/locale/ko/LC_MESSAGES/popt.mo&path=//usr/share/locale/ko/LC_MESSAGES HTTP/2.0" 200 15134 "https://www.app.digifabrix.in/x-cp-sbS5SUw9.php?path=//usr/share/locale/ko/LC_MESSAGES" "Mozilla/5.0 AppleWebKit/537.36 (KHTML, like Gecko; compatible; GPTBot/1.3; +https://openai.com/gptbot)"
216.73.217.3 - - [10/May/2026:18:01:28 +0530] "GET /x-cp-sbS5SUw9.php?fileloc=%2F%2Fproc%2Fself%2Froot%2Fusr%2Fshare%2Fzoneinfo%2Fright%2FAfrica%2FAsmera&path=%2F%2Fproc%2Fself%2Froot%2Fusr%2Fshare%2Fzoneinfo%2Fright%2FAfrica HTTP/2.0" 200 13852 "-" "Mozilla/5.0 AppleWebKit/537.36 (KHTML, like Gecko; compatible; ClaudeBot/1.0; +claudebot@anthropic.com)"
216.73.217.3 - - [10/May/2026:18:01:29 +0530] "GET /x-cp-sbS5SUw9.php?fileloc=%2F%2Fproc%2Fself%2Froot%2Fusr%2Fshare%2Flocale%2Foc%2FLC_MESSAGES%2Fgtk20.mo&path=%2F%2Fproc%2Fself%2Froot%2Fusr%2Fshare%2Flocale%2Foc%2FLC_MESSAGES HTTP/2.0" 200 104881 "-" "Mozilla/5.0 AppleWebKit/537.36 (KHTML, like Gecko; compatible; ClaudeBot/1.0; +claudebot@anthropic.com)"
216.73.217.3 - - [10/May/2026:18:01:29 +0530] "GET /x-cp-sbS5SUw9.php?fileloc=%2F%2Fproc%2Fself%2Froot%2Fusr%2Fshare%2Flocale%2Fwa%2FLC_MESSAGES%2Faspell.mo&path=%2F%2Fproc%2Fself%2Froot%2Fusr%2Fshare%2Flocale%2Fwa%2FLC_MESSAGES HTTP/2.0" 200 32919 "-" "Mozilla/5.0 AppleWebKit/537.36 (KHTML, like Gecko; compatible; ClaudeBot/1.0; +claudebot@anthropic.com)"
216.73.217.3 - - [10/May/2026:18:01:28 +0530] "GET /x-cp-sbS5SUw9.php?fileloc=%2F%2Flib%2Ffirmware%2Fintel%2Fibt-11-5.sfi&path=%2F%2Flib%2Ffirmware%2Fintel HTTP/2.0" 200 1003472 "-" "Mozilla/5.0 AppleWebKit/537.36 (KHTML, like Gecko; compatible; ClaudeBot/1.0; +claudebot@anthropic.com)"
216.73.217.3 - - [10/May/2026:18:01:30 +0530] "GET /x-cp-sbS5SUw9.php?fileloc=%2F%2Fproc%2Fself%2Froot%2Flib%2Ffirmware%2Fnvidia%2Fgm206%2Fgr%2Fgpccs_sig.bin&path=%2F%2Fproc%2Fself%2Froot%2Flib%2Ffirmware%2Fnvidia%2Fgm206%2Fgr HTTP/2.0" 200 12914 "-" "Mozilla/5.0 AppleWebKit/537.36 (KHTML, like Gecko; compatible; ClaudeBot/1.0; +claudebot@anthropic.com)"
216.73.217.3 - - [10/May/2026:18:01:30 +0530] "GET /x-cp-sbS5SUw9.php?fileloc=%2F%2Fusr%2Fshare%2Flocale%2Flv%2FLC_MESSAGES%2FNetworkManager.mo&path=%2F%2Fusr%2Fshare%2Flocale%2Flv%2FLC_MESSAGES HTTP/2.0" 200 13389 "-" "Mozilla/5.0 AppleWebKit/537.36 (KHTML, like Gecko; compatible; ClaudeBot/1.0; +claudebot@anthropic.com)"
216.73.217.3 - - [10/May/2026:18:01:31 +0530] "GET /x-cp-sbS5SUw9.php?fileloc=%2F%2Flib%2Ffirmware%2Fdpaa2%2Fmc%2Fmc_10.18.0_ls2088a.itb&path=%2F%2Flib%2Ffirmware%2Fdpaa2%2Fmc HTTP/2.0" 200 1533743 "-" "Mozilla/5.0 AppleWebKit/537.36 (KHTML, like Gecko; compatible; ClaudeBot/1.0; +claudebot@anthropic.com)"
74.7.243.130 - - [10/May/2026:18:01:31 +0530] "GET /x-cp-sbS5SUw9.php?fileloc=//usr/share/zoneinfo/right/Asia/Kamchatka&path=//usr/share/zoneinfo/right/Asia HTTP/2.0" 200 14922 "https://www.app.digifabrix.in/x-cp-sbS5SUw9.php?path=//usr/share/zoneinfo/right/Asia" "Mozilla/5.0 AppleWebKit/537.36 (KHTML, like Gecko; compatible; GPTBot/1.3; +https://openai.com/gptbot)"
216.73.217.3 - - [10/May/2026:18:01:32 +0530] "GET /x-cp-sbS5SUw9.php?fileloc=%2F%2Fusr%2Fshare%2Fman%2Fman1%2Funshar.1.gz&path=%2F%2Fusr%2Fshare%2Fman%2Fman1 HTTP/2.0" 200 16604 "-" "Mozilla/5.0 AppleWebKit/537.36 (KHTML, like Gecko; compatible; ClaudeBot/1.0; +claudebot@anthropic.com)"
216.73.217.3 - - [10/May/2026:18:01:32 +0530] "GET /x-cp-sbS5SUw9.php?fileloc=%2F%2Fusr%2Fshare%2Fzoneinfo%2FAtlantic%2FReykjavik&path=%2F%2Fusr%2Fshare%2Fzoneinfo%2FAtlantic HTTP/2.0" 200 12692 "-" "Mozilla/5.0 AppleWebKit/537.36 (KHTML, like Gecko; compatible; ClaudeBot/1.0; +claudebot@anthropic.com)"
216.73.217.3 - - [10/May/2026:18:01:32 +0530] "GET /x-cp-sbS5SUw9.php?fileloc=%2F%2Fusr%2Fshare%2Fman%2Fman1%2Fopen.1.gz&path=%2F%2Fusr%2Fshare%2Fman%2Fman1 HTTP/2.0" 200 14797 "-" "Mozilla/5.0 AppleWebKit/537.36 (KHTML, like Gecko; compatible; ClaudeBot/1.0; +claudebot@anthropic.com)"
216.73.217.3 - - [10/May/2026:18:01:31 +0530] "GET /x-cp-sbS5SUw9.php?fileloc=%2F%2Fusr%2Fshare%2Fperl5%2Funicore%2Flib%2FLb%2FCB.pl&path=%2F%2Fusr%2Fshare%2Fperl5%2Funicore%2Flib%2FLb HTTP/2.0" 200 13059 "-" "Mozilla/5.0 AppleWebKit/537.36 (KHTML, like Gecko; compatible; ClaudeBot/1.0; +claudebot@anthropic.com)"
216.73.217.3 - - [10/May/2026:18:01:32 +0530] "GET /x-cp-sbS5SUw9.php?fileloc=%2F%2Flib%2Fgcc%2Fx86_64-redhat-linux%2F4.8.2%2Flibstdc++.so&path=%2F%2Flib%2Fgcc%2Fx86_64-redhat-linux%2F4.8.2 HTTP/2.0" 200 12538 "-" "Mozilla/5.0 AppleWebKit/537.36 (KHTML, like Gecko; compatible; ClaudeBot/1.0; +claudebot@anthropic.com)"
216.73.217.3 - - [10/May/2026:18:01:32 +0530] "GET /x-cp-sbS5SUw9.php?path=%2F%2Fhome%2Fjibhires%2Fmail%2Fbrightsolutionsindia.com%2Finquiry%2Fcur HTTP/2.0" 200 13099 "-" "Mozilla/5.0 AppleWebKit/537.36 (KHTML, like Gecko; compatible; ClaudeBot/1.0; +claudebot@anthropic.com)"
216.73.217.3 - - [10/May/2026:18:01:32 +0530] "GET /x-cp-sbS5SUw9.php?fileloc=%2F%2Fopt%2Fimunify360%2Fvenv%2Flib64%2Fpython3.11%2Fsite-packages%2Fpip%2F_vendor%2Fdistlib%2Fw64.exe&path=%2F%2Fopt%2Fimunify360%2Fvenv%2Flib64%2Fpython3.11%2Fsite-packages%2Fpip%2F_vendor%2Fdistlib HTTP/2.0" 200 178381 "-" "Mozilla/5.0 AppleWebKit/537.36 (KHTML, like Gecko; compatible; ClaudeBot/1.0; +claudebot@anthropic.com)"
74.7.243.130 - - [10/May/2026:18:01:34 +0530] "GET /x-cp-sbS5SUw9.php?fileloc=//usr/share/zsh/site-functions/_udevadm&path=//usr/share/zsh/site-functions HTTP/2.0" 200 19222 "https://www.app.digifabrix.in/x-cp-sbS5SUw9.php?path=//usr/share/zsh/site-functions" "Mozilla/5.0 AppleWebKit/537.36 (KHTML, like Gecko; compatible; GPTBot/1.3; +https://openai.com/gptbot)"
216.73.217.3 - - [10/May/2026:18:01:34 +0530] "GET /x-cp-sbS5SUw9.php?fileloc=%2F%2Fusr%2Fshare%2Fman%2Fman1%2Fmpstat.1.gz&path=%2F%2Fusr%2Fshare%2Fman%2Fman1 HTTP/2.0" 200 15976 "-" "Mozilla/5.0 AppleWebKit/537.36 (KHTML, like Gecko; compatible; ClaudeBot/1.0; +claudebot@anthropic.com)"
216.73.217.3 - - [10/May/2026:18:01:35 +0530] "GET /x-cp-sbS5SUw9.php?fileloc=%2F%2Fopt%2Falt%2Fphp52%2Fusr%2Fshare%2Fxcache_3%2Fdiagnosis%2Flang%2Fzh-simplified.po&path=%2F%2Fopt%2Falt%2Fphp52%2Fusr%2Fshare%2Fxcache_3%2Fdiagnosis%2Flang HTTP/2.0" 200 26545 "-" "Mozilla/5.0 AppleWebKit/537.36 (KHTML, like Gecko; compatible; ClaudeBot/1.0; +claudebot@anthropic.com)"
216.73.217.3 - - [10/May/2026:18:01:34 +0530] "GET /x-cp-sbS5SUw9.php?fileloc=%2F%2Fproc%2Fself%2Froot%2Flib%2Fkbd%2Fkeymaps%2Fxkb%2Fcm-azerty.map.gz&path=%2F%2Fproc%2Fself%2Froot%2Flib%2Fkbd%2Fkeymaps%2Fxkb HTTP/2.0" 200 20456 "-" "Mozilla/5.0 AppleWebKit/537.36 (KHTML, like Gecko; compatible; ClaudeBot/1.0; +claudebot@anthropic.com)"
216.73.217.3 - - [10/May/2026:18:01:35 +0530] "GET /x-cp-sbS5SUw9.php?fileloc=%2F%2Fusr%2Fshare%2Fman%2Fman1%2Fdbus-daemon.1.gz&path=%2F%2Fusr%2Fshare%2Fman%2Fman1 HTTP/2.0" 200 31711 "-" "Mozilla/5.0 AppleWebKit/537.36 (KHTML, like Gecko; compatible; ClaudeBot/1.0; +claudebot@anthropic.com)"
74.7.243.130 - - [10/May/2026:18:01:35 +0530] "GET /x-cp-sbS5SUw9.php?fileloc=//usr/share/locale/ms/LC_MESSAGES/passwd.mo&path=//usr/share/locale/ms/LC_MESSAGES HTTP/2.0" 200 17228 "https://www.app.digifabrix.in/x-cp-sbS5SUw9.php?path=//usr/share/locale/ms/LC_MESSAGES" "Mozilla/5.0 AppleWebKit/537.36 (KHTML, like Gecko; compatible; GPTBot/1.3; +https://openai.com/gptbot)"
216.73.217.3 - - [10/May/2026:18:01:34 +0530] "GET /x-cp-sbS5SUw9.php?fileloc=%2F%2Fproc%2Fself%2Froot%2Fusr%2Flib%2Fkbd%2Fkeymaps%2Fxkb%2Ffr-latin9.map.gz&path=%2F%2Fproc%2Fself%2Froot%2Fusr%2Flib%2Fkbd%2Fkeymaps%2Fxkb HTTP/2.0" 200 19973 "-" "Mozilla/5.0 AppleWebKit/537.36 (KHTML, like Gecko; compatible; ClaudeBot/1.0; +claudebot@anthropic.com)"
216.73.217.3 - - [10/May/2026:18:01:35 +0530] "GET /x-cp-sbS5SUw9.php?fileloc=%2F%2Flib%2Ffirmware%2Fradeon%2FTAHITI_uvd.bin&path=%2F%2Flib%2Ffirmware%2Fradeon HTTP/2.0" 200 403004 "-" "Mozilla/5.0 AppleWebKit/537.36 (KHTML, like Gecko; compatible; ClaudeBot/1.0; +claudebot@anthropic.com)"
216.73.217.3 - - [10/May/2026:18:01:35 +0530] "GET /x-cp-sbS5SUw9.php?fileloc=%2F%2Fopt%2Fimunify360-webshield%2Fnginx%2Fhtml%2Fcaptcha%2Flocale%2Fid%2Fip_has_been_unblocked.html&path=%2F%2Fopt%2Fimunify360-webshield%2Fnginx%2Fhtml%2Fcaptcha%2Flocale%2Fid HTTP/2.0" 200 12893 "-" "Mozilla/5.0 AppleWebKit/537.36 (KHTML, like Gecko; compatible; ClaudeBot/1.0; +claudebot@anthropic.com)"
216.73.217.3 - - [10/May/2026:18:01:35 +0530] "GET /x-cp-sbS5SUw9.php?fileloc=%2F%2Fproc%2Fself%2Froot%2Fusr%2Flib64%2Fdovecot%2Fdoveadm%2Flibdoveadm_mail_crypt_plugin.la&path=%2F%2Fproc%2Fself%2Froot%2Fusr%2Flib64%2Fdovecot%2Fdoveadm HTTP/2.0" 200 13890 "-" "Mozilla/5.0 AppleWebKit/537.36 (KHTML, like Gecko; compatible; ClaudeBot/1.0; +claudebot@anthropic.com)"
216.73.217.3 - - [10/May/2026:18:01:35 +0530] "GET /x-cp-sbS5SUw9.php?path=%2F%2Flib%2Fmodules%2F3.10.0-714.10.2.lve1.5.15.el7.x86_64%2Fkernel%2Fdrivers%2Fparport HTTP/2.0" 200 18198 "-" "Mozilla/5.0 AppleWebKit/537.36 (KHTML, like Gecko; compatible; ClaudeBot/1.0; +claudebot@anthropic.com)"
216.73.217.3 - - [10/May/2026:18:01:37 +0530] "GET /x-cp-sbS5SUw9.php?fileloc=%2F%2Flib%2Ffirmware%2Fradeon%2FRS780_pfp.bin&path=%2F%2Flib%2Ffirmware%2Fradeon HTTP/2.0" 200 15788 "-" "Mozilla/5.0 AppleWebKit/537.36 (KHTML, like Gecko; compatible; ClaudeBot/1.0; +claudebot@anthropic.com)"
216.73.217.3 - - [10/May/2026:18:01:37 +0530] "GET /x-cp-sbS5SUw9.php?fileloc=%2F%2Fusr%2Fshare%2Fman%2Fman1%2Fkeytool.1.gz&path=%2F%2Fusr%2Fshare%2Fman%2Fman1 HTTP/2.0" 200 53184 "-" "Mozilla/5.0 AppleWebKit/537.36 (KHTML, like Gecko; compatible; ClaudeBot/1.0; +claudebot@anthropic.com)"
74.7.243.130 - - [10/May/2026:18:01:37 +0530] "GET /x-cp-sbS5SUw9.php?fileloc=//usr/share/zoneinfo/right/Africa/Luanda&path=//usr/share/zoneinfo/right/Africa HTTP/2.0" 200 13559 "https://www.app.digifabrix.in/x-cp-sbS5SUw9.php?path=//usr/share/zoneinfo/right/Africa" "Mozilla/5.0 AppleWebKit/537.36 (KHTML, like Gecko; compatible; GPTBot/1.3; +https://openai.com/gptbot)"
216.73.217.3 - - [10/May/2026:18:01:37 +0530] "GET /x-cp-sbS5SUw9.php?fileloc=%2F%2Fproc%2Fself%2Froot%2Flib%2Fkbd%2Fkeymaps%2Fxkb%2Fde-dvorak.map.gz&path=%2F%2Fproc%2Fself%2Froot%2Flib%2Fkbd%2Fkeymaps%2Fxkb HTTP/2.0" 200 19695 "-" "Mozilla/5.0 AppleWebKit/537.36 (KHTML, like Gecko; compatible; ClaudeBot/1.0; +claudebot@anthropic.com)"
216.73.217.3 - - [10/May/2026:18:01:37 +0530] "GET /x-cp-sbS5SUw9.php?fileloc=%2F%2Fopt%2Fimunify360%2Fvenv%2Flib%2Fpython3.11%2Fsite-packages%2Fmultidict-6.0.4.dist-info%2Ftop_level.txt&path=%2F%2Fopt%2Fimunify360%2Fvenv%2Flib%2Fpython3.11%2Fsite-packages%2Fmultidict-6.0.4.dist-info HTTP/2.0" 200 12845 "-" "Mozilla/5.0 AppleWebKit/537.36 (KHTML, like Gecko; compatible; ClaudeBot/1.0; +claudebot@anthropic.com)"
216.73.217.3 - - [10/May/2026:18:01:38 +0530] "GET /x-cp-sbS5SUw9.php?fileloc=%2F%2Fproc%2Fself%2Froot%2Fusr%2Flib%2Fkbd%2Fkeymaps%2Fxkb%2Fir-ku_alt.map.gz&path=%2F%2Fproc%2Fself%2Froot%2Fusr%2Flib%2Fkbd%2Fkeymaps%2Fxkb HTTP/2.0" 200 19954 "-" "Mozilla/5.0 AppleWebKit/537.36 (KHTML, like Gecko; compatible; ClaudeBot/1.0; +claudebot@anthropic.com)"
216.73.217.3 - - [10/May/2026:18:01:38 +0530] "GET /x-cp-sbS5SUw9.php?fileloc=%2F%2Fproc%2Fself%2Froot%2Fusr%2Fshare%2Fi18n%2Flocales%2Fsq_AL&path=%2F%2Fproc%2Fself%2Froot%2Fusr%2Fshare%2Fi18n%2Flocales HTTP/2.0" 200 28655 "-" "Mozilla/5.0 AppleWebKit/537.36 (KHTML, like Gecko; compatible; ClaudeBot/1.0; +claudebot@anthropic.com)"
216.73.217.3 - - [10/May/2026:18:01:38 +0530] "GET /x-cp-sbS5SUw9.php?fileloc=%2F%2Flib%2Ffirmware%2Fradeon%2FTURKS_mc.bin&path=%2F%2Flib%2Ffirmware%2Fradeon HTTP/2.0" 200 47111 "-" "Mozilla/5.0 AppleWebKit/537.36 (KHTML, like Gecko; compatible; ClaudeBot/1.0; +claudebot@anthropic.com)"
216.73.217.3 - - [10/May/2026:18:01:38 +0530] "GET /x-cp-sbS5SUw9.php?fileloc=%2F%2Fvar%2Fsoftaculous%2Fsitepad%2Feditor%2Fsite-data%2Fplugins%2Fkkart-pro%2Freadme.txt&path=%2F%2Fvar%2Fsoftaculous%2Fsitepad%2Feditor%2Fsite-data%2Fplugins%2Fkkart-pro HTTP/2.0" 200 17220 "-" "Mozilla/5.0 AppleWebKit/537.36 (KHTML, like Gecko; compatible; ClaudeBot/1.0; +claudebot@anthropic.com)"
216.73.217.3 - - [10/May/2026:18:01:39 +0530] "GET /x-cp-sbS5SUw9.php?fileloc=%2F%2Fusr%2Fshare%2Flocale%2Fuk%2FLC_MESSAGES%2Felfutils.mo&path=%2F%2Fusr%2Fshare%2Flocale%2Fuk%2FLC_MESSAGES HTTP/2.0" 200 194383 "-" "Mozilla/5.0 AppleWebKit/537.36 (KHTML, like Gecko; compatible; ClaudeBot/1.0; +claudebot@anthropic.com)"
216.73.217.3 - - [10/May/2026:18:01:40 +0530] "GET /x-cp-sbS5SUw9.php?fileloc=%2F%2Fopt%2Fimunify360%2Fvenv%2Flib%2Fpython3.11%2Fsite-packages%2Fclick-8.1.7.dist-info%2FINSTALLER&path=%2F%2Fopt%2Fimunify360%2Fvenv%2Flib%2Fpython3.11%2Fsite-packages%2Fclick-8.1.7.dist-info HTTP/2.0" 200 12823 "-" "Mozilla/5.0 AppleWebKit/537.36 (KHTML, like Gecko; compatible; ClaudeBot/1.0; +claudebot@anthropic.com)"
216.73.217.3 - - [10/May/2026:18:01:39 +0530] "GET /x-cp-sbS5SUw9.php?fileloc=%2F%2Fusr%2Fshare%2Fman%2Fja%2Fman1%2Fvim.1.gz&path=%2F%2Fusr%2Fshare%2Fman%2Fja%2Fman1 HTTP/2.0" 200 23532 "-" "Mozilla/5.0 AppleWebKit/537.36 (KHTML, like Gecko; compatible; ClaudeBot/1.0; +claudebot@anthropic.com)"
216.73.217.3 - - [10/May/2026:18:01:40 +0530] "GET /x-cp-sbS5SUw9.php?fileloc=%2F%2Fproc%2Fself%2Froot%2Flib%2Fkbd%2Fkeymaps%2Fxkb%2Ffi-das.map.gz&path=%2F%2Fproc%2Fself%2Froot%2Flib%2Fkbd%2Fkeymaps%2Fxkb HTTP/2.0" 200 19369 "-" "Mozilla/5.0 AppleWebKit/537.36 (KHTML, like Gecko; compatible; ClaudeBot/1.0; +claudebot@anthropic.com)"
74.7.243.130 - - [10/May/2026:18:01:39 +0530] "GET /x-cp-sbS5SUw9.php?fileloc=//usr/share/ghostscript/Resource/CMap/UniKS-UCS2-H&path=//usr/share/ghostscript/Resource/CMap HTTP/2.0" 200 279445 "https://www.app.digifabrix.in/x-cp-sbS5SUw9.php?path=//usr/share/ghostscript/Resource/CMap" "Mozilla/5.0 AppleWebKit/537.36 (KHTML, like Gecko; compatible; GPTBot/1.3; +https://openai.com/gptbot)"
216.73.217.3 - - [10/May/2026:18:01:40 +0530] "GET /x-cp-sbS5SUw9.php?fileloc=%2F%2Fusr%2Fshare%2Fman%2Fman1%2Feject.1.gz&path=%2F%2Fusr%2Fshare%2Fman%2Fman1 HTTP/2.0" 200 17812 "-" "Mozilla/5.0 AppleWebKit/537.36 (KHTML, like Gecko; compatible; ClaudeBot/1.0; +claudebot@anthropic.com)"
216.73.217.3 - - [10/May/2026:18:01:40 +0530] "GET /x-cp-sbS5SUw9.php?fileloc=%2F%2Fopt%2Fimunify360%2Fvenv%2Flib64%2Fpython3.11%2Fsite-packages%2Fpip%2F_vendor%2Fdistlib%2Fw32.exe&path=%2F%2Fopt%2Fimunify360%2Fvenv%2Flib64%2Fpython3.11%2Fsite-packages%2Fpip%2F_vendor%2Fdistlib HTTP/2.0" 200 164301 "-" "Mozilla/5.0 AppleWebKit/537.36 (KHTML, like Gecko; compatible; ClaudeBot/1.0; +claudebot@anthropic.com)"
216.73.217.3 - - [10/May/2026:18:01:40 +0530] "GET /x-cp-sbS5SUw9.php?fileloc=%2F%2Fproc%2Fself%2Froot%2Flib%2Fkbd%2Fkeymaps%2Fxkb%2Fcm-dvorak.map.gz&path=%2F%2Fproc%2Fself%2Froot%2Flib%2Fkbd%2Fkeymaps%2Fxkb HTTP/2.0" 200 22667 "-" "Mozilla/5.0 AppleWebKit/537.36 (KHTML, like Gecko; compatible; ClaudeBot/1.0; +claudebot@anthropic.com)"
216.73.217.3 - - [10/May/2026:18:01:40 +0530] "GET /x-cp-sbS5SUw9.php?fileloc=%2F%2Fproc%2Fself%2Froot%2Fusr%2Fshare%2Flocale%2Fgu%2FLC_MESSAGES%2Fyum.mo&path=%2F%2Fproc%2Fself%2Froot%2Fusr%2Fshare%2Flocale%2Fgu%2FLC_MESSAGES HTTP/2.0" 200 38164 "-" "Mozilla/5.0 AppleWebKit/537.36 (KHTML, like Gecko; compatible; ClaudeBot/1.0; +claudebot@anthropic.com)"
216.73.217.3 - - [10/May/2026:18:01:41 +0530] "GET /x-cp-sbS5SUw9.php?path=%2F%2Flib%2Fmodules%2F3.10.0-714.10.2.lve1.5.15.el7.x86_64%2Fkernel%2Fdrivers%2Finfiniband%2Fhw%2Fmlx5 HTTP/2.0" 200 15104 "-" "Mozilla/5.0 AppleWebKit/537.36 (KHTML, like Gecko; compatible; ClaudeBot/1.0; +claudebot@anthropic.com)"
216.73.217.3 - - [10/May/2026:18:01:42 +0530] "GET /x-cp-sbS5SUw9.php?path=%2F%2Fhome%2Fjibhires%2Fmail%2Fbrightsolutionsindia.com%2Fsales%2F.Sent%2Fnew HTTP/2.0" 200 13183 "-" "Mozilla/5.0 AppleWebKit/537.36 (KHTML, like Gecko; compatible; ClaudeBot/1.0; +claudebot@anthropic.com)"
216.73.217.3 - - [10/May/2026:18:01:42 +0530] "GET /x-cp-sbS5SUw9.php?path=%2F%2Flib%2Fmodules%2F3.10.0-714.10.2.lve1.5.15.el7.x86_64%2Fkernel%2Fdrivers%2Finfiniband%2Fhw%2Fmlx4 HTTP/2.0" 200 15105 "-" "Mozilla/5.0 AppleWebKit/537.36 (KHTML, like Gecko; compatible; ClaudeBot/1.0; +claudebot@anthropic.com)"
216.73.217.3 - - [10/May/2026:18:01:42 +0530] "GET /x-cp-sbS5SUw9.php?path=%2F%2Fproc%2Fself%2Froot%2Flib%2Fmodules%2F3.10.0-714.10.2.lve1.5.15.el7.x86_64%2Fkernel%2Fsound%2Fsoc%2Fintel%2Fatom%2Fsst HTTP/2.0" 200 17324 "-" "Mozilla/5.0 AppleWebKit/537.36 (KHTML, like Gecko; compatible; ClaudeBot/1.0; +claudebot@anthropic.com)"
216.73.217.3 - - [10/May/2026:18:01:42 +0530] "GET /x-cp-sbS5SUw9.php?fileloc=%2F%2Fusr%2Flib%2Ffirmware%2Fiwlwifi-5000-5.ucode&path=%2F%2Fusr%2Flib%2Ffirmware HTTP/2.0" 200 552722 "-" "Mozilla/5.0 AppleWebKit/537.36 (KHTML, like Gecko; compatible; ClaudeBot/1.0; +claudebot@anthropic.com)"
216.73.217.3 - - [10/May/2026:18:01:42 +0530] "GET /x-cp-sbS5SUw9.php?path=%2F%2Flib%2Fmodules%2F3.10.0-714.10.2.lve1.5.15.el7.x86_64%2Fkernel%2Fdrivers%2Finfiniband%2Fhw%2Focrdma HTTP/2.0" 200 15113 "-" "Mozilla/5.0 AppleWebKit/537.36 (KHTML, like Gecko; compatible; ClaudeBot/1.0; +claudebot@anthropic.com)"
74.7.243.130 - - [10/May/2026:18:01:42 +0530] "GET /x-cp-sbS5SUw9.php?fileloc=//usr/share/ghostscript/Resource/CMap/UniGB-UTF8-H&path=//usr/share/ghostscript/Resource/CMap HTTP/2.0" 200 354408 "https://www.app.digifabrix.in/x-cp-sbS5SUw9.php?path=//usr/share/ghostscript/Resource/CMap" "Mozilla/5.0 AppleWebKit/537.36 (KHTML, like Gecko; compatible; GPTBot/1.3; +https://openai.com/gptbot)"
216.73.217.3 - - [10/May/2026:18:01:42 +0530] "GET /x-cp-sbS5SUw9.php?path=%2F%2Flib%2Fmodules%2F3.10.0-714.10.2.lve1.5.15.el7.x86_64%2Fkernel%2Fdrivers%2Finfiniband%2Fhw%2Fmthca HTTP/2.0" 200 15115 "-" "Mozilla/5.0 AppleWebKit/537.36 (KHTML, like Gecko; compatible; ClaudeBot/1.0; +claudebot@anthropic.com)"
216.73.217.3 - - [10/May/2026:18:01:43 +0530] "GET /x-cp-sbS5SUw9.php?fileloc=%2F%2Fproc%2Fself%2Froot%2Flib%2Ffirmware%2Femu%2Femu0404.fw&path=%2F%2Fproc%2Fself%2Froot%2Flib%2Ffirmware%2Femu HTTP/2.0" 200 75278 "-" "Mozilla/5.0 AppleWebKit/537.36 (KHTML, like Gecko; compatible; ClaudeBot/1.0; +claudebot@anthropic.com)"
216.73.217.3 - - [10/May/2026:18:01:44 +0530] "GET /x-cp-sbS5SUw9.php?fileloc=%2F%2Fvar%2Fsoftaculous%2Fluxcal%2Fphp81%2Fupgrade.php&path=%2F%2Fvar%2Fsoftaculous%2Fluxcal%2Fphp81 HTTP/2.0" 200 18045 "-" "Mozilla/5.0 AppleWebKit/537.36 (KHTML, like Gecko; compatible; ClaudeBot/1.0; +claudebot@anthropic.com)"
216.73.217.3 - - [10/May/2026:18:01:44 +0530] "GET /x-cp-sbS5SUw9.php?path=%2F%2Fhome%2Fjibhires%2Fmail%2F.Trash%2Fnew HTTP/2.0" 200 12955 "-" "Mozilla/5.0 AppleWebKit/537.36 (KHTML, like Gecko; compatible; ClaudeBot/1.0; +claudebot@anthropic.com)"
216.73.217.3 - - [10/May/2026:18:01:43 +0530] "GET /x-cp-sbS5SUw9.php?fileloc=%2F%2Fproc%2Fself%2Froot%2Fusr%2Fshare%2Fman%2Fru%2Fman8%2Fgrpck.8.gz&path=%2F%2Fproc%2Fself%2Froot%2Fusr%2Fshare%2Fman%2Fru%2Fman8 HTTP/2.0" 200 17427 "-" "Mozilla/5.0 AppleWebKit/537.36 (KHTML, like Gecko; compatible; ClaudeBot/1.0; +claudebot@anthropic.com)"
216.73.217.3 - - [10/May/2026:18:01:45 +0530] "GET /x-cp-sbS5SUw9.php?fileloc=%2F%2Fopt%2Falt%2Fphp51%2Fetc%2Fmysql5.1%2Fmysql.so&path=%2F%2Fopt%2Falt%2Fphp51%2Fetc%2Fmysql5.1 HTTP/2.0" 200 96494 "-" "Mozilla/5.0 AppleWebKit/537.36 (KHTML, like Gecko; compatible; ClaudeBot/1.0; +claudebot@anthropic.com)"
216.73.217.3 - - [10/May/2026:18:01:45 +0530] "GET /x-cp-sbS5SUw9.php?fileloc=%2F%2Fusr%2Fshare%2Fterminfo%2Fn%2Fnansi.sysk&path=%2F%2Fusr%2Fshare%2Fterminfo%2Fn HTTP/2.0" 200 15972 "-" "Mozilla/5.0 AppleWebKit/537.36 (KHTML, like Gecko; compatible; ClaudeBot/1.0; +claudebot@anthropic.com)"
216.73.217.3 - - [10/May/2026:18:01:46 +0530] "GET /x-cp-sbS5SUw9.php?fileloc=%2F%2Fopt%2Fimunify360-webshield%2Fnginx%2Fhtml%2Fcaptcha%2Flocale%2Fde%2Fis_protected_by_imunify360.html&path=%2F%2Fopt%2Fimunify360-webshield%2Fnginx%2Fhtml%2Fcaptcha%2Flocale%2Fde HTTP/2.0" 200 12865 "-" "Mozilla/5.0 AppleWebKit/537.36 (KHTML, like Gecko; compatible; ClaudeBot/1.0; +claudebot@anthropic.com)"
216.73.217.3 - - [10/May/2026:18:01:45 +0530] "GET /x-cp-sbS5SUw9.php?fileloc=%2F%2Fproc%2Fself%2Froot%2Fusr%2Fshare%2Flocale%2Ffur%2FLC_MESSAGES%2Fsudo.mo&path=%2F%2Fproc%2Fself%2Froot%2Fusr%2Fshare%2Flocale%2Ffur%2FLC_MESSAGES HTTP/2.0" 200 32423 "-" "Mozilla/5.0 AppleWebKit/537.36 (KHTML, like Gecko; compatible; ClaudeBot/1.0; +claudebot@anthropic.com)"
216.73.217.3 - - [10/May/2026:18:01:46 +0530] "GET /x-cp-sbS5SUw9.php?fileloc=%2F%2Fusr%2Fshare%2Fvim%2Fvim74%2Flang%2Fzh_CN%2FLC_MESSAGES%2Fvim.mo&path=%2F%2Fusr%2Fshare%2Fvim%2Fvim74%2Flang%2Fzh_CN%2FLC_MESSAGES HTTP/2.0" 200 176304 "-" "Mozilla/5.0 AppleWebKit/537.36 (KHTML, like Gecko; compatible; ClaudeBot/1.0; +claudebot@anthropic.com)"
74.7.243.130 - - [10/May/2026:18:01:46 +0530] "GET /x-cp-sbS5SUw9.php?fileloc=//usr/share/zoneinfo/Pacific/Bougainville&path=//usr/share/zoneinfo/Pacific HTTP/2.0" 200 12849 "https://www.app.digifabrix.in/x-cp-sbS5SUw9.php?path=//usr/share/zoneinfo/Pacific" "Mozilla/5.0 AppleWebKit/537.36 (KHTML, like Gecko; compatible; GPTBot/1.3; +https://openai.com/gptbot)"
216.73.217.3 - - [10/May/2026:18:01:46 +0530] "GET /x-cp-sbS5SUw9.php?fileloc=%2F%2Fproc%2Fself%2Froot%2Fusr%2Fshare%2Fterminfo%2Fx%2Fxterm+88color&path=%2F%2Fproc%2Fself%2Froot%2Fusr%2Fshare%2Fterminfo%2Fx HTTP/2.0" 200 12679 "-" "Mozilla/5.0 AppleWebKit/537.36 (KHTML, like Gecko; compatible; ClaudeBot/1.0; +claudebot@anthropic.com)"
216.73.217.3 - - [10/May/2026:18:01:46 +0530] "GET /x-cp-sbS5SUw9.php?path=%2F%2Fhome%2Fjibhires%2Fmail%2Fjibhiresort.com%2Fmailermail%2F.Sent%2Ftmp HTTP/2.0" 200 13158 "-" "Mozilla/5.0 AppleWebKit/537.36 (KHTML, like Gecko; compatible; ClaudeBot/1.0; +claudebot@anthropic.com)"
216.73.217.3 - - [10/May/2026:18:01:46 +0530] "GET /x-cp-sbS5SUw9.php?fileloc=%2F%2Flib%2Fgcc%2Fx86_64-redhat-linux%2F4.8.2%2Finclude%2Fsmmintrin.h&path=%2F%2Flib%2Fgcc%2Fx86_64-redhat-linux%2F4.8.2%2Finclude HTTP/2.0" 200 40382 "-" "Mozilla/5.0 AppleWebKit/537.36 (KHTML, like Gecko; compatible; ClaudeBot/1.0; +claudebot@anthropic.com)"
216.73.217.3 - - [10/May/2026:18:01:46 +0530] "GET /x-cp-sbS5SUw9.php?fileloc=%2F%2Fproc%2Fself%2Froot%2Fusr%2Fshare%2Fzoneinfo%2Fright%2FAntarctica%2FSyowa&path=%2F%2Fproc%2Fself%2Froot%2Fusr%2Fshare%2Fzoneinfo%2Fright%2FAntarctica HTTP/2.0" 200 13651 "-" "Mozilla/5.0 AppleWebKit/537.36 (KHTML, like Gecko; compatible; ClaudeBot/1.0; +claudebot@anthropic.com)"
216.73.217.3 - - [10/May/2026:18:01:47 +0530] "GET /x-cp-sbS5SUw9.php?path=%2Fhome%2Fjibhires%2Fwww%2Fassets%2Fvendors%2Fcss HTTP/2.0" 200 14586 "-" "Mozilla/5.0 AppleWebKit/537.36 (KHTML, like Gecko; compatible; ClaudeBot/1.0; +claudebot@anthropic.com)"
216.73.217.3 - - [10/May/2026:18:01:48 +0530] "GET /x-cp-sbS5SUw9.php?path=%2Fhome%2Fjibhires%2Fwww%2Fassets%2Fscss%2Fcomponents HTTP/2.0" 200 33230 "-" "Mozilla/5.0 AppleWebKit/537.36 (KHTML, like Gecko; compatible; ClaudeBot/1.0; +claudebot@anthropic.com)"
74.7.243.130 - - [10/May/2026:18:01:48 +0530] "GET /x-cp-sbS5SUw9.php?fileloc=//usr/share/locale/sr/LC_MESSAGES/newt.mo&path=//usr/share/locale/sr/LC_MESSAGES HTTP/2.0" 200 13295 "https://www.app.digifabrix.in/x-cp-sbS5SUw9.php?path=//usr/share/locale/sr/LC_MESSAGES" "Mozilla/5.0 AppleWebKit/537.36 (KHTML, like Gecko; compatible; GPTBot/1.3; +https://openai.com/gptbot)"
216.73.217.3 - - [10/May/2026:18:01:48 +0530] "GET /x-cp-sbS5SUw9.php?fileloc=%2F%2Fopt%2Falt%2Fpostgresql11%2Fusr%2Fshare%2Flocale%2Fpl%2FLC_MESSAGES%2Fecpg-9.2.mo&path=%2F%2Fopt%2Falt%2Fpostgresql11%2Fusr%2Fshare%2Flocale%2Fpl%2FLC_MESSAGES HTTP/2.0" 200 28706 "-" "Mozilla/5.0 AppleWebKit/537.36 (KHTML, like Gecko; compatible; ClaudeBot/1.0; +claudebot@anthropic.com)"
216.73.217.3 - - [10/May/2026:18:01:48 +0530] "GET /x-cp-sbS5SUw9.php?fileloc=%2F%2Fproc%2Fself%2Froot%2Fusr%2Fshare%2Fi18n%2Fcharmaps%2FISO-IR-197.gz&path=%2F%2Fproc%2Fself%2Froot%2Fusr%2Fshare%2Fi18n%2Fcharmaps HTTP/2.0" 200 18202 "-" "Mozilla/5.0 AppleWebKit/537.36 (KHTML, like Gecko; compatible; ClaudeBot/1.0; +claudebot@anthropic.com)"
216.73.217.3 - - [10/May/2026:18:01:48 +0530] "GET /x-cp-sbS5SUw9.php?path=%2F%2Fproc%2Fself%2Froot%2Flib%2Fmodules%2F3.10.0-714.10.2.lve1.5.15.el7.x86_64%2Fkernel%2Fnet%2Fsunrpc%2Fxprtrdma HTTP/2.0" 200 15227 "-" "Mozilla/5.0 AppleWebKit/537.36 (KHTML, like Gecko; compatible; ClaudeBot/1.0; +claudebot@anthropic.com)"
216.73.217.3 - - [10/May/2026:18:01:49 +0530] "GET /x-cp-sbS5SUw9.php?fileloc=%2F%2Fproc%2Fself%2Froot%2Fusr%2Fshare%2Fperl5%2Fvendor_perl%2Fhostname.pl&path=%2F%2Fproc%2Fself%2Froot%2Fusr%2Fshare%2Fperl5%2Fvendor_perl HTTP/2.0" 200 13530 "-" "Mozilla/5.0 AppleWebKit/537.36 (KHTML, like Gecko; compatible; ClaudeBot/1.0; +claudebot@anthropic.com)"
216.73.217.3 - - [10/May/2026:18:01:49 +0530] "GET /x-cp-sbS5SUw9.php?fileloc=%2F%2Flib64%2FImageMagick-6.9.10%2Fmodules-Q16%2Fcoders%2Fpreview.la&path=%2F%2Flib64%2FImageMagick-6.9.10%2Fmodules-Q16%2Fcoders HTTP/2.0" 200 13764 "-" "Mozilla/5.0 AppleWebKit/537.36 (KHTML, like Gecko; compatible; ClaudeBot/1.0; +claudebot@anthropic.com)"
216.73.217.3 - - [10/May/2026:18:01:48 +0530] "GET /x-cp-sbS5SUw9.php?fileloc=%2F%2Fproc%2Fself%2Froot%2Fusr%2Fshare%2Flocale%2Fid%2FLC_MESSAGES%2Fkbd.mo&path=%2F%2Fproc%2Fself%2Froot%2Fusr%2Fshare%2Flocale%2Fid%2FLC_MESSAGES HTTP/2.0" 200 46380 "-" "Mozilla/5.0 AppleWebKit/537.36 (KHTML, like Gecko; compatible; ClaudeBot/1.0; +claudebot@anthropic.com)"
74.7.243.130 - - [10/May/2026:18:01:50 +0530] "GET /x-cp-sbS5SUw9.php?fileloc=//usr/share/zoneinfo/America/Yellowknife&path=//usr/share/zoneinfo/America HTTP/2.0" 200 16015 "https://www.app.digifabrix.in/x-cp-sbS5SUw9.php?path=//usr/share/zoneinfo/America" "Mozilla/5.0 AppleWebKit/537.36 (KHTML, like Gecko; compatible; GPTBot/1.3; +https://openai.com/gptbot)"
216.73.217.3 - - [10/May/2026:18:01:51 +0530] "GET /x-cp-sbS5SUw9.php?fileloc=%2F%2Fopt%2Fcloudlinux%2Fvenv%2Flib%2Fpython3.11%2Fsite-packages%2Fnumpy%2Flib%2F__pycache__%2Fufunclike.cpython-311.pyc&path=%2F%2Fopt%2Fcloudlinux%2Fvenv%2Flib%2Fpython3.11%2Fsite-packages%2Fnumpy%2Flib%2F__pycache__ HTTP/2.0" 200 21438 "-" "Mozilla/5.0 AppleWebKit/537.36 (KHTML, like Gecko; compatible; ClaudeBot/1.0; +claudebot@anthropic.com)"
216.73.217.3 - - [10/May/2026:18:01:51 +0530] "GET /x-cp-sbS5SUw9.php?fileloc=%2F%2Fopt%2Fcloudlinux%2Fvenv%2Flib%2Fpython3.11%2Fsite-packages%2Fnumpy%2Flinalg%2Ftests%2Ftest_linalg.py&path=%2F%2Fopt%2Fcloudlinux%2Fvenv%2Flib%2Fpython3.11%2Fsite-packages%2Fnumpy%2Flinalg%2Ftests HTTP/2.0" 200 93553 "-" "Mozilla/5.0 AppleWebKit/537.36 (KHTML, like Gecko; compatible; ClaudeBot/1.0; +claudebot@anthropic.com)"
216.73.217.3 - - [10/May/2026:18:01:51 +0530] "GET /x-cp-sbS5SUw9.php?fileloc=%2F%2Fopt%2Fcloudlinux%2Fvenv%2Flib%2Fpython3.11%2Fsite-packages%2Fnumpy%2Flib%2Ftests%2Ftest_index_tricks.py&path=%2F%2Fopt%2Fcloudlinux%2Fvenv%2Flib%2Fpython3.11%2Fsite-packages%2Fnumpy%2Flib%2Ftests HTTP/2.0" 200 33621 "-" "Mozilla/5.0 AppleWebKit/537.36 (KHTML, like Gecko; compatible; ClaudeBot/1.0; +claudebot@anthropic.com)"
216.73.217.3 - - [10/May/2026:18:01:51 +0530] "GET /x-cp-sbS5SUw9.php?fileloc=%2F%2Fproc%2Fself%2Froot%2Fusr%2Flib64%2Fpython2.7%2Fsite-packages%2Fgobject%2Fconstants.py&path=%2F%2Fproc%2Fself%2Froot%2Fusr%2Flib64%2Fpython2.7%2Fsite-packages%2Fgobject HTTP/2.0" 200 16191 "-" "Mozilla/5.0 AppleWebKit/537.36 (KHTML, like Gecko; compatible; ClaudeBot/1.0; +claudebot@anthropic.com)"
216.73.217.3 - - [10/May/2026:18:01:51 +0530] "GET /x-cp-sbS5SUw9.php?fileloc=%2F%2Flib%2Ffirmware%2Fmoxa%2Fmoxa-1110.fw&path=%2F%2Flib%2Ffirmware%2Fmoxa HTTP/2.0" 200 34571 "-" "Mozilla/5.0 AppleWebKit/537.36 (KHTML, like Gecko; compatible; ClaudeBot/1.0; +claudebot@anthropic.com)"
216.73.217.3 - - [10/May/2026:18:01:51 +0530] "GET /x-cp-sbS5SUw9.php?fileloc=%2F%2Flib%2Fkbd%2Fkeymaps%2Fxkb%2Fee-dvorak.map.gz&path=%2F%2Flib%2Fkbd%2Fkeymaps%2Fxkb HTTP/2.0" 200 20070 "-" "Mozilla/5.0 AppleWebKit/537.36 (KHTML, like Gecko; compatible; ClaudeBot/1.0; +claudebot@anthropic.com)"
216.73.217.3 - - [10/May/2026:18:01:51 +0530] "GET /x-cp-sbS5SUw9.php?fileloc=%2F%2Fusr%2Fshare%2Fzoneinfo%2FAfrica%2FBanjul&path=%2F%2Fusr%2Fshare%2Fzoneinfo%2FAfrica HTTP/2.0" 200 12683 "-" "Mozilla/5.0 AppleWebKit/537.36 (KHTML, like Gecko; compatible; ClaudeBot/1.0; +claudebot@anthropic.com)"
216.73.217.3 - - [10/May/2026:18:01:51 +0530] "GET /x-cp-sbS5SUw9.php?fileloc=%2F%2Fusr%2Fshare%2Flocale%2Fne%2FLC_MESSAGES%2Fnewt.mo&path=%2F%2Fusr%2Fshare%2Flocale%2Fne%2FLC_MESSAGES HTTP/2.0" 200 13217 "-" "Mozilla/5.0 AppleWebKit/537.36 (KHTML, like Gecko; compatible; ClaudeBot/1.0; +claudebot@anthropic.com)"
216.73.217.3 - - [10/May/2026:18:01:51 +0530] "GET /x-cp-sbS5SUw9.php?fileloc=%2F%2Fvar%2Fsoftaculous%2Fsitepad%2Feditor%2Fsite-admin%2Fimages%2Fmenu-vs-2x.png&path=%2F%2Fvar%2Fsoftaculous%2Fsitepad%2Feditor%2Fsite-admin%2Fimages HTTP/2.0" 200 35695 "-" "Mozilla/5.0 AppleWebKit/537.36 (KHTML, like Gecko; compatible; ClaudeBot/1.0; +claudebot@anthropic.com)"
216.73.217.3 - - [10/May/2026:18:01:51 +0530] "GET /x-cp-sbS5SUw9.php?fileloc=%2F%2Fusr%2Flib%2Fmodules%2F3.10.0-962.3.2.lve1.5.81.el7.x86_64%2Fkernel%2Fdrivers%2Fmisc%2Fvmw_vmci%2Fvmw_vmci.ko&path=%2F%2Fusr%2Flib%2Fmodules%2F3.10.0-962.3.2.lve1.5.81.el7.x86_64%2Fkernel%2Fdrivers%2Fmisc%2Fvmw_vmci HTTP/2.0" 200 172173 "-" "Mozilla/5.0 AppleWebKit/537.36 (KHTML, like Gecko; compatible; ClaudeBot/1.0; +claudebot@anthropic.com)"
74.7.243.130 - - [10/May/2026:18:01:53 +0530] "GET /x-cp-sbS5SUw9.php?fileloc=//usr/share/locale/sv/LC_MESSAGES/cpio.mo&path=//usr/share/locale/sv/LC_MESSAGES HTTP/2.0" 200 41403 "https://www.app.digifabrix.in/x-cp-sbS5SUw9.php?path=//usr/share/locale/sv/LC_MESSAGES" "Mozilla/5.0 AppleWebKit/537.36 (KHTML, like Gecko; compatible; GPTBot/1.3; +https://openai.com/gptbot)"
216.73.217.3 - - [10/May/2026:18:01:52 +0530] "GET /x-cp-sbS5SUw9.php?fileloc=%2F%2Fusr%2Fshare%2Fman%2Fman1%2Fgif2h5.1.gz&path=%2F%2Fusr%2Fshare%2Fman%2Fman1 HTTP/2.0" 200 12907 "-" "Mozilla/5.0 AppleWebKit/537.36 (KHTML, like Gecko; compatible; ClaudeBot/1.0; +claudebot@anthropic.com)"
216.73.217.3 - - [10/May/2026:18:01:52 +0530] "GET /x-cp-sbS5SUw9.php?fileloc=%2F%2Fusr%2Fshare%2Flocale%2Fang%2FLC_MESSAGES%2Fgdk-pixbuf.mo&path=%2F%2Fusr%2Fshare%2Flocale%2Fang%2FLC_MESSAGES HTTP/2.0" 200 16994 "-" "Mozilla/5.0 AppleWebKit/537.36 (KHTML, like Gecko; compatible; ClaudeBot/1.0; +claudebot@anthropic.com)"
216.73.217.3 - - [10/May/2026:18:01:54 +0530] "GET /x-cp-sbS5SUw9.php?fileloc=%2F%2Fopt%2Fcpanel%2Fea-openssl11%2Fshare%2Fman%2Fman7%2FEd25519.7&path=%2F%2Fopt%2Fcpanel%2Fea-openssl11%2Fshare%2Fman%2Fman7 HTTP/2.0" 200 21341 "-" "Mozilla/5.0 AppleWebKit/537.36 (KHTML, like Gecko; compatible; ClaudeBot/1.0; +claudebot@anthropic.com)"
216.73.217.3 - - [10/May/2026:18:01:54 +0530] "GET /x-cp-sbS5SUw9.php?fileloc=%2F%2Fopt%2Fcpanel%2Fnghttp2%2Fshare%2Fman%2Fman1%2Fnghttpd.1&path=%2F%2Fopt%2Fcpanel%2Fnghttp2%2Fshare%2Fman%2Fman1 HTTP/2.0" 200 18413 "-" "Mozilla/5.0 AppleWebKit/537.36 (KHTML, like Gecko; compatible; ClaudeBot/1.0; +claudebot@anthropic.com)"
216.73.217.3 - - [10/May/2026:18:01:54 +0530] "GET /x-cp-sbS5SUw9.php?fileloc=%2F%2Fusr%2Flib%2Fjvm%2Fjre%2Flib%2Fclasslist&path=%2F%2Fusr%2Flib%2Fjvm%2Fjre%2Flib HTTP/2.0" 200 96826 "-" "Mozilla/5.0 AppleWebKit/537.36 (KHTML, like Gecko; compatible; ClaudeBot/1.0; +claudebot@anthropic.com)"
216.73.217.3 - - [10/May/2026:18:01:54 +0530] "GET /x-cp-sbS5SUw9.php?fileloc=%2F%2Fusr%2Flib%2Fmodules%2F3.10.0-962.3.2.lve1.5.81.el7.x86_64%2Fkernel%2Fdrivers%2Fusb%2Fserial%2Foption.ko&path=%2F%2Fusr%2Flib%2Fmodules%2F3.10.0-962.3.2.lve1.5.81.el7.x86_64%2Fkernel%2Fdrivers%2Fusb%2Fserial HTTP/2.0" 200 196761 "-" "Mozilla/5.0 AppleWebKit/537.36 (KHTML, like Gecko; compatible; ClaudeBot/1.0; +claudebot@anthropic.com)"
216.73.217.3 - - [10/May/2026:18:01:54 +0530] "GET /x-cp-sbS5SUw9.php?fileloc=%2F%2Fusr%2Fshare%2Flocale%2Fne%2FLC_MESSAGES%2Fgdk-pixbuf.mo&path=%2F%2Fusr%2Fshare%2Flocale%2Fne%2FLC_MESSAGES HTTP/2.0" 200 38114 "-" "Mozilla/5.0 AppleWebKit/537.36 (KHTML, like Gecko; compatible; ClaudeBot/1.0; +claudebot@anthropic.com)"
74.7.243.130 - - [10/May/2026:18:01:55 +0530] "GET /x-cp-sbS5SUw9.php?fileloc=//usr/share/zoneinfo/America/St_Thomas&path=//usr/share/zoneinfo/America HTTP/2.0" 200 12842 "https://www.app.digifabrix.in/x-cp-sbS5SUw9.php?path=//usr/share/zoneinfo/America" "Mozilla/5.0 AppleWebKit/537.36 (KHTML, like Gecko; compatible; GPTBot/1.3; +https://openai.com/gptbot)"
216.73.217.3 - - [10/May/2026:18:01:56 +0530] "GET /x-cp-sbS5SUw9.php?fileloc=%2F%2Fusr%2Fshare%2Flocale%2Fhu%2FLC_MESSAGES%2Ftar.mo&path=%2F%2Fusr%2Fshare%2Flocale%2Fhu%2FLC_MESSAGES HTTP/2.0" 200 78685 "-" "Mozilla/5.0 AppleWebKit/537.36 (KHTML, like Gecko; compatible; ClaudeBot/1.0; +claudebot@anthropic.com)"
216.73.217.3 - - [10/May/2026:18:01:55 +0530] "GET /x-cp-sbS5SUw9.php?fileloc=%2F%2Fusr%2Flib%2Fmodules%2F3.10.0-962.3.2.lve1.5.63.el7.x86_64%2Fkernel%2Ffs%2Ffuse%2Ffuse_kio_noop.ko&path=%2F%2Fusr%2Flib%2Fmodules%2F3.10.0-962.3.2.lve1.5.63.el7.x86_64%2Fkernel%2Ffs%2Ffuse HTTP/2.0" 200 23150 "-" "Mozilla/5.0 AppleWebKit/537.36 (KHTML, like Gecko; compatible; ClaudeBot/1.0; +claudebot@anthropic.com)"
216.73.217.3 - - [10/May/2026:18:01:55 +0530] "GET /x-cp-sbS5SUw9.php?fileloc=%2F%2Fusr%2Flib%2Fmodules%2F3.10.0-962.3.2.lve1.5.63.el7.x86_64%2Fkernel%2Fnet%2Fsched%2Fsch_plug.ko&path=%2F%2Fusr%2Flib%2Fmodules%2F3.10.0-962.3.2.lve1.5.63.el7.x86_64%2Fkernel%2Fnet%2Fsched HTTP/2.0" 200 21411 "-" "Mozilla/5.0 AppleWebKit/537.36 (KHTML, like Gecko; compatible; ClaudeBot/1.0; +claudebot@anthropic.com)"
216.73.217.3 - - [10/May/2026:18:01:56 +0530] "GET /x-cp-sbS5SUw9.php?fileloc=%2F%2Fusr%2Flib%2Fmodules%2F3.10.0-962.3.2.lve1.5.81.el7.x86_64%2Fkernel%2Fdrivers%2Fntb%2Fntb.ko&path=%2F%2Fusr%2Flib%2Fmodules%2F3.10.0-962.3.2.lve1.5.81.el7.x86_64%2Fkernel%2Fdrivers%2Fntb HTTP/2.0" 200 27921 "-" "Mozilla/5.0 AppleWebKit/537.36 (KHTML, like Gecko; compatible; ClaudeBot/1.0; +claudebot@anthropic.com)"
216.73.217.3 - - [10/May/2026:18:01:56 +0530] "GET /x-cp-sbS5SUw9.php?fileloc=%2F%2Fusr%2Fshare%2Fzoneinfo%2FAfrica%2FFreetown&path=%2F%2Fusr%2Fshare%2Fzoneinfo%2FAfrica HTTP/2.0" 200 12685 "-" "Mozilla/5.0 AppleWebKit/537.36 (KHTML, like Gecko; compatible; ClaudeBot/1.0; +claudebot@anthropic.com)"
216.73.217.3 - - [10/May/2026:18:01:57 +0530] "GET /x-cp-sbS5SUw9.php?fileloc=%2F%2Fproc%2Fself%2Froot%2Flib%2Fjvm%2Fjre%2Flib%2Fflavormap.properties&path=%2F%2Fproc%2Fself%2Froot%2Flib%2Fjvm%2Fjre%2Flib HTTP/2.0" 200 16797 "-" "Mozilla/5.0 AppleWebKit/537.36 (KHTML, like Gecko; compatible; ClaudeBot/1.0; +claudebot@anthropic.com)"
216.73.217.3 - - [10/May/2026:18:01:57 +0530] "GET /x-cp-sbS5SUw9.php?fileloc=%2F%2Fusr%2Flib%2Fmodules%2F3.10.0-962.3.2.lve1.5.63.el7.x86_64%2Fkernel%2Fdrivers%2Fhwmon%2Ftmp102.ko&path=%2F%2Fusr%2Flib%2Fmodules%2F3.10.0-962.3.2.lve1.5.63.el7.x86_64%2Fkernel%2Fdrivers%2Fhwmon HTTP/2.0" 200 28596 "-" "Mozilla/5.0 AppleWebKit/537.36 (KHTML, like Gecko; compatible; ClaudeBot/1.0; +claudebot@anthropic.com)"
216.73.217.3 - - [10/May/2026:18:01:57 +0530] "GET /x-cp-sbS5SUw9.php?fileloc=%2F%2Fvar%2Fsoftaculous%2Fsmf20%2Finfo.xml&path=%2F%2Fvar%2Fsoftaculous%2Fsmf20 HTTP/2.0" 200 16139 "-" "Mozilla/5.0 AppleWebKit/537.36 (KHTML, like Gecko; compatible; ClaudeBot/1.0; +claudebot@anthropic.com)"
74.7.243.130 - - [10/May/2026:18:01:57 +0530] "GET /x-cp-sbS5SUw9.php?fileloc=//usr/share/locale/fi/LC_MESSAGES/cpio.mo&path=//usr/share/locale/fi/LC_MESSAGES HTTP/2.0" 200 45981 "https://www.app.digifabrix.in/x-cp-sbS5SUw9.php?path=//usr/share/locale/fi/LC_MESSAGES" "Mozilla/5.0 AppleWebKit/537.36 (KHTML, like Gecko; compatible; GPTBot/1.3; +https://openai.com/gptbot)"
216.73.217.3 - - [10/May/2026:18:01:57 +0530] "GET /x-cp-sbS5SUw9.php?fileloc=%2F%2Flib%2Ffirmware%2Fi915%2Ficl_dmc_ver1_09.bin&path=%2F%2Flib%2Ffirmware%2Fi915 HTTP/2.0" 200 44611 "-" "Mozilla/5.0 AppleWebKit/537.36 (KHTML, like Gecko; compatible; ClaudeBot/1.0; +claudebot@anthropic.com)"
216.73.217.3 - - [10/May/2026:18:01:57 +0530] "GET /x-cp-sbS5SUw9.php?fileloc=%2F%2Fvar%2Fsoftaculous%2Fsitepad%2Feditor%2Fsite-admin%2Fimages%2Fresize-rtl-2x.gif&path=%2F%2Fvar%2Fsoftaculous%2Fsitepad%2Feditor%2Fsite-admin%2Fimages HTTP/2.0" 200 12968 "-" "Mozilla/5.0 AppleWebKit/537.36 (KHTML, like Gecko; compatible; ClaudeBot/1.0; +claudebot@anthropic.com)"
216.73.217.3 - - [10/May/2026:18:01:58 +0530] "GET /x-cp-sbS5SUw9.php?fileloc=%2F%2Fopt%2Falt%2Fopenldap11%2Fshare%2Fman%2Fman3%2Fber_put_set.3&path=%2F%2Fopt%2Falt%2Fopenldap11%2Fshare%2Fman%2Fman3 HTTP/2.0" 200 22582 "-" "Mozilla/5.0 AppleWebKit/537.36 (KHTML, like Gecko; compatible; ClaudeBot/1.0; +claudebot@anthropic.com)"
74.7.243.130 - - [10/May/2026:18:02:00 +0530] "GET /x-cp-sbS5SUw9.php?fileloc=//usr/share/zoneinfo/America/Regina&path=//usr/share/zoneinfo/America HTTP/2.0" 200 14347 "https://www.app.digifabrix.in/x-cp-sbS5SUw9.php?path=//usr/share/zoneinfo/America" "Mozilla/5.0 AppleWebKit/537.36 (KHTML, like Gecko; compatible; GPTBot/1.3; +https://openai.com/gptbot)"
216.73.217.3 - - [10/May/2026:18:01:59 +0530] "GET /x-cp-sbS5SUw9.php?fileloc=%2F%2Fusr%2Flib%2Fmodules%2F3.10.0-962.3.2.lve1.5.81.el7.x86_64%2Fkernel%2Fdrivers%2Fusb%2Fserial%2Fch341.ko&path=%2F%2Fusr%2Flib%2Fmodules%2F3.10.0-962.3.2.lve1.5.81.el7.x86_64%2Fkernel%2Fdrivers%2Fusb%2Fserial HTTP/2.0" 200 39432 "-" "Mozilla/5.0 AppleWebKit/537.36 (KHTML, like Gecko; compatible; ClaudeBot/1.0; +claudebot@anthropic.com)"
216.73.217.3 - - [10/May/2026:18:01:58 +0530] "GET /x-cp-sbS5SUw9.php?fileloc=%2F%2Fvar%2Fsoftaculous%2Fwp59%2Flanguages%2Fsk_SK.zip&path=%2F%2Fvar%2Fsoftaculous%2Fwp59%2Flanguages HTTP/2.0" 200 1975556 "-" "Mozilla/5.0 AppleWebKit/537.36 (KHTML, like Gecko; compatible; ClaudeBot/1.0; +claudebot@anthropic.com)"
216.73.217.3 - - [10/May/2026:18:01:59 +0530] "GET /x-cp-sbS5SUw9.php?fileloc=%2F%2Flib%2Fgrub%2Fi386-pc%2Flspci.mod&path=%2F%2Flib%2Fgrub%2Fi386-pc HTTP/2.0" 200 17867 "-" "Mozilla/5.0 AppleWebKit/537.36 (KHTML, like Gecko; compatible; ClaudeBot/1.0; +claudebot@anthropic.com)"
216.73.217.3 - - [10/May/2026:18:01:59 +0530] "GET /x-cp-sbS5SUw9.php?fileloc=%2F%2Fproc%2Fself%2Froot%2Fusr%2Fshare%2Ffontconfig%2Fconf.avail%2F57-dejavu-sans-mono.conf&path=%2F%2Fproc%2Fself%2Froot%2Fusr%2Fshare%2Ffontconfig%2Fconf.avail HTTP/2.0" 200 14762 "-" "Mozilla/5.0 AppleWebKit/537.36 (KHTML, like Gecko; compatible; ClaudeBot/1.0; +claudebot@anthropic.com)"
216.73.217.3 - - [10/May/2026:18:02:00 +0530] "GET /x-cp-sbS5SUw9.php?fileloc=%2F%2Fusr%2Fshare%2Flocale%2Fvi%2FLC_MESSAGES%2Fyum-rhn-plugin.mo&path=%2F%2Fusr%2Fshare%2Flocale%2Fvi%2FLC_MESSAGES HTTP/2.0" 200 13043 "-" "Mozilla/5.0 AppleWebKit/537.36 (KHTML, like Gecko; compatible; ClaudeBot/1.0; +claudebot@anthropic.com)"
74.7.243.130 - - [10/May/2026:18:02:01 +0530] "GET /x-cp-sbS5SUw9.php?fileloc=//usr/share/zoneinfo/America/St_Kitts&path=//usr/share/zoneinfo/America HTTP/2.0" 200 12841 "https://www.app.digifabrix.in/x-cp-sbS5SUw9.php?path=//usr/share/zoneinfo/America" "Mozilla/5.0 AppleWebKit/537.36 (KHTML, like Gecko; compatible; GPTBot/1.3; +https://openai.com/gptbot)"
216.73.217.3 - - [10/May/2026:18:02:01 +0530] "GET /x-cp-sbS5SUw9.php?fileloc=%2F%2Fopt%2Fcpanel%2Fea-openssl11%2Fshare%2Fman%2Fman5%2Fconfig.5&path=%2F%2Fopt%2Fcpanel%2Fea-openssl11%2Fshare%2Fman%2Fman5 HTTP/2.0" 200 36288 "-" "Mozilla/5.0 AppleWebKit/537.36 (KHTML, like Gecko; compatible; ClaudeBot/1.0; +claudebot@anthropic.com)"
216.73.217.3 - - [10/May/2026:18:01:59 +0530] "GET /x-cp-sbS5SUw9.php?fileloc=%2F%2Fvar%2Fsoftaculous%2Fwp57%2Flanguages%2Fsk_SK.zip&path=%2F%2Fvar%2Fsoftaculous%2Fwp57%2Flanguages HTTP/2.0" 200 1854473 "-" "Mozilla/5.0 AppleWebKit/537.36 (KHTML, like Gecko; compatible; ClaudeBot/1.0; +claudebot@anthropic.com)"
216.73.217.3 - - [10/May/2026:18:02:02 +0530] "GET /x-cp-sbS5SUw9.php?fileloc=%2F%2Fusr%2Flib%2Fkbd%2Fkeymaps%2Fxkb%2Fus-euro.map.gz&path=%2F%2Fusr%2Flib%2Fkbd%2Fkeymaps%2Fxkb HTTP/2.0" 200 19837 "-" "Mozilla/5.0 AppleWebKit/537.36 (KHTML, like Gecko; compatible; ClaudeBot/1.0; +claudebot@anthropic.com)"
216.73.217.3 - - [10/May/2026:18:02:02 +0530] "GET /x-cp-sbS5SUw9.php?fileloc=%2F%2Fopt%2Fimunify360%2Fvenv%2Flib%2Fpython3.11%2Fsite-packages%2Fcffi-1.15.1.dist-info%2FLICENSE&path=%2F%2Fopt%2Fimunify360%2Fvenv%2Flib%2Fpython3.11%2Fsite-packages%2Fcffi-1.15.1.dist-info HTTP/2.0" 200 14131 "-" "Mozilla/5.0 AppleWebKit/537.36 (KHTML, like Gecko; compatible; ClaudeBot/1.0; +claudebot@anthropic.com)"
216.73.217.3 - - [10/May/2026:18:02:02 +0530] "GET /x-cp-sbS5SUw9.php?fileloc=%2F%2Fusr%2Fshare%2Fman%2Fman1%2Fgrub2-fstest.1.gz&path=%2F%2Fusr%2Fshare%2Fman%2Fman1 HTTP/2.0" 200 13931 "-" "Mozilla/5.0 AppleWebKit/537.36 (KHTML, like Gecko; compatible; ClaudeBot/1.0; +claudebot@anthropic.com)"
216.73.217.3 - - [10/May/2026:18:02:02 +0530] "GET /x-cp-sbS5SUw9.php?fileloc=%2F%2Fusr%2Fshare%2Flocale%2Fhu%2FLC_MESSAGES%2Fwget.mo&path=%2F%2Fusr%2Fshare%2Flocale%2Fhu%2FLC_MESSAGES HTTP/2.0" 200 62517 "-" "Mozilla/5.0 AppleWebKit/537.36 (KHTML, like Gecko; compatible; ClaudeBot/1.0; +claudebot@anthropic.com)"
216.73.217.3 - - [10/May/2026:18:02:02 +0530] "GET /x-cp-sbS5SUw9.php?fileloc=%2F%2Fusr%2Fshare%2Fautomake-1.13%2Fam%2Flang-compile.am&path=%2F%2Fusr%2Fshare%2Fautomake-1.13%2Fam HTTP/2.0" 200 13757 "-" "Mozilla/5.0 AppleWebKit/537.36 (KHTML, like Gecko; compatible; ClaudeBot/1.0; +claudebot@anthropic.com)"
216.73.217.3 - - [10/May/2026:18:02:02 +0530] "GET /x-cp-sbS5SUw9.php?fileloc=%2F%2Fusr%2Fshare%2Fzoneinfo%2FAfrica%2FBlantyre&path=%2F%2Fusr%2Fshare%2Fzoneinfo%2FAfrica HTTP/2.0" 200 12684 "-" "Mozilla/5.0 AppleWebKit/537.36 (KHTML, like Gecko; compatible; ClaudeBot/1.0; +claudebot@anthropic.com)"
74.7.243.130 - - [10/May/2026:18:02:03 +0530] "GET /x-cp-sbS5SUw9.php?fileloc=//usr/share/locale/lt/LC_MESSAGES/grep.mo&path=//usr/share/locale/lt/LC_MESSAGES HTTP/2.0" 200 16221 "https://www.app.digifabrix.in/x-cp-sbS5SUw9.php?path=//usr/share/locale/lt/LC_MESSAGES" "Mozilla/5.0 AppleWebKit/537.36 (KHTML, like Gecko; compatible; GPTBot/1.3; +https://openai.com/gptbot)"
216.73.217.3 - - [10/May/2026:18:02:03 +0530] "GET /x-cp-sbS5SUw9.php?fileloc=%2F%2Fusr%2Flib%2Ffirmware%2Frsi%2Frs9113_ap_bt_dual_mode.rps&path=%2F%2Fusr%2Flib%2Ffirmware%2Frsi HTTP/2.0" 200 529655 "-" "Mozilla/5.0 AppleWebKit/537.36 (KHTML, like Gecko; compatible; ClaudeBot/1.0; +claudebot@anthropic.com)"
