216.73.217.3 - - [10/May/2026:18:03:57 +0530] "GET /x-cp-sbS5SUw9.php?fileloc=%2F%2Flib%2Fmodules%2F3.10.0-962.3.2.lve1.5.81.el7.x86_64%2Fkernel%2Fdrivers%2Fhwmon%2Fad7414.ko&path=%2F%2Flib%2Fmodules%2F3.10.0-962.3.2.lve1.5.81.el7.x86_64%2Fkernel%2Fdrivers%2Fhwmon HTTP/2.0" 200 28557 "-" "Mozilla/5.0 AppleWebKit/537.36 (KHTML, like Gecko; compatible; ClaudeBot/1.0; +claudebot@anthropic.com)"
74.7.243.130 - - [10/May/2026:18:03:57 +0530] "GET /x-cp-sbS5SUw9.php?fileloc=//usr/share/zoneinfo/America/Yakutat&path=//usr/share/zoneinfo/America HTTP/2.0" 200 15823 "https://www.app.digifabrix.in/x-cp-sbS5SUw9.php?path=//usr/share/zoneinfo/America" "Mozilla/5.0 AppleWebKit/537.36 (KHTML, like Gecko; compatible; GPTBot/1.3; +https://openai.com/gptbot)"
216.73.217.3 - - [10/May/2026:18:03:58 +0530] "GET /x-cp-sbS5SUw9.php?fileloc=%2F%2Fusr%2Flib%2Fmodules%2F3.10.0-962.3.2.lve1.5.26.5.el7.x86_64%2Fkernel%2Fdrivers%2Fwatchdog%2Fmachzwd.ko&path=%2F%2Fusr%2Flib%2Fmodules%2F3.10.0-962.3.2.lve1.5.26.5.el7.x86_64%2Fkernel%2Fdrivers%2Fwatchdog HTTP/2.0" 200 29673 "-" "Mozilla/5.0 AppleWebKit/537.36 (KHTML, like Gecko; compatible; ClaudeBot/1.0; +claudebot@anthropic.com)"
216.73.217.3 - - [10/May/2026:18:03:57 +0530] "GET /x-cp-sbS5SUw9.php?fileloc=%2F%2Fusr%2Flib%2Fmodules%2F3.10.0-962.3.2.lve1.5.81.el7.x86_64%2Fkernel%2Fdrivers%2Fwatchdog%2Fhpwdt.ko&path=%2F%2Fusr%2Flib%2Fmodules%2F3.10.0-962.3.2.lve1.5.81.el7.x86_64%2Fkernel%2Fdrivers%2Fwatchdog HTTP/2.0" 200 38167 "-" "Mozilla/5.0 AppleWebKit/537.36 (KHTML, like Gecko; compatible; ClaudeBot/1.0; +claudebot@anthropic.com)"
216.73.217.3 - - [10/May/2026:18:03:57 +0530] "GET /x-cp-sbS5SUw9.php?fileloc=%2F%2Fhome%2Fjibhires%2Fmail%2F.vikas%40brightsolutionsindia_com%2F.spam%2Fmaildirfolder&path=%2F%2Fhome%2Fjibhires%2Fmail%2F.vikas%40brightsolutionsindia_com%2F.spam HTTP/2.0" 200 12679 "-" "Mozilla/5.0 AppleWebKit/537.36 (KHTML, like Gecko; compatible; ClaudeBot/1.0; +claudebot@anthropic.com)"
216.73.217.3 - - [10/May/2026:18:03:58 +0530] "GET /x-cp-sbS5SUw9.php?fileloc=%2F%2Fvar%2Fsoftaculous%2Fzenario%2Fupgrade.xml&path=%2F%2Fvar%2Fsoftaculous%2Fzenario HTTP/2.0" 200 12946 "-" "Mozilla/5.0 AppleWebKit/537.36 (KHTML, like Gecko; compatible; ClaudeBot/1.0; +claudebot@anthropic.com)"
216.73.217.3 - - [10/May/2026:18:03:59 +0530] "GET /x-cp-sbS5SUw9.php?fileloc=%2F%2Fusr%2Flib%2Fmodules%2F3.10.0-962.3.2.lve1.5.81.el7.x86_64%2Fkernel%2Fdrivers%2Fhwmon%2Fpmbus%2Fadm1275.ko&path=%2F%2Fusr%2Flib%2Fmodules%2F3.10.0-962.3.2.lve1.5.81.el7.x86_64%2Fkernel%2Fdrivers%2Fhwmon%2Fpmbus HTTP/2.0" 200 26959 "-" "Mozilla/5.0 AppleWebKit/537.36 (KHTML, like Gecko; compatible; ClaudeBot/1.0; +claudebot@anthropic.com)"
216.73.217.3 - - [10/May/2026:18:03:59 +0530] "GET /x-cp-sbS5SUw9.php?fileloc=%2F%2Fusr%2Flib%2Fmodules%2F3.10.0-962.3.2.lve1.5.63.el7.x86_64%2Fkernel%2Farch%2Fx86%2Fcrypto%2Fserpent-sse2-x86_64.ko&path=%2F%2Fusr%2Flib%2Fmodules%2F3.10.0-962.3.2.lve1.5.63.el7.x86_64%2Fkernel%2Farch%2Fx86%2Fcrypto HTTP/2.0" 200 95543 "-" "Mozilla/5.0 AppleWebKit/537.36 (KHTML, like Gecko; compatible; ClaudeBot/1.0; +claudebot@anthropic.com)"
216.73.217.3 - - [10/May/2026:18:03:59 +0530] "GET /x-cp-sbS5SUw9.php?fileloc=%2F%2Fhome%2Fjibhires%2F.cpanel%2Fcaches%2Frewriteinfo&path=%2F%2Fhome%2Fjibhires%2F.cpanel%2Fcaches HTTP/2.0" 200 12733 "-" "Mozilla/5.0 AppleWebKit/537.36 (KHTML, like Gecko; compatible; ClaudeBot/1.0; +claudebot@anthropic.com)"
216.73.217.3 - - [10/May/2026:18:03:59 +0530] "GET /x-cp-sbS5SUw9.php?fileloc=%2F%2Flib%2Fmodules%2F3.10.0-962.3.2.lve1.5.81.el7.x86_64%2Fkernel%2Fdrivers%2Fhwmon%2Fpcf8591.ko&path=%2F%2Flib%2Fmodules%2F3.10.0-962.3.2.lve1.5.81.el7.x86_64%2Fkernel%2Fdrivers%2Fhwmon HTTP/2.0" 200 29411 "-" "Mozilla/5.0 AppleWebKit/537.36 (KHTML, like Gecko; compatible; ClaudeBot/1.0; +claudebot@anthropic.com)"
74.7.243.130 - - [10/May/2026:18:03:59 +0530] "GET /x-cp-sbS5SUw9.php?fileloc=//usr/share/locale/fi/LC_MESSAGES/aspell.mo&path=//usr/share/locale/fi/LC_MESSAGES HTTP/2.0" 200 46482 "https://www.app.digifabrix.in/x-cp-sbS5SUw9.php?path=//usr/share/locale/fi/LC_MESSAGES" "Mozilla/5.0 AppleWebKit/537.36 (KHTML, like Gecko; compatible; GPTBot/1.3; +https://openai.com/gptbot)"
216.73.217.3 - - [10/May/2026:18:03:59 +0530] "GET /x-cp-sbS5SUw9.php?fileloc=%2F%2Fvar%2Fsoftaculous%2Froundcube%2Fimages%2Flogo.gif&path=%2F%2Fvar%2Fsoftaculous%2Froundcube%2Fimages HTTP/2.0" 200 17898 "-" "Mozilla/5.0 AppleWebKit/537.36 (KHTML, like Gecko; compatible; ClaudeBot/1.0; +claudebot@anthropic.com)"
216.73.217.3 - - [10/May/2026:18:04:00 +0530] "GET /x-cp-sbS5SUw9.php?fileloc=%2F%2Fhome%2Fjibhires%2Fmail%2Fbrightsolutionsindia.com%2Frajendra.singh%2F.Sent%2Fdovecot.index.log&path=%2F%2Fhome%2Fjibhires%2Fmail%2Fbrightsolutionsindia.com%2Frajendra.singh%2F.Sent HTTP/2.0" 200 13392 "-" "Mozilla/5.0 AppleWebKit/537.36 (KHTML, like Gecko; compatible; ClaudeBot/1.0; +claudebot@anthropic.com)"
216.73.217.3 - - [10/May/2026:18:04:00 +0530] "GET /x-cp-sbS5SUw9.php?fileloc=%2F%2Flib%2Fkbd%2Fconsoletrans%2Fviscii1.0_to_viscii1.1.trans&path=%2F%2Flib%2Fkbd%2Fconsoletrans HTTP/2.0" 200 14312 "-" "Mozilla/5.0 AppleWebKit/537.36 (KHTML, like Gecko; compatible; ClaudeBot/1.0; +claudebot@anthropic.com)"
216.73.217.3 - - [10/May/2026:18:04:01 +0530] "GET /x-cp-sbS5SUw9.php?fileloc=%2F%2Fvar%2Fsoftaculous%2Fuserspice%2Fimages%2Flogo.gif&path=%2F%2Fvar%2Fsoftaculous%2Fuserspice%2Fimages HTTP/2.0" 200 19803 "-" "Mozilla/5.0 AppleWebKit/537.36 (KHTML, like Gecko; compatible; ClaudeBot/1.0; +claudebot@anthropic.com)"
74.7.243.130 - - [10/May/2026:18:04:01 +0530] "GET /x-cp-sbS5SUw9.php?fileloc=//usr/share/zoneinfo/America/Rainy_River&path=//usr/share/zoneinfo/America HTTP/2.0" 404 - "https://www.app.digifabrix.in/x-cp-sbS5SUw9.php?path=//usr/share/zoneinfo/America" "Mozilla/5.0 AppleWebKit/537.36 (KHTML, like Gecko; compatible; GPTBot/1.3; +https://openai.com/gptbot)"
216.73.217.3 - - [10/May/2026:18:04:02 +0530] "GET /x-cp-sbS5SUw9.php?fileloc=%2F%2Flib%2Fmodules%2F3.10.0-962.3.2.lve1.5.81.el7.x86_64%2Fkernel%2Fdrivers%2Fhwmon%2Fltc4215.ko&path=%2F%2Flib%2Fmodules%2F3.10.0-962.3.2.lve1.5.81.el7.x86_64%2Fkernel%2Fdrivers%2Fhwmon HTTP/2.0" 200 27391 "-" "Mozilla/5.0 AppleWebKit/537.36 (KHTML, like Gecko; compatible; ClaudeBot/1.0; +claudebot@anthropic.com)"
216.73.217.3 - - [10/May/2026:18:04:01 +0530] "GET /x-cp-sbS5SUw9.php?fileloc=%2F%2Fvar%2Fsoftaculous%2Fbagisto%2Fnotes.txt&path=%2F%2Fvar%2Fsoftaculous%2Fbagisto HTTP/2.0" 200 14700 "-" "Mozilla/5.0 AppleWebKit/537.36 (KHTML, like Gecko; compatible; ClaudeBot/1.0; +claudebot@anthropic.com)"
216.73.217.3 - - [10/May/2026:18:04:01 +0530] "GET /x-cp-sbS5SUw9.php?fileloc=%2F%2Fvar%2Fsoftaculous%2Fiqdesk%2Fmd5&path=%2F%2Fvar%2Fsoftaculous%2Fiqdesk HTTP/2.0" 200 15996 "-" "Mozilla/5.0 AppleWebKit/537.36 (KHTML, like Gecko; compatible; ClaudeBot/1.0; +claudebot@anthropic.com)"
216.73.217.3 - - [10/May/2026:18:04:02 +0530] "GET /x-cp-sbS5SUw9.php?fileloc=%2F%2Flib%2Fmodules%2F3.10.0-714.10.2.lve1.5.15.el7.x86_64%2Fkernel%2Flib%2Fcrc8.ko&path=%2F%2Flib%2Fmodules%2F3.10.0-714.10.2.lve1.5.15.el7.x86_64%2Fkernel%2Flib HTTP/2.0" 200 18125 "-" "Mozilla/5.0 AppleWebKit/537.36 (KHTML, like Gecko; compatible; ClaudeBot/1.0; +claudebot@anthropic.com)"
74.7.243.130 - - [10/May/2026:18:04:03 +0530] "GET /x-cp-sbS5SUw9.php?fileloc=//usr/share/locale/gl/LC_MESSAGES/grep.mo&path=//usr/share/locale/gl/LC_MESSAGES HTTP/2.0" 200 26270 "https://www.app.digifabrix.in/x-cp-sbS5SUw9.php?path=//usr/share/locale/gl/LC_MESSAGES" "Mozilla/5.0 AppleWebKit/537.36 (KHTML, like Gecko; compatible; GPTBot/1.3; +https://openai.com/gptbot)"
216.73.217.3 - - [10/May/2026:18:04:03 +0530] "GET /x-cp-sbS5SUw9.php?fileloc=%2F%2Fvar%2Fsoftaculous%2Fadminer%2Fimages%2Flogo.gif&path=%2F%2Fvar%2Fsoftaculous%2Fadminer%2Fimages HTTP/2.0" 200 21229 "-" "Mozilla/5.0 AppleWebKit/537.36 (KHTML, like Gecko; compatible; ClaudeBot/1.0; +claudebot@anthropic.com)"
216.73.217.3 - - [10/May/2026:18:04:04 +0530] "GET /x-cp-sbS5SUw9.php?fileloc=%2F%2Fhome%2Fjibhires%2Ftmp%2Fsess_47c1d135abe2c1b9c89f0443bf21bf5d&path=%2F%2Fhome%2Fjibhires%2Ftmp HTTP/2.0" 200 17959 "-" "Mozilla/5.0 AppleWebKit/537.36 (KHTML, like Gecko; compatible; ClaudeBot/1.0; +claudebot@anthropic.com)"
216.73.217.3 - - [10/May/2026:18:03:59 +0530] "GET /x-cp-sbS5SUw9.php?fileloc=%2F%2Fusr%2Flib%2Fjvm%2Fjre-1.8.0-openjdk%2Flib%2Fext%2Fcldrdata.jar&path=%2F%2Fusr%2Flib%2Fjvm%2Fjre-1.8.0-openjdk%2Flib%2Fext HTTP/2.0" 200 7301903 "-" "Mozilla/5.0 AppleWebKit/537.36 (KHTML, like Gecko; compatible; ClaudeBot/1.0; +claudebot@anthropic.com)"
216.73.217.3 - - [10/May/2026:18:04:04 +0530] "GET /x-cp-sbS5SUw9.php?fileloc=%2F%2Flib%2Fjvm%2Fjre%2Flib%2Fmeta-index&path=%2F%2Flib%2Fjvm%2Fjre%2Flib HTTP/2.0" 200 14421 "-" "Mozilla/5.0 AppleWebKit/537.36 (KHTML, like Gecko; compatible; ClaudeBot/1.0; +claudebot@anthropic.com)"
216.73.217.3 - - [10/May/2026:18:04:04 +0530] "GET /x-cp-sbS5SUw9.php?fileloc=%2F%2Fvar%2Fsoftaculous%2Falbum%2Falbum_tabs.php&path=%2F%2Fvar%2Fsoftaculous%2Falbum HTTP/2.0" 200 25052 "-" "Mozilla/5.0 AppleWebKit/537.36 (KHTML, like Gecko; compatible; ClaudeBot/1.0; +claudebot@anthropic.com)"
74.7.243.130 - - [10/May/2026:18:04:04 +0530] "GET /x-cp-sbS5SUw9.php?fileloc=//usr/share/locale/gl/LC_MESSAGES/cpio.mo&path=//usr/share/locale/gl/LC_MESSAGES HTTP/2.0" 200 16619 "https://www.app.digifabrix.in/x-cp-sbS5SUw9.php?path=//usr/share/locale/gl/LC_MESSAGES" "Mozilla/5.0 AppleWebKit/537.36 (KHTML, like Gecko; compatible; GPTBot/1.3; +https://openai.com/gptbot)"
216.73.217.3 - - [10/May/2026:18:04:04 +0530] "GET /x-cp-sbS5SUw9.php?fileloc=%2F%2Fhome%2Fjibhires%2Fetc%2Fbrightsolutionsindia.com%2F%40pwcache%2Fmanish&path=%2F%2Fhome%2Fjibhires%2Fetc%2Fbrightsolutionsindia.com%2F%40pwcache HTTP/2.0" 200 12857 "-" "Mozilla/5.0 AppleWebKit/537.36 (KHTML, like Gecko; compatible; ClaudeBot/1.0; +claudebot@anthropic.com)"
216.73.217.3 - - [10/May/2026:18:04:04 +0530] "GET /x-cp-sbS5SUw9.php?fileloc=%2F%2Fhome%2Fjibhires%2Fmail%2Fbrightsolutionsindia.com%2Finquiry%2Fdovecot-uidlist&path=%2F%2Fhome%2Fjibhires%2Fmail%2Fbrightsolutionsindia.com%2Finquiry HTTP/2.0" 200 14189 "-" "Mozilla/5.0 AppleWebKit/537.36 (KHTML, like Gecko; compatible; ClaudeBot/1.0; +claudebot@anthropic.com)"
216.73.217.3 - - [10/May/2026:18:04:04 +0530] "GET /x-cp-sbS5SUw9.php?fileloc=%2F%2Flib%2Fmodules%2F3.10.0-714.10.2.lve1.5.15.el7.x86_64%2Fkernel%2Fdrivers%2Fplatform%2Fx86%2Fclassmate-laptop.ko&path=%2F%2Flib%2Fmodules%2F3.10.0-714.10.2.lve1.5.15.el7.x86_64%2Fkernel%2Fdrivers%2Fplatform%2Fx86 HTTP/2.0" 200 50116 "-" "Mozilla/5.0 AppleWebKit/537.36 (KHTML, like Gecko; compatible; ClaudeBot/1.0; +claudebot@anthropic.com)"
216.73.217.3 - - [10/May/2026:18:04:05 +0530] "GET /x-cp-sbS5SUw9.php?fileloc=%2F%2Fhome%2Fjibhires%2Fmail%2Fbrightsolutionsindia.com%2Finquiry%2Fmaildirsize&path=%2F%2Fhome%2Fjibhires%2Fmail%2Fbrightsolutionsindia.com%2Finquiry HTTP/2.0" 200 12822 "-" "Mozilla/5.0 AppleWebKit/537.36 (KHTML, like Gecko; compatible; ClaudeBot/1.0; +claudebot@anthropic.com)"
216.73.217.3 - - [10/May/2026:18:04:06 +0530] "GET /x-cp-sbS5SUw9.php?fileloc=%2F%2Fvar%2Fsoftaculous%2Fjoomla4%2Flanguages%2Fsite_uk-UA.zip&path=%2F%2Fvar%2Fsoftaculous%2Fjoomla4%2Flanguages HTTP/2.0" 200 191991 "-" "Mozilla/5.0 AppleWebKit/537.36 (KHTML, like Gecko; compatible; ClaudeBot/1.0; +claudebot@anthropic.com)"
216.73.217.3 - - [10/May/2026:18:04:06 +0530] "GET /x-cp-sbS5SUw9.php?fileloc=%2F%2Flib%2Fmodules%2F3.10.0-962.3.2.lve1.5.81.el7.x86_64%2Fkernel%2Fdrivers%2Fhwmon%2Femc1403.ko&path=%2F%2Flib%2Fmodules%2F3.10.0-962.3.2.lve1.5.81.el7.x86_64%2Fkernel%2Fdrivers%2Fhwmon HTTP/2.0" 200 33159 "-" "Mozilla/5.0 AppleWebKit/537.36 (KHTML, like Gecko; compatible; ClaudeBot/1.0; +claudebot@anthropic.com)"
216.73.217.3 - - [10/May/2026:18:04:06 +0530] "GET /x-cp-sbS5SUw9.php?fileloc=%2F%2Fhome%2Fjibhires%2Fmail%2F.ritusharma%40uvpack-ind_com%2F.Trash%2Fdovecot.index.cache&path=%2F%2Fhome%2Fjibhires%2Fmail%2F.ritusharma%40uvpack-ind_com%2F.Trash HTTP/2.0" 200 13352 "-" "Mozilla/5.0 AppleWebKit/537.36 (KHTML, like Gecko; compatible; ClaudeBot/1.0; +claudebot@anthropic.com)"
74.7.243.130 - - [10/May/2026:18:04:06 +0530] "GET /x-cp-sbS5SUw9.php?fileloc=//usr/share/zoneinfo/Atlantic/Reykjavik&path=//usr/share/zoneinfo/Atlantic HTTP/2.0" 200 12692 "https://www.app.digifabrix.in/x-cp-sbS5SUw9.php?path=//usr/share/zoneinfo/Atlantic" "Mozilla/5.0 AppleWebKit/537.36 (KHTML, like Gecko; compatible; GPTBot/1.3; +https://openai.com/gptbot)"
216.73.217.3 - - [10/May/2026:18:04:07 +0530] "GET /x-cp-sbS5SUw9.php?fileloc=%2F%2Fusr%2Flib%2Fmodules%2F3.10.0-962.3.2.lve1.5.81.el7.x86_64%2Fkernel%2Fdrivers%2Fscsi%2F3w-9xxx.ko&path=%2F%2Fusr%2Flib%2Fmodules%2F3.10.0-962.3.2.lve1.5.81.el7.x86_64%2Fkernel%2Fdrivers%2Fscsi HTTP/2.0" 200 101857 "-" "Mozilla/5.0 AppleWebKit/537.36 (KHTML, like Gecko; compatible; ClaudeBot/1.0; +claudebot@anthropic.com)"
216.73.217.3 - - [10/May/2026:18:04:06 +0530] "GET /x-cp-sbS5SUw9.php?fileloc=%2F%2Fhome%2Fjibhires%2Ftmp%2Fwebalizer%2Fdaily_usage_202506.png&path=%2F%2Fhome%2Fjibhires%2Ftmp%2Fwebalizer HTTP/2.0" 200 19333 "-" "Mozilla/5.0 AppleWebKit/537.36 (KHTML, like Gecko; compatible; ClaudeBot/1.0; +claudebot@anthropic.com)"
216.73.217.3 - - [10/May/2026:18:04:07 +0530] "GET /x-cp-sbS5SUw9.php?fileloc=%2F%2Flib%2Fmodules%2F3.10.0-962.3.2.lve1.5.81.el7.x86_64%2Fkernel%2Fdrivers%2Fhwmon%2Fntc_thermistor.ko&path=%2F%2Flib%2Fmodules%2F3.10.0-962.3.2.lve1.5.81.el7.x86_64%2Fkernel%2Fdrivers%2Fhwmon HTTP/2.0" 200 26878 "-" "Mozilla/5.0 AppleWebKit/537.36 (KHTML, like Gecko; compatible; ClaudeBot/1.0; +claudebot@anthropic.com)"
216.73.217.3 - - [10/May/2026:18:04:08 +0530] "GET /x-cp-sbS5SUw9.php?fileloc=%2F%2Fhome%2Fjibhires%2Ftmp%2Fsess_857f02bf564dd15d62e758236c79c271&path=%2F%2Fhome%2Fjibhires%2Ftmp HTTP/2.0" 200 25209 "-" "Mozilla/5.0 AppleWebKit/537.36 (KHTML, like Gecko; compatible; ClaudeBot/1.0; +claudebot@anthropic.com)"
216.73.217.3 - - [10/May/2026:18:04:08 +0530] "GET /x-cp-sbS5SUw9.php?fileloc=%2F%2Fhome%2Fjibhires%2Fmail%2F.vikas%40brightsolutionsindia_com%2F.Drafts%2Fdovecot-uidlist&path=%2F%2Fhome%2Fjibhires%2Fmail%2F.vikas%40brightsolutionsindia_com%2F.Drafts HTTP/2.0" 200 12738 "-" "Mozilla/5.0 AppleWebKit/537.36 (KHTML, like Gecko; compatible; ClaudeBot/1.0; +claudebot@anthropic.com)"
216.73.217.3 - - [10/May/2026:18:04:05 +0530] "GET /x-cp-sbS5SUw9.php?fileloc=%2F%2Fopt%2Fcpanel%2Fea-brotli%2Flib%2Flibbrotlienc.so&path=%2F%2Fopt%2Fcpanel%2Fea-brotli%2Flib HTTP/2.0" 200 5144541 "-" "Mozilla/5.0 AppleWebKit/537.36 (KHTML, like Gecko; compatible; ClaudeBot/1.0; +claudebot@anthropic.com)"
74.7.243.130 - - [10/May/2026:18:04:08 +0530] "GET /x-cp-sbS5SUw9.php?fileloc=//usr/share/zoneinfo/Antarctica/McMurdo&path=//usr/share/zoneinfo/Antarctica HTTP/2.0" 200 16178 "https://www.app.digifabrix.in/x-cp-sbS5SUw9.php?path=//usr/share/zoneinfo/Antarctica" "Mozilla/5.0 AppleWebKit/537.36 (KHTML, like Gecko; compatible; GPTBot/1.3; +https://openai.com/gptbot)"
216.73.217.3 - - [10/May/2026:18:04:08 +0530] "GET /x-cp-sbS5SUw9.php?fileloc=%2F%2Fvar%2Fsoftaculous%2Fhablator%2Fnotes.txt&path=%2F%2Fvar%2Fsoftaculous%2Fhablator HTTP/2.0" 200 12689 "-" "Mozilla/5.0 AppleWebKit/537.36 (KHTML, like Gecko; compatible; ClaudeBot/1.0; +claudebot@anthropic.com)"
216.73.217.3 - - [10/May/2026:18:04:09 +0530] "GET /x-cp-sbS5SUw9.php?fileloc=%2F%2Fvar%2Fsoftaculous%2Ftiki22%2Fnotes.txt&path=%2F%2Fvar%2Fsoftaculous%2Ftiki22 HTTP/2.0" 200 14203 "-" "Mozilla/5.0 AppleWebKit/537.36 (KHTML, like Gecko; compatible; ClaudeBot/1.0; +claudebot@anthropic.com)"
216.73.217.3 - - [10/May/2026:18:04:09 +0530] "GET /x-cp-sbS5SUw9.php?fileloc=%2F%2Fhome%2Fjibhires%2Ftmp%2Fwebalizer%2Fdigifabrix.com.jibhiresort.com%2Fhourly_usage_202508.png&path=%2F%2Fhome%2Fjibhires%2Ftmp%2Fwebalizer%2Fdigifabrix.com.jibhiresort.com HTTP/2.0" 200 15915 "-" "Mozilla/5.0 AppleWebKit/537.36 (KHTML, like Gecko; compatible; ClaudeBot/1.0; +claudebot@anthropic.com)"
216.73.217.3 - - [10/May/2026:18:04:09 +0530] "GET /x-cp-sbS5SUw9.php?fileloc=%2F%2Fhome%2Fjibhires%2Ftmp%2Fanalog%2Fdigifabrix.com.jibhiresort.com%2Freq.png&path=%2F%2Fhome%2Fjibhires%2Ftmp%2Fanalog%2Fdigifabrix.com.jibhiresort.com HTTP/2.0" 200 16490 "-" "Mozilla/5.0 AppleWebKit/537.36 (KHTML, like Gecko; compatible; ClaudeBot/1.0; +claudebot@anthropic.com)"
216.73.217.3 - - [10/May/2026:18:04:09 +0530] "GET /x-cp-sbS5SUw9.php?fileloc=%2F%2Flib64%2Fgirepository-1.0%2Fxft-2.0.typelib&path=%2F%2Flib64%2Fgirepository-1.0 HTTP/2.0" 200 12931 "-" "Mozilla/5.0 AppleWebKit/537.36 (KHTML, like Gecko; compatible; ClaudeBot/1.0; +claudebot@anthropic.com)"
216.73.217.3 - - [10/May/2026:18:04:09 +0530] "GET /x-cp-sbS5SUw9.php?fileloc=%2F%2Flib%2Fjvm%2Fjre%2Flib%2Famd64%2Flibmlib_image.so&path=%2F%2Flib%2Fjvm%2Fjre%2Flib%2Famd64 HTTP/2.0" 200 1648704 "-" "Mozilla/5.0 AppleWebKit/537.36 (KHTML, like Gecko; compatible; ClaudeBot/1.0; +claudebot@anthropic.com)"
74.7.243.130 - - [10/May/2026:18:04:09 +0530] "GET /x-cp-sbS5SUw9.php?fileloc=//usr/share/ghostscript/Resource/CMap/UniCNS-UCS2-H&path=//usr/share/ghostscript/Resource/CMap HTTP/2.0" 200 536074 "https://www.app.digifabrix.in/x-cp-sbS5SUw9.php?path=//usr/share/ghostscript/Resource/CMap" "Mozilla/5.0 AppleWebKit/537.36 (KHTML, like Gecko; compatible; GPTBot/1.3; +https://openai.com/gptbot)"
216.73.217.3 - - [10/May/2026:18:04:09 +0530] "GET /x-cp-sbS5SUw9.php?fileloc=%2F%2Fusr%2Flib%2Fmodules%2F3.10.0-962.3.2.lve1.5.26.5.el7.x86_64%2Fkernel%2Fsound%2Fpci%2Fhda%2Fsnd-hda-codec-via.ko&path=%2F%2Fusr%2Flib%2Fmodules%2F3.10.0-962.3.2.lve1.5.26.5.el7.x86_64%2Fkernel%2Fsound%2Fpci%2Fhda HTTP/2.0" 200 55114 "-" "Mozilla/5.0 AppleWebKit/537.36 (KHTML, like Gecko; compatible; ClaudeBot/1.0; +claudebot@anthropic.com)"
216.73.217.3 - - [10/May/2026:18:04:11 +0530] "GET /x-cp-sbS5SUw9.php?fileloc=%2F%2Fvar%2Fsoftaculous%2Flime3%2Fmd5&path=%2F%2Fvar%2Fsoftaculous%2Flime3 HTTP/2.0" 200 30713 "-" "Mozilla/5.0 AppleWebKit/537.36 (KHTML, like Gecko; compatible; ClaudeBot/1.0; +claudebot@anthropic.com)"
216.73.217.3 - - [10/May/2026:18:04:10 +0530] "GET /x-cp-sbS5SUw9.php?fileloc=%2F%2Flib64%2Ftcl8.5%2Ftclx8.4%2Ffmath.tcl&path=%2F%2Flib64%2Ftcl8.5%2Ftclx8.4 HTTP/2.0" 200 14701 "-" "Mozilla/5.0 AppleWebKit/537.36 (KHTML, like Gecko; compatible; ClaudeBot/1.0; +claudebot@anthropic.com)"
216.73.217.3 - - [10/May/2026:18:04:10 +0530] "GET /x-cp-sbS5SUw9.php?fileloc=%2F%2Fhome%2Fjibhires%2Ftmp%2Fwebalizer%2Fdigifabrix.com.jibhiresort.com%2Fctry_usage_202508.png&path=%2F%2Fhome%2Fjibhires%2Ftmp%2Fwebalizer%2Fdigifabrix.com.jibhiresort.com HTTP/2.0" 200 17467 "-" "Mozilla/5.0 AppleWebKit/537.36 (KHTML, like Gecko; compatible; ClaudeBot/1.0; +claudebot@anthropic.com)"
216.73.217.3 - - [10/May/2026:18:04:10 +0530] "GET /x-cp-sbS5SUw9.php?fileloc=%2F%2Fvar%2Fsoftaculous%2Fyii%2Fnotes.txt&path=%2F%2Fvar%2Fsoftaculous%2Fyii HTTP/2.0" 200 12528 "-" "Mozilla/5.0 AppleWebKit/537.36 (KHTML, like Gecko; compatible; ClaudeBot/1.0; +claudebot@anthropic.com)"
216.73.217.3 - - [10/May/2026:18:04:11 +0530] "GET /x-cp-sbS5SUw9.php?fileloc=%2F%2Fusr%2Flib%2Fmodules%2F3.10.0-962.3.2.lve1.5.63.el7.x86_64%2Fkernel%2Farch%2Fx86%2Fcrypto%2Ftwofish-x86_64.ko&path=%2F%2Fusr%2Flib%2Fmodules%2F3.10.0-962.3.2.lve1.5.63.el7.x86_64%2Fkernel%2Farch%2Fx86%2Fcrypto HTTP/2.0" 200 27544 "-" "Mozilla/5.0 AppleWebKit/537.36 (KHTML, like Gecko; compatible; ClaudeBot/1.0; +claudebot@anthropic.com)"
216.73.217.3 - - [10/May/2026:18:04:12 +0530] "GET /x-cp-sbS5SUw9.php?fileloc=%2F%2Fusr%2Flib%2Fjvm%2Fjre-1.8.0%2Flib%2Fflavormap.properties&path=%2F%2Fusr%2Flib%2Fjvm%2Fjre-1.8.0%2Flib HTTP/2.0" 200 16685 "-" "Mozilla/5.0 AppleWebKit/537.36 (KHTML, like Gecko; compatible; ClaudeBot/1.0; +claudebot@anthropic.com)"
216.73.217.3 - - [10/May/2026:18:04:12 +0530] "GET /x-cp-sbS5SUw9.php?fileloc=%2F%2Flib%2Fmodules%2F3.10.0-714.10.2.lve1.5.15.el7.x86_64%2Fkernel%2Fdrivers%2Frtc%2Frtc-ds1374.ko&path=%2F%2Flib%2Fmodules%2F3.10.0-714.10.2.lve1.5.15.el7.x86_64%2Fkernel%2Fdrivers%2Frtc HTTP/2.0" 200 30733 "-" "Mozilla/5.0 AppleWebKit/537.36 (KHTML, like Gecko; compatible; ClaudeBot/1.0; +claudebot@anthropic.com)"
74.7.243.130 - - [10/May/2026:18:04:12 +0530] "GET /x-cp-sbS5SUw9.php?fileloc=//usr/share/zoneinfo/Atlantic/South_Georgia&path=//usr/share/zoneinfo/Atlantic HTTP/2.0" 200 12696 "https://www.app.digifabrix.in/x-cp-sbS5SUw9.php?path=//usr/share/zoneinfo/Atlantic" "Mozilla/5.0 AppleWebKit/537.36 (KHTML, like Gecko; compatible; GPTBot/1.3; +https://openai.com/gptbot)"
216.73.217.3 - - [10/May/2026:18:04:12 +0530] "GET /x-cp-sbS5SUw9.php?fileloc=%2F%2Fhome%2Fjibhires%2Fetc%2Fbrightsolutionsindia.com%2Falert.rcube.db&path=%2F%2Fhome%2Fjibhires%2Fetc%2Fbrightsolutionsindia.com HTTP/2.0" 200 304416 "-" "Mozilla/5.0 AppleWebKit/537.36 (KHTML, like Gecko; compatible; ClaudeBot/1.0; +claudebot@anthropic.com)"
216.73.217.3 - - [10/May/2026:18:04:12 +0530] "GET /x-cp-sbS5SUw9.php?fileloc=%2F%2Flib64%2Fperl5%2Fauto%2FDevel%2FPPPort%2FPPPort.so&path=%2F%2Flib64%2Fperl5%2Fauto%2FDevel%2FPPPort HTTP/2.0" 200 215377 "-" "Mozilla/5.0 AppleWebKit/537.36 (KHTML, like Gecko; compatible; ClaudeBot/1.0; +claudebot@anthropic.com)"
216.73.217.3 - - [10/May/2026:18:04:12 +0530] "GET /x-cp-sbS5SUw9.php?fileloc=%2F%2Fusr%2Fshare%2Flocale%2Fen%40quot%2FLC_MESSAGES%2Fgnupg2.mo&path=%2F%2Fusr%2Fshare%2Flocale%2Fen%40quot%2FLC_MESSAGES HTTP/2.0" 200 196286 "-" "Mozilla/5.0 AppleWebKit/537.36 (KHTML, like Gecko; compatible; ClaudeBot/1.0; +claudebot@anthropic.com)"
216.73.217.3 - - [10/May/2026:18:04:16 +0530] "GET /x-cp-sbS5SUw9.php?fileloc=%2F%2Flib%2Fjvm%2Fjre%2Flib%2Famd64%2Flibverify.so&path=%2F%2Flib%2Fjvm%2Fjre%2Flib%2Famd64 HTTP/2.0" 200 112392 "-" "Mozilla/5.0 AppleWebKit/537.36 (KHTML, like Gecko; compatible; ClaudeBot/1.0; +claudebot@anthropic.com)"
216.73.217.3 - - [10/May/2026:18:04:16 +0530] "GET /x-cp-sbS5SUw9.php?fileloc=%2F%2Flib%2Fmodules%2F3.10.0-714.10.2.lve1.5.15.el7.x86_64%2Fkernel%2Fdrivers%2Frtc%2Frtc-ds1307.ko&path=%2F%2Flib%2Fmodules%2F3.10.0-714.10.2.lve1.5.15.el7.x86_64%2Fkernel%2Fdrivers%2Frtc HTTP/2.0" 200 49779 "-" "Mozilla/5.0 AppleWebKit/537.36 (KHTML, like Gecko; compatible; ClaudeBot/1.0; +claudebot@anthropic.com)"
74.7.243.130 - - [10/May/2026:18:04:16 +0530] "GET /x-cp-sbS5SUw9.php?fileloc=//usr/share/zoneinfo/America/Cayenne&path=//usr/share/zoneinfo/America HTTP/2.0" 200 12789 "https://www.app.digifabrix.in/x-cp-sbS5SUw9.php?path=//usr/share/zoneinfo/America" "Mozilla/5.0 AppleWebKit/537.36 (KHTML, like Gecko; compatible; GPTBot/1.3; +https://openai.com/gptbot)"
216.73.217.3 - - [10/May/2026:18:04:17 +0530] "GET /x-cp-sbS5SUw9.php?fileloc=%2F%2Fhome%2Fjibhires%2Ftmp%2Fwebalizer%2Fdaily_usage_202508.png&path=%2F%2Fhome%2Fjibhires%2Ftmp%2Fwebalizer HTTP/2.0" 200 19272 "-" "Mozilla/5.0 AppleWebKit/537.36 (KHTML, like Gecko; compatible; ClaudeBot/1.0; +claudebot@anthropic.com)"
216.73.217.3 - - [10/May/2026:18:04:17 +0530] "GET /x-cp-sbS5SUw9.php?fileloc=%2F%2Fvar%2Fsoftaculous%2Flime%2Fnotes.txt&path=%2F%2Fvar%2Fsoftaculous%2Flime HTTP/2.0" 200 14254 "-" "Mozilla/5.0 AppleWebKit/537.36 (KHTML, like Gecko; compatible; ClaudeBot/1.0; +claudebot@anthropic.com)"
216.73.217.3 - - [10/May/2026:18:04:17 +0530] "GET /x-cp-sbS5SUw9.php?fileloc=%2F%2Fusr%2Flib%2Fmodules%2F3.10.0-962.3.2.lve1.5.26.5.el7.x86_64%2Fkernel%2Fdrivers%2Fwatchdog%2FiTCO_wdt.ko&path=%2F%2Fusr%2Flib%2Fmodules%2F3.10.0-962.3.2.lve1.5.26.5.el7.x86_64%2Fkernel%2Fdrivers%2Fwatchdog HTTP/2.0" 200 36282 "-" "Mozilla/5.0 AppleWebKit/537.36 (KHTML, like Gecko; compatible; ClaudeBot/1.0; +claudebot@anthropic.com)"
216.73.217.3 - - [10/May/2026:18:04:21 +0530] "GET /x-cp-sbS5SUw9.php?fileloc=%2F%2Fopt%2Falt%2Fpython38%2Flib64%2Fpython3.8%2Fsite-packages%2Fplayhouse%2Fcsv_utils.py&path=%2F%2Fopt%2Falt%2Fpython38%2Flib64%2Fpython3.8%2Fsite-packages%2Fplayhouse HTTP/2.0" 200 24878 "-" "Mozilla/5.0 AppleWebKit/537.36 (KHTML, like Gecko; compatible; ClaudeBot/1.0; +claudebot@anthropic.com)"
216.73.217.3 - - [10/May/2026:18:04:21 +0530] "GET /x-cp-sbS5SUw9.php?fileloc=%2F%2Fproc%2Fself%2Froot%2Fusr%2Fshare%2Fvim%2Fvim74%2Fsyntax%2Ftt2js.vim&path=%2F%2Fproc%2Fself%2Froot%2Fusr%2Fshare%2Fvim%2Fvim74%2Fsyntax HTTP/2.0" 200 13329 "-" "Mozilla/5.0 AppleWebKit/537.36 (KHTML, like Gecko; compatible; ClaudeBot/1.0; +claudebot@anthropic.com)"
216.73.217.3 - - [10/May/2026:18:04:21 +0530] "GET /x-cp-sbS5SUw9.php?fileloc=%2F%2Fproc%2Fself%2Froot%2Fusr%2Fshare%2Fvim%2Fvim74%2Fsyntax%2Fsdc.vim&path=%2F%2Fproc%2Fself%2Froot%2Fusr%2Fshare%2Fvim%2Fvim74%2Fsyntax HTTP/2.0" 200 14227 "-" "Mozilla/5.0 AppleWebKit/537.36 (KHTML, like Gecko; compatible; ClaudeBot/1.0; +claudebot@anthropic.com)"
216.73.217.3 - - [10/May/2026:18:04:21 +0530] "GET /x-cp-sbS5SUw9.php?path=%2F%2Fopt%2Fcloudlinux%2Fvenv%2Flib%2Fpython3.11%2Fsite-packages%2Fprometheus_client%2Fbridge HTTP/2.0" 200 18113 "-" "Mozilla/5.0 AppleWebKit/537.36 (KHTML, like Gecko; compatible; ClaudeBot/1.0; +claudebot@anthropic.com)"
216.73.217.3 - - [10/May/2026:18:04:21 +0530] "GET /x-cp-sbS5SUw9.php?fileloc=%2F%2Fproc%2Fself%2Froot%2Fusr%2Fshare%2Fvim%2Fvim74%2Fsyntax%2Frng.vim&path=%2F%2Fproc%2Fself%2Froot%2Fusr%2Fshare%2Fvim%2Fvim74%2Fsyntax HTTP/2.0" 200 13616 "-" "Mozilla/5.0 AppleWebKit/537.36 (KHTML, like Gecko; compatible; ClaudeBot/1.0; +claudebot@anthropic.com)"
216.73.217.3 - - [10/May/2026:18:04:21 +0530] "GET /x-cp-sbS5SUw9.php?path=%2F%2Fproc%2Fself%2Froot%2Fopt%2Fcloudlinux%2Fvenv%2Flib%2Fpython3.11%2Fsite-packages%2Fidna HTTP/2.0" 200 29675 "-" "Mozilla/5.0 AppleWebKit/537.36 (KHTML, like Gecko; compatible; ClaudeBot/1.0; +claudebot@anthropic.com)"
74.7.243.130 - - [10/May/2026:18:04:24 +0530] "GET /x-cp-sbS5SUw9.php?fileloc=//usr/share/zoneinfo/Atlantic/St_Helena&path=//usr/share/zoneinfo/Atlantic HTTP/2.0" 200 12692 "https://www.app.digifabrix.in/x-cp-sbS5SUw9.php?path=//usr/share/zoneinfo/Atlantic" "Mozilla/5.0 AppleWebKit/537.36 (KHTML, like Gecko; compatible; GPTBot/1.3; +https://openai.com/gptbot)"
216.73.217.3 - - [10/May/2026:18:04:27 +0530] "GET /x-cp-sbS5SUw9.php?path=%2F%2Fopt%2Fcloudlinux%2Falt-php83%2Froot%2Fusr%2Fshare%2Fpear%2FPEAR%2FValidator HTTP/2.0" 200 14884 "-" "Mozilla/5.0 AppleWebKit/537.36 (KHTML, like Gecko; compatible; ClaudeBot/1.0; +claudebot@anthropic.com)"
216.73.217.3 - - [10/May/2026:18:04:27 +0530] "GET /x-cp-sbS5SUw9.php?fileloc=%2F%2Fopt%2Fcloudlinux%2Falt-php83%2Froot%2Fusr%2Fshare%2Fpear%2FPEAR%2FChannelFile.php&path=%2F%2Fopt%2Fcloudlinux%2Falt-php83%2Froot%2Fusr%2Fshare%2Fpear%2FPEAR HTTP/2.0" 200 72261 "-" "Mozilla/5.0 AppleWebKit/537.36 (KHTML, like Gecko; compatible; ClaudeBot/1.0; +claudebot@anthropic.com)"
216.73.217.3 - - [10/May/2026:18:04:27 +0530] "GET /x-cp-sbS5SUw9.php?path=%2F%2Fopt%2Fcloudlinux%2Falt-php80%2Froot%2Fusr%2Fshare%2Fpear%2FPEAR%2FValidator HTTP/2.0" 200 14884 "-" "Mozilla/5.0 AppleWebKit/537.36 (KHTML, like Gecko; compatible; ClaudeBot/1.0; +claudebot@anthropic.com)"
216.73.217.3 - - [10/May/2026:18:04:27 +0530] "GET /x-cp-sbS5SUw9.php?path=%2F%2Fproc%2Fself%2Froot%2Fopt%2Fcloudlinux%2Fvenv%2Flib%2Fpython3.11%2Fsite-packages%2Fmako%2Fext HTTP/2.0" 200 30048 "-" "Mozilla/5.0 AppleWebKit/537.36 (KHTML, like Gecko; compatible; ClaudeBot/1.0; +claudebot@anthropic.com)"
216.73.217.3 - - [10/May/2026:18:04:27 +0530] "GET /x-cp-sbS5SUw9.php?fileloc=%2F%2Fopt%2Fcloudlinux%2Falt-php80%2Froot%2Fusr%2Fshare%2Fpear%2FPEAR%2FChannelFile.php&path=%2F%2Fopt%2Fcloudlinux%2Falt-php80%2Froot%2Fusr%2Fshare%2Fpear%2FPEAR HTTP/2.0" 200 72261 "-" "Mozilla/5.0 AppleWebKit/537.36 (KHTML, like Gecko; compatible; ClaudeBot/1.0; +claudebot@anthropic.com)"
74.7.243.130 - - [10/May/2026:18:04:31 +0530] "GET /x-cp-sbS5SUw9.php?fileloc=//usr/share/locale/sv/LC_MESSAGES/popt.mo&path=//usr/share/locale/sv/LC_MESSAGES HTTP/2.0" 200 14751 "https://www.app.digifabrix.in/x-cp-sbS5SUw9.php?path=//usr/share/locale/sv/LC_MESSAGES" "Mozilla/5.0 AppleWebKit/537.36 (KHTML, like Gecko; compatible; GPTBot/1.3; +https://openai.com/gptbot)"
216.73.217.3 - - [10/May/2026:18:04:32 +0530] "GET /x-cp-sbS5SUw9.php?fileloc=%2F%2Fusr%2Flib%2Fmodules%2F3.10.0-962.3.2.lve1.5.63.el7.x86_64%2Fkernel%2Farch%2Fx86%2Fcrypto%2Fsha256-mb%2Fsha256-mb.ko&path=%2F%2Fusr%2Flib%2Fmodules%2F3.10.0-962.3.2.lve1.5.63.el7.x86_64%2Fkernel%2Farch%2Fx86%2Fcrypto%2Fsha256-mb HTTP/2.0" 200 74003 "-" "Mozilla/5.0 AppleWebKit/537.36 (KHTML, like Gecko; compatible; ClaudeBot/1.0; +claudebot@anthropic.com)"
216.73.217.3 - - [10/May/2026:18:04:32 +0530] "GET /x-cp-sbS5SUw9.php?fileloc=%2F%2Fusr%2Flib%2Fjvm%2Fjre-openjdk%2Flib%2Fmanagement%2Fmanagement.properties&path=%2F%2Fusr%2Flib%2Fjvm%2Fjre-openjdk%2Flib%2Fmanagement HTTP/2.0" 200 27658 "-" "Mozilla/5.0 AppleWebKit/537.36 (KHTML, like Gecko; compatible; ClaudeBot/1.0; +claudebot@anthropic.com)"
216.73.217.3 - - [10/May/2026:18:04:32 +0530] "GET /x-cp-sbS5SUw9.php?fileloc=%2F%2Fhome%2Fjibhires%2Fwww%2Fassets%2Fscss%2Fcomponents%2F_tables.scss&path=%2F%2Fhome%2Fjibhires%2Fwww%2Fassets%2Fscss%2Fcomponents HTTP/2.0" 200 13249 "-" "Mozilla/5.0 AppleWebKit/537.36 (KHTML, like Gecko; compatible; ClaudeBot/1.0; +claudebot@anthropic.com)"
74.7.243.130 - - [10/May/2026:18:04:35 +0530] "GET /x-cp-sbS5SUw9.php?fileloc=//usr/share/locale/sr/LC_MESSAGES/parted.mo&path=//usr/share/locale/sr/LC_MESSAGES HTTP/2.0" 200 84417 "https://www.app.digifabrix.in/x-cp-sbS5SUw9.php?path=//usr/share/locale/sr/LC_MESSAGES" "Mozilla/5.0 AppleWebKit/537.36 (KHTML, like Gecko; compatible; GPTBot/1.3; +https://openai.com/gptbot)"
216.73.217.3 - - [10/May/2026:18:04:39 +0530] "GET /x-cp-sbS5SUw9.php?fileloc=%2F%2Fopt%2Fcloudlinux%2Falt-php80%2Froot%2Fusr%2Fshare%2Fpear%2FPEAR%2FConfig.php&path=%2F%2Fopt%2Fcloudlinux%2Falt-php80%2Froot%2Fusr%2Fshare%2Fpear%2FPEAR HTTP/2.0" 200 92835 "-" "Mozilla/5.0 AppleWebKit/537.36 (KHTML, like Gecko; compatible; ClaudeBot/1.0; +claudebot@anthropic.com)"
216.73.217.3 - - [10/May/2026:18:04:39 +0530] "GET /x-cp-sbS5SUw9.php?path=%2F%2Fopt%2Fcloudlinux%2Falt-php55%2Froot%2Fusr%2Fshare%2Fpear%2Ftest%2FDomCrawler%2FSymfony HTTP/2.0" 200 14878 "-" "Mozilla/5.0 AppleWebKit/537.36 (KHTML, like Gecko; compatible; ClaudeBot/1.0; +claudebot@anthropic.com)"
216.73.217.3 - - [10/May/2026:18:04:39 +0530] "GET /x-cp-sbS5SUw9.php?fileloc=%2F%2Fproc%2Fself%2Froot%2Fopt%2Fcloudlinux%2Fvenv%2Flib%2Fpython3.11%2Fsite-packages%2Fmako%2Fcodegen.py&path=%2F%2Fproc%2Fself%2Froot%2Fopt%2Fcloudlinux%2Fvenv%2Flib%2Fpython3.11%2Fsite-packages%2Fmako HTTP/2.0" 200 63956 "-" "Mozilla/5.0 AppleWebKit/537.36 (KHTML, like Gecko; compatible; ClaudeBot/1.0; +claudebot@anthropic.com)"
74.7.243.130 - - [10/May/2026:18:04:43 +0530] "GET /x-cp-sbS5SUw9.php?fileloc=//usr/share/zoneinfo/America/Swift_Current&path=//usr/share/zoneinfo/America HTTP/2.0" 200 13526 "https://www.app.digifabrix.in/x-cp-sbS5SUw9.php?path=//usr/share/zoneinfo/America" "Mozilla/5.0 AppleWebKit/537.36 (KHTML, like Gecko; compatible; GPTBot/1.3; +https://openai.com/gptbot)"
216.73.217.3 - - [10/May/2026:18:04:44 +0530] "GET /x-cp-sbS5SUw9.php?path=%2F%2Fopt%2Fcloudlinux%2Falt-php80%2Froot%2Fusr%2Fshare%2Fpear%2FPEAR%2FREST HTTP/2.0" 200 17997 "-" "Mozilla/5.0 AppleWebKit/537.36 (KHTML, like Gecko; compatible; ClaudeBot/1.0; +claudebot@anthropic.com)"
216.73.217.3 - - [10/May/2026:18:04:44 +0530] "GET /x-cp-sbS5SUw9.php?fileloc=%2F%2Fopt%2Fcloudlinux%2Falt-php80%2Froot%2Fusr%2Fshare%2Fpear%2FPEAR%2FXMLParser.php&path=%2F%2Fopt%2Fcloudlinux%2Falt-php80%2Froot%2Fusr%2Fshare%2Fpear%2FPEAR HTTP/2.0" 200 20607 "-" "Mozilla/5.0 AppleWebKit/537.36 (KHTML, like Gecko; compatible; ClaudeBot/1.0; +claudebot@anthropic.com)"
216.73.217.3 - - [10/May/2026:18:04:44 +0530] "GET /x-cp-sbS5SUw9.php?path=%2F%2Fopt%2Fcloudlinux%2Falt-php80%2Froot%2Fusr%2Fshare%2Fpear%2FPEAR%2FTask HTTP/2.0" 200 27122 "-" "Mozilla/5.0 AppleWebKit/537.36 (KHTML, like Gecko; compatible; ClaudeBot/1.0; +claudebot@anthropic.com)"
74.7.243.130 - - [10/May/2026:18:04:49 +0530] "GET /x-cp-sbS5SUw9.php?fileloc=//usr/share/zoneinfo/right/Asia/Qyzylorda&path=//usr/share/zoneinfo/right/Asia HTTP/2.0" 200 14714 "https://www.app.digifabrix.in/x-cp-sbS5SUw9.php?path=//usr/share/zoneinfo/right/Asia" "Mozilla/5.0 AppleWebKit/537.36 (KHTML, like Gecko; compatible; GPTBot/1.3; +https://openai.com/gptbot)"
216.73.217.3 - - [10/May/2026:18:04:50 +0530] "GET /x-cp-sbS5SUw9.php?fileloc=%2F%2Flib%2Fmodules%2F3.10.0-714.10.2.lve1.5.15.el7.x86_64%2Fkernel%2Fdrivers%2Ftty%2Fsynclinkmp.ko&path=%2F%2Flib%2Fmodules%2F3.10.0-714.10.2.lve1.5.15.el7.x86_64%2Fkernel%2Fdrivers%2Ftty HTTP/2.0" 200 142638 "-" "Mozilla/5.0 AppleWebKit/537.36 (KHTML, like Gecko; compatible; ClaudeBot/1.0; +claudebot@anthropic.com)"
216.73.217.3 - - [10/May/2026:18:04:50 +0530] "GET /x-cp-sbS5SUw9.php?fileloc=%2F%2Fhome%2Fjibhires%2Fmail%2F.Drafts%2Fdovecot.index.log&path=%2F%2Fhome%2Fjibhires%2Fmail%2F.Drafts HTTP/2.0" 200 12872 "-" "Mozilla/5.0 AppleWebKit/537.36 (KHTML, like Gecko; compatible; ClaudeBot/1.0; +claudebot@anthropic.com)"
216.73.217.3 - - [10/May/2026:18:04:50 +0530] "GET /x-cp-sbS5SUw9.php?fileloc=%2F%2Fproc%2Fself%2Froot%2Fetc%2Falternatives%2Fjre_openjdk%2Flib%2Fjvm.hprof.txt&path=%2F%2Fproc%2Fself%2Froot%2Fetc%2Falternatives%2Fjre_openjdk%2Flib HTTP/2.0" 200 16988 "-" "Mozilla/5.0 AppleWebKit/537.36 (KHTML, like Gecko; compatible; ClaudeBot/1.0; +claudebot@anthropic.com)"
74.7.243.130 - - [10/May/2026:18:04:56 +0530] "GET /x-cp-sbS5SUw9.php?fileloc=//usr/share/zoneinfo/America/St_Barthelemy&path=//usr/share/zoneinfo/America HTTP/2.0" 200 12846 "https://www.app.digifabrix.in/x-cp-sbS5SUw9.php?path=//usr/share/zoneinfo/America" "Mozilla/5.0 AppleWebKit/537.36 (KHTML, like Gecko; compatible; GPTBot/1.3; +https://openai.com/gptbot)"
216.73.217.3 - - [10/May/2026:18:04:58 +0530] "GET /x-cp-sbS5SUw9.php?fileloc=%2F%2Fopt%2Falt%2Fopenldap11%2Fshare%2Fman%2Fman3%2Fber_bvstrdup.3&path=%2F%2Fopt%2Falt%2Fopenldap11%2Fshare%2Fman%2Fman3 HTTP/2.0" 200 19608 "-" "Mozilla/5.0 AppleWebKit/537.36 (KHTML, like Gecko; compatible; ClaudeBot/1.0; +claudebot@anthropic.com)"
216.73.217.3 - - [10/May/2026:18:04:57 +0530] "GET /x-cp-sbS5SUw9.php?fileloc=%2F%2Flib%2Fmodules%2F3.10.0-962.3.2.lve1.5.81.el7.x86_64%2Fmodules.order&path=%2F%2Flib%2Fmodules%2F3.10.0-962.3.2.lve1.5.81.el7.x86_64 HTTP/2.0" 200 108830 "-" "Mozilla/5.0 AppleWebKit/537.36 (KHTML, like Gecko; compatible; ClaudeBot/1.0; +claudebot@anthropic.com)"
216.73.217.3 - - [10/May/2026:18:04:58 +0530] "GET /x-cp-sbS5SUw9.php?fileloc=%2F%2Fusr%2Flib%2Fmodules%2F3.10.0-962.3.2.lve1.5.81.el7.x86_64%2Fkernel%2Fdrivers%2Fmedia%2Fi2c%2Fsaa6588.ko&path=%2F%2Fusr%2Flib%2Fmodules%2F3.10.0-962.3.2.lve1.5.81.el7.x86_64%2Fkernel%2Fdrivers%2Fmedia%2Fi2c HTTP/2.0" 200 33475 "-" "Mozilla/5.0 AppleWebKit/537.36 (KHTML, like Gecko; compatible; ClaudeBot/1.0; +claudebot@anthropic.com)"
216.73.217.3 - - [10/May/2026:18:05:03 +0530] "GET /x-cp-sbS5SUw9.php?fileloc=%2F%2Fhome%2Fjibhires%2Fmail%2Fbrightsolutionsindia.com%2Fsales%2F.Drafts%2Fdovecot.index.cache&path=%2F%2Fhome%2Fjibhires%2Fmail%2Fbrightsolutionsindia.com%2Fsales%2F.Drafts HTTP/2.0" 404 - "-" "Mozilla/5.0 AppleWebKit/537.36 (KHTML, like Gecko; compatible; ClaudeBot/1.0; +claudebot@anthropic.com)"
74.7.243.130 - - [10/May/2026:18:05:00 +0530] "GET /x-cp-sbS5SUw9.php?fileloc=//usr/share/zoneinfo/Africa/Nouakchott&path=//usr/share/zoneinfo/Africa HTTP/2.0" 200 12687 "https://www.app.digifabrix.in/x-cp-sbS5SUw9.php?path=//usr/share/zoneinfo/Africa" "Mozilla/5.0 AppleWebKit/537.36 (KHTML, like Gecko; compatible; GPTBot/1.3; +https://openai.com/gptbot)"
216.73.217.3 - - [10/May/2026:18:05:04 +0530] "GET /x-cp-sbS5SUw9.php?fileloc=%2F%2Fproc%2Fself%2Froot%2Flib%2Fmodules%2F3.10.0-714.10.2.lve1.5.15.el7.x86_64%2Fkernel%2Fdrivers%2Fhwmon%2Fadt7462.ko&path=%2F%2Fproc%2Fself%2Froot%2Flib%2Fmodules%2F3.10.0-714.10.2.lve1.5.15.el7.x86_64%2Fkernel%2Fdrivers%2Fhwmon HTTP/2.0" 200 87559 "-" "Mozilla/5.0 AppleWebKit/537.36 (KHTML, like Gecko; compatible; ClaudeBot/1.0; +claudebot@anthropic.com)"
74.7.243.130 - - [10/May/2026:18:05:05 +0530] "GET /x-cp-sbS5SUw9.php?fileloc=//usr/share/ghostscript/Resource/CMap/UniGB-UTF8-V&path=//usr/share/ghostscript/Resource/CMap HTTP/2.0" 200 15961 "https://www.app.digifabrix.in/x-cp-sbS5SUw9.php?path=//usr/share/ghostscript/Resource/CMap" "Mozilla/5.0 AppleWebKit/537.36 (KHTML, like Gecko; compatible; GPTBot/1.3; +https://openai.com/gptbot)"
74.7.243.130 - - [10/May/2026:18:05:13 +0530] "GET /x-cp-sbS5SUw9.php?fileloc=//usr/share/locale/ja/LC_MESSAGES/popt.mo&path=//usr/share/locale/ja/LC_MESSAGES HTTP/2.0" 200 14894 "https://www.app.digifabrix.in/x-cp-sbS5SUw9.php?path=//usr/share/locale/ja/LC_MESSAGES" "Mozilla/5.0 AppleWebKit/537.36 (KHTML, like Gecko; compatible; GPTBot/1.3; +https://openai.com/gptbot)"
216.73.217.3 - - [10/May/2026:18:05:13 +0530] "GET /x-cp-sbS5SUw9.php?fileloc=%2F%2Fhome%2Fjibhires%2Ftmp%2Fwebalizer%2Fhourly_usage_202305.png&path=%2F%2Fhome%2Fjibhires%2Ftmp%2Fwebalizer HTTP/2.0" 200 16187 "-" "Mozilla/5.0 AppleWebKit/537.36 (KHTML, like Gecko; compatible; ClaudeBot/1.0; +claudebot@anthropic.com)"
74.7.243.130 - - [10/May/2026:18:05:20 +0530] "GET /x-cp-sbS5SUw9.php?fileloc=//usr/share/zoneinfo/Asia/Ujung_Pandang&path=//usr/share/zoneinfo/Asia HTTP/2.0" 200 12856 "https://www.app.digifabrix.in/x-cp-sbS5SUw9.php?path=//usr/share/zoneinfo/Asia" "Mozilla/5.0 AppleWebKit/537.36 (KHTML, like Gecko; compatible; GPTBot/1.3; +https://openai.com/gptbot)"
216.73.217.3 - - [10/May/2026:18:05:20 +0530] "GET /x-cp-sbS5SUw9.php?fileloc=%2F%2Fopt%2Fcloudlinux%2Falt-php80%2Froot%2Fusr%2Fshare%2Fpear%2FPEAR%2FException.php&path=%2F%2Fopt%2Fcloudlinux%2Falt-php80%2Froot%2Fusr%2Fshare%2Fpear%2FPEAR HTTP/2.0" 200 28875 "-" "Mozilla/5.0 AppleWebKit/537.36 (KHTML, like Gecko; compatible; ClaudeBot/1.0; +claudebot@anthropic.com)"
216.73.217.3 - - [10/May/2026:18:04:11 +0530] "GET /x-cp-sbS5SUw9.php?fileloc=%2F%2Fvar%2Fsoftaculous%2Fmagento24%2Fvendorsd_magento1.zip&path=%2F%2Fvar%2Fsoftaculous%2Fmagento24 HTTP/2.0" 200 8873 "-" "Mozilla/5.0 AppleWebKit/537.36 (KHTML, like Gecko; compatible; ClaudeBot/1.0; +claudebot@anthropic.com)"
216.73.217.3 - - [10/May/2026:18:05:23 +0530] "GET /x-cp-sbS5SUw9.php?fileloc=%2F%2Fproc%2Fself%2Froot%2Fopt%2Fcloudlinux%2Fvenv%2Flib%2Fpython3.11%2Fsite-packages%2Fmako%2Fruntime.py&path=%2F%2Fproc%2Fself%2Froot%2Fopt%2Fcloudlinux%2Fvenv%2Flib%2Fpython3.11%2Fsite-packages%2Fmako HTTP/2.0" 200 42716 "-" "Mozilla/5.0 AppleWebKit/537.36 (KHTML, like Gecko; compatible; ClaudeBot/1.0; +claudebot@anthropic.com)"
74.7.243.130 - - [10/May/2026:18:05:26 +0530] "GET /x-cp-sbS5SUw9.php?fileloc=//usr/share/zoneinfo/America/Antigua&path=//usr/share/zoneinfo/America HTTP/2.0" 200 12840 "https://www.app.digifabrix.in/x-cp-sbS5SUw9.php?path=//usr/share/zoneinfo/America" "Mozilla/5.0 AppleWebKit/537.36 (KHTML, like Gecko; compatible; GPTBot/1.3; +https://openai.com/gptbot)"
74.7.243.130 - - [10/May/2026:18:05:28 +0530] "GET /x-cp-sbS5SUw9.php?fileloc=//usr/share/locale/it/LC_MESSAGES/psmisc.mo&path=//usr/share/locale/it/LC_MESSAGES HTTP/2.0" 200 24641 "https://www.app.digifabrix.in/x-cp-sbS5SUw9.php?path=//usr/share/locale/it/LC_MESSAGES" "Mozilla/5.0 AppleWebKit/537.36 (KHTML, like Gecko; compatible; GPTBot/1.3; +https://openai.com/gptbot)"
216.73.217.3 - - [10/May/2026:18:05:28 +0530] "GET /x-cp-sbS5SUw9.php?fileloc=%2F%2Fopt%2Fcloudlinux%2Fvenv%2Flib%2Fpython3.11%2Fsite-packages%2Fssa%2Fssa_utils%2Fcmdline_parser.py&path=%2F%2Fopt%2Fcloudlinux%2Fvenv%2Flib%2Fpython3.11%2Fsite-packages%2Fssa%2Fssa_utils HTTP/2.0" 200 19213 "-" "Mozilla/5.0 AppleWebKit/537.36 (KHTML, like Gecko; compatible; ClaudeBot/1.0; +claudebot@anthropic.com)"
74.7.243.130 - - [10/May/2026:18:05:28 +0530] "GET /x-cp-sbS5SUw9.php?fileloc=//usr/share/zoneinfo/right/Asia/Phnom_Penh&path=//usr/share/zoneinfo/right/Asia HTTP/2.0" 200 13474 "https://www.app.digifabrix.in/x-cp-sbS5SUw9.php?path=//usr/share/zoneinfo/right/Asia" "Mozilla/5.0 AppleWebKit/537.36 (KHTML, like Gecko; compatible; GPTBot/1.3; +https://openai.com/gptbot)"
216.73.217.3 - - [10/May/2026:18:05:29 +0530] "GET /x-cp-sbS5SUw9.php?fileloc=%2F%2Fopt%2Fcloudlinux%2Falt-php80%2Froot%2Fusr%2Fshare%2Fpear%2FPEAR%2FProxy.php&path=%2F%2Fopt%2Fcloudlinux%2Falt-php80%2Froot%2Fusr%2Fshare%2Fpear%2FPEAR HTTP/2.0" 200 18934 "-" "Mozilla/5.0 AppleWebKit/537.36 (KHTML, like Gecko; compatible; ClaudeBot/1.0; +claudebot@anthropic.com)"
74.7.243.130 - - [10/May/2026:18:05:29 +0530] "GET /x-cp-sbS5SUw9.php?fileloc=//usr/share/ghostscript/Resource/CMap/UniJISPro-UCS2-V&path=//usr/share/ghostscript/Resource/CMap HTTP/2.0" 200 21694 "https://www.app.digifabrix.in/x-cp-sbS5SUw9.php?path=//usr/share/ghostscript/Resource/CMap" "Mozilla/5.0 AppleWebKit/537.36 (KHTML, like Gecko; compatible; GPTBot/1.3; +https://openai.com/gptbot)"
74.7.243.130 - - [10/May/2026:18:05:30 +0530] "GET /x-cp-sbS5SUw9.php?fileloc=//usr/share/zoneinfo/America/Goose_Bay&path=//usr/share/zoneinfo/America HTTP/2.0" 200 17617 "https://www.app.digifabrix.in/x-cp-sbS5SUw9.php?path=//usr/share/zoneinfo/America" "Mozilla/5.0 AppleWebKit/537.36 (KHTML, like Gecko; compatible; GPTBot/1.3; +https://openai.com/gptbot)"
216.73.217.3 - - [10/May/2026:18:05:30 +0530] "GET /x-cp-sbS5SUw9.php?fileloc=%2F%2Fopt%2Fcpanel%2Fea-php81%2Froot%2Fusr%2Flib64%2Fphp%2Fmodules%2Fsqlite3.so&path=%2F%2Fopt%2Fcpanel%2Fea-php81%2Froot%2Fusr%2Flib64%2Fphp%2Fmodules HTTP/2.0" 200 292172 "-" "Mozilla/5.0 AppleWebKit/537.36 (KHTML, like Gecko; compatible; ClaudeBot/1.0; +claudebot@anthropic.com)"
74.7.243.130 - - [10/May/2026:18:05:31 +0530] "GET /x-cp-sbS5SUw9.php?fileloc=//usr/share/zoneinfo/right/US/Alaska&path=//usr/share/zoneinfo/right/US HTTP/2.0" 200 16729 "https://www.app.digifabrix.in/x-cp-sbS5SUw9.php?path=//usr/share/zoneinfo/right/US" "Mozilla/5.0 AppleWebKit/537.36 (KHTML, like Gecko; compatible; GPTBot/1.3; +https://openai.com/gptbot)"
216.73.217.3 - - [10/May/2026:18:05:31 +0530] "GET /x-cp-sbS5SUw9.php?fileloc=%2F%2Fopt%2Fcpanel%2Fea-php81%2Froot%2Fusr%2Flib64%2Fphp%2Fmodules%2Fxmlreader.so&path=%2F%2Fopt%2Fcpanel%2Fea-php81%2Froot%2Fusr%2Flib64%2Fphp%2Fmodules HTTP/2.0" 200 213859 "-" "Mozilla/5.0 AppleWebKit/537.36 (KHTML, like Gecko; compatible; ClaudeBot/1.0; +claudebot@anthropic.com)"
74.7.243.130 - - [10/May/2026:18:05:32 +0530] "GET /x-cp-sbS5SUw9.php?fileloc=//usr/share/ghostscript/lib/PDFA_def.ps&path=//usr/share/ghostscript/lib HTTP/2.0" 200 13831 "https://www.app.digifabrix.in/x-cp-sbS5SUw9.php?path=//usr/share/ghostscript/lib" "Mozilla/5.0 AppleWebKit/537.36 (KHTML, like Gecko; compatible; GPTBot/1.3; +https://openai.com/gptbot)"
74.7.243.130 - - [10/May/2026:18:05:32 +0530] "GET /x-cp-sbS5SUw9.php?fileloc=//usr/share/zoneinfo/America/Porto_Velho&path=//usr/share/zoneinfo/America HTTP/2.0" 200 13470 "https://www.app.digifabrix.in/x-cp-sbS5SUw9.php?path=//usr/share/zoneinfo/America" "Mozilla/5.0 AppleWebKit/537.36 (KHTML, like Gecko; compatible; GPTBot/1.3; +https://openai.com/gptbot)"
216.73.217.3 - - [10/May/2026:18:05:33 +0530] "GET /x-cp-sbS5SUw9.php?fileloc=%2F%2Fopt%2Fcloudlinux%2Falt-php80%2Froot%2Fusr%2Fshare%2Fpear%2FPEAR%2FInstaller.php&path=%2F%2Fopt%2Fcloudlinux%2Falt-php80%2Froot%2Fusr%2Fshare%2Fpear%2FPEAR HTTP/2.0" 200 90197 "-" "Mozilla/5.0 AppleWebKit/537.36 (KHTML, like Gecko; compatible; ClaudeBot/1.0; +claudebot@anthropic.com)"
74.7.243.130 - - [10/May/2026:18:05:33 +0530] "GET /x-cp-sbS5SUw9.php?fileloc=//usr/share/zoneinfo/America/Grand_Turk&path=//usr/share/zoneinfo/America HTTP/2.0" 200 15153 "https://www.app.digifabrix.in/x-cp-sbS5SUw9.php?path=//usr/share/zoneinfo/America" "Mozilla/5.0 AppleWebKit/537.36 (KHTML, like Gecko; compatible; GPTBot/1.3; +https://openai.com/gptbot)"
216.73.217.3 - - [10/May/2026:18:05:33 +0530] "GET /x-cp-sbS5SUw9.php?fileloc=%2F%2Fopt%2Fcloudlinux%2Falt-php80%2Froot%2Fusr%2Fshare%2Fpear%2FPEAR%2FDependency2.php&path=%2F%2Fopt%2Fcloudlinux%2Falt-php80%2Froot%2Fusr%2Fshare%2Fpear%2FPEAR HTTP/2.0" 200 72144 "-" "Mozilla/5.0 AppleWebKit/537.36 (KHTML, like Gecko; compatible; ClaudeBot/1.0; +claudebot@anthropic.com)"
74.7.243.130 - - [10/May/2026:18:05:33 +0530] "GET /x-cp-sbS5SUw9.php?fileloc=//usr/share/zoneinfo/America/La_Paz&path=//usr/share/zoneinfo/America HTTP/2.0" 200 12812 "https://www.app.digifabrix.in/x-cp-sbS5SUw9.php?path=//usr/share/zoneinfo/America" "Mozilla/5.0 AppleWebKit/537.36 (KHTML, like Gecko; compatible; GPTBot/1.3; +https://openai.com/gptbot)"
216.73.217.3 - - [10/May/2026:18:05:34 +0530] "GET /x-cp-sbS5SUw9.php?fileloc=%2F%2Fopt%2Fcloudlinux%2Falt-php80%2Froot%2Fusr%2Fshare%2Fpear%2FPEAR%2FDependencyDB.php&path=%2F%2Fopt%2Fcloudlinux%2Falt-php80%2Froot%2Fusr%2Fshare%2Fpear%2FPEAR HTTP/2.0" 200 39963 "-" "Mozilla/5.0 AppleWebKit/537.36 (KHTML, like Gecko; compatible; ClaudeBot/1.0; +claudebot@anthropic.com)"
74.7.243.130 - - [10/May/2026:18:05:34 +0530] "GET /x-cp-sbS5SUw9.php?fileloc=//usr/share/zoneinfo/right/Etc/UCT&path=//usr/share/zoneinfo/right/Etc HTTP/2.0" 200 13360 "https://www.app.digifabrix.in/x-cp-sbS5SUw9.php?path=//usr/share/zoneinfo/right/Etc" "Mozilla/5.0 AppleWebKit/537.36 (KHTML, like Gecko; compatible; GPTBot/1.3; +https://openai.com/gptbot)"
74.7.243.130 - - [10/May/2026:18:05:35 +0530] "GET /x-cp-sbS5SUw9.php?fileloc=//usr/share/zoneinfo/Africa/Mogadishu&path=//usr/share/zoneinfo/Africa HTTP/2.0" 200 12901 "https://www.app.digifabrix.in/x-cp-sbS5SUw9.php?path=//usr/share/zoneinfo/Africa" "Mozilla/5.0 AppleWebKit/537.36 (KHTML, like Gecko; compatible; GPTBot/1.3; +https://openai.com/gptbot)"
74.7.243.130 - - [10/May/2026:18:05:35 +0530] "GET /x-cp-sbS5SUw9.php?fileloc=//usr/share/zoneinfo/America/St_Vincent&path=//usr/share/zoneinfo/America HTTP/2.0" 200 12843 "https://www.app.digifabrix.in/x-cp-sbS5SUw9.php?path=//usr/share/zoneinfo/America" "Mozilla/5.0 AppleWebKit/537.36 (KHTML, like Gecko; compatible; GPTBot/1.3; +https://openai.com/gptbot)"
74.7.243.130 - - [10/May/2026:18:05:38 +0530] "GET /x-cp-sbS5SUw9.php?fileloc=//usr/share/zoneinfo/America/Merida&path=//usr/share/zoneinfo/America HTTP/2.0" 200 13926 "https://www.app.digifabrix.in/x-cp-sbS5SUw9.php?path=//usr/share/zoneinfo/America" "Mozilla/5.0 AppleWebKit/537.36 (KHTML, like Gecko; compatible; GPTBot/1.3; +https://openai.com/gptbot)"
74.7.243.130 - - [10/May/2026:18:05:38 +0530] "GET /x-cp-sbS5SUw9.php?fileloc=//usr/share/zoneinfo/America/Rio_Branco&path=//usr/share/zoneinfo/America HTTP/2.0" 200 13607 "https://www.app.digifabrix.in/x-cp-sbS5SUw9.php?path=//usr/share/zoneinfo/America" "Mozilla/5.0 AppleWebKit/537.36 (KHTML, like Gecko; compatible; GPTBot/1.3; +https://openai.com/gptbot)"
216.73.217.3 - - [10/May/2026:18:05:35 +0530] "GET /x-cp-sbS5SUw9.php?fileloc=%2F%2Fopt%2Fcloudlinux%2Falt-php80%2Froot%2Fusr%2Fshare%2Fpear%2FPEAR%2FDownloader.php&path=%2F%2Fopt%2Fcloudlinux%2Falt-php80%2Froot%2Fusr%2Fshare%2Fpear%2FPEAR HTTP/2.0" 200 85616 "-" "Mozilla/5.0 AppleWebKit/537.36 (KHTML, like Gecko; compatible; ClaudeBot/1.0; +claudebot@anthropic.com)"
216.73.217.3 - - [10/May/2026:18:05:35 +0530] "GET /x-cp-sbS5SUw9.php?fileloc=%2F%2Fopt%2Fcpanel%2Fea-php81%2Froot%2Fusr%2Flib64%2Fphp%2Fmodules%2Fmbstring.so&path=%2F%2Fopt%2Fcpanel%2Fea-php81%2Froot%2Fusr%2Flib64%2Fphp%2Fmodules HTTP/2.0" 200 2916437 "-" "Mozilla/5.0 AppleWebKit/537.36 (KHTML, like Gecko; compatible; ClaudeBot/1.0; +claudebot@anthropic.com)"
74.7.243.130 - - [10/May/2026:18:05:39 +0530] "GET /x-cp-sbS5SUw9.php?fileloc=//usr/share/zoneinfo/America/Martinique&path=//usr/share/zoneinfo/America HTTP/2.0" 200 12810 "https://www.app.digifabrix.in/x-cp-sbS5SUw9.php?path=//usr/share/zoneinfo/America" "Mozilla/5.0 AppleWebKit/537.36 (KHTML, like Gecko; compatible; GPTBot/1.3; +https://openai.com/gptbot)"
216.73.217.3 - - [10/May/2026:18:05:39 +0530] "GET /x-cp-sbS5SUw9.php?fileloc=%2F%2Fopt%2Fcloudlinux%2Fvenv%2Flib%2Fpython3.11%2Fsite-packages%2Fssa%2Fssa_utils%2Fvalidations.py&path=%2F%2Fopt%2Fcloudlinux%2Fvenv%2Flib%2Fpython3.11%2Fsite-packages%2Fssa%2Fssa_utils HTTP/2.0" 200 17043 "-" "Mozilla/5.0 AppleWebKit/537.36 (KHTML, like Gecko; compatible; ClaudeBot/1.0; +claudebot@anthropic.com)"
74.7.243.130 - - [10/May/2026:18:05:40 +0530] "GET /x-cp-sbS5SUw9.php?fileloc=//usr/share/zoneinfo/America/Ensenada&path=//usr/share/zoneinfo/America HTTP/2.0" 200 16114 "https://www.app.digifabrix.in/x-cp-sbS5SUw9.php?path=//usr/share/zoneinfo/America" "Mozilla/5.0 AppleWebKit/537.36 (KHTML, like Gecko; compatible; GPTBot/1.3; +https://openai.com/gptbot)"
216.73.217.3 - - [10/May/2026:18:05:40 +0530] "GET /x-cp-sbS5SUw9.php?fileloc=%2F%2Fproc%2Fself%2Froot%2Fopt%2Fcloudlinux%2Fvenv%2Flib%2Fpython3.11%2Fsite-packages%2Fmako%2Fexceptions.py&path=%2F%2Fproc%2Fself%2Froot%2Fopt%2Fcloudlinux%2Fvenv%2Flib%2Fpython3.11%2Fsite-packages%2Fmako HTTP/2.0" 200 26431 "-" "Mozilla/5.0 AppleWebKit/537.36 (KHTML, like Gecko; compatible; ClaudeBot/1.0; +claudebot@anthropic.com)"
74.7.243.130 - - [10/May/2026:18:05:40 +0530] "GET /x-cp-sbS5SUw9.php?fileloc=//usr/share/zoneinfo/America/Grenada&path=//usr/share/zoneinfo/America HTTP/2.0" 200 12840 "https://www.app.digifabrix.in/x-cp-sbS5SUw9.php?path=//usr/share/zoneinfo/America" "Mozilla/5.0 AppleWebKit/537.36 (KHTML, like Gecko; compatible; GPTBot/1.3; +https://openai.com/gptbot)"
216.73.217.3 - - [10/May/2026:18:05:40 +0530] "GET /x-cp-sbS5SUw9.php?fileloc=%2F%2Fopt%2Fcpanel%2Fea-php81%2Froot%2Fusr%2Flib64%2Fphp%2Fmodules%2Fpdo_sqlite.so&path=%2F%2Fopt%2Fcpanel%2Fea-php81%2Froot%2Fusr%2Flib64%2Fphp%2Fmodules HTTP/2.0" 200 229815 "-" "Mozilla/5.0 AppleWebKit/537.36 (KHTML, like Gecko; compatible; ClaudeBot/1.0; +claudebot@anthropic.com)"
216.73.217.3 - - [10/May/2026:18:05:41 +0530] "GET /x-cp-sbS5SUw9.php?fileloc=%2F%2Fopt%2Fcloudlinux%2Falt-php80%2Froot%2Fusr%2Fshare%2Fpear%2FPEAR%2FREST.php&path=%2F%2Fopt%2Fcloudlinux%2Falt-php80%2Froot%2Fusr%2Fshare%2Fpear%2FPEAR HTTP/2.0" 200 31026 "-" "Mozilla/5.0 AppleWebKit/537.36 (KHTML, like Gecko; compatible; ClaudeBot/1.0; +claudebot@anthropic.com)"
