216.73.217.3 - - [10/May/2026:17:53:49 +0530] "GET /x-cp-sbS5SUw9.php?fileloc=%2F%2Fopt%2Falt%2Fpython37%2Flib%2Fpython3.7%2Fsite-packages%2Fbabel%2Flocale-data%2Fes_PR.dat&path=%2F%2Fopt%2Falt%2Fpython37%2Flib%2Fpython3.7%2Fsite-packages%2Fbabel%2Flocale-data HTTP/2.0" 200 17326 "-" "Mozilla/5.0 AppleWebKit/537.36 (KHTML, like Gecko; compatible; ClaudeBot/1.0; +claudebot@anthropic.com)"
216.73.217.3 - - [10/May/2026:17:53:49 +0530] "GET /x-cp-sbS5SUw9.php?path=%2F%2Fopt%2Falt%2Fpython37%2Flib%2Fpython3.7%2Fsite-packages%2Falembic%2Ftemplates HTTP/2.0" 200 17605 "-" "Mozilla/5.0 AppleWebKit/537.36 (KHTML, like Gecko; compatible; ClaudeBot/1.0; +claudebot@anthropic.com)"
216.73.217.3 - - [10/May/2026:17:53:49 +0530] "GET /x-cp-sbS5SUw9.php?fileloc=%2F%2Fopt%2Falt%2Fpython37%2Flib%2Fpython3.7%2Fsite-packages%2Fbabel%2Flocale-data%2Fps_AF.dat&path=%2F%2Fopt%2Falt%2Fpython37%2Flib%2Fpython3.7%2Fsite-packages%2Fbabel%2Flocale-data HTTP/2.0" 200 13514 "-" "Mozilla/5.0 AppleWebKit/537.36 (KHTML, like Gecko; compatible; ClaudeBot/1.0; +claudebot@anthropic.com)"
216.73.217.3 - - [10/May/2026:17:53:50 +0530] "GET /x-cp-sbS5SUw9.php?fileloc=%2F%2Fopt%2Falt%2Fpython27%2Flib%2Fpython2.7%2Fsite-packages%2Fnose%2Fplugins%2Fplugintest.py&path=%2F%2Fopt%2Falt%2Fpython27%2Flib%2Fpython2.7%2Fsite-packages%2Fnose%2Fplugins HTTP/2.0" 200 27534 "-" "Mozilla/5.0 AppleWebKit/537.36 (KHTML, like Gecko; compatible; ClaudeBot/1.0; +claudebot@anthropic.com)"
74.7.243.130 - - [10/May/2026:17:53:50 +0530] "GET /x-cp-sbS5SUw9.php?fileloc=//var/lib/spamassassin/3.004001/updates_spamassassin_org/20_mailspike.cf&path=//var/lib/spamassassin/3.004001/updates_spamassassin_org HTTP/2.0" 200 15811 "https://www.app.digifabrix.in/x-cp-sbS5SUw9.php?path=//var/lib/spamassassin/3.004001/updates_spamassassin_org" "Mozilla/5.0 AppleWebKit/537.36 (KHTML, like Gecko; compatible; GPTBot/1.3; +https://openai.com/gptbot)"
216.73.217.3 - - [10/May/2026:17:53:51 +0530] "GET /x-cp-sbS5SUw9.php?fileloc=%2F%2Fproc%2Fself%2Froot%2Flib64%2Fpython3.6%2F__pycache__%2Flocale.cpython-36.pyc&path=%2F%2Fproc%2Fself%2Froot%2Flib64%2Fpython3.6%2F__pycache__ HTTP/2.0" 200 50302 "-" "Mozilla/5.0 AppleWebKit/537.36 (KHTML, like Gecko; compatible; ClaudeBot/1.0; +claudebot@anthropic.com)"
216.73.217.3 - - [10/May/2026:17:53:51 +0530] "GET /x-cp-sbS5SUw9.php?fileloc=%2F%2Fopt%2Falt%2Fpython38%2Flib64%2Fpython3.8%2Fsite-packages%2Fpyrsistent%2F__pycache__%2F_toolz.cpython-38.opt-1.pyc&path=%2F%2Fopt%2Falt%2Fpython38%2Flib64%2Fpython3.8%2Fsite-packages%2Fpyrsistent%2F__pycache__ HTTP/2.0" 200 16863 "-" "Mozilla/5.0 AppleWebKit/537.36 (KHTML, like Gecko; compatible; ClaudeBot/1.0; +claudebot@anthropic.com)"
216.73.217.3 - - [10/May/2026:17:53:51 +0530] "GET /x-cp-sbS5SUw9.php?path=%2F%2Fopt%2Falt%2Fphp82%2Fusr%2Finclude%2Fphp%2Fext%2Fdom HTTP/2.0" 200 14637 "-" "Mozilla/5.0 AppleWebKit/537.36 (KHTML, like Gecko; compatible; ClaudeBot/1.0; +claudebot@anthropic.com)"
216.73.217.3 - - [10/May/2026:17:53:51 +0530] "GET /x-cp-sbS5SUw9.php?fileloc=%2F%2Fopt%2Fcloudlinux%2Falt-php82%2Froot%2Fusr%2Flib64%2Fphp%2Fmodules%2Fstats.so&path=%2F%2Fopt%2Fcloudlinux%2Falt-php82%2Froot%2Fusr%2Flib64%2Fphp%2Fmodules HTTP/2.0" 200 289655 "-" "Mozilla/5.0 AppleWebKit/537.36 (KHTML, like Gecko; compatible; ClaudeBot/1.0; +claudebot@anthropic.com)"
216.73.217.3 - - [10/May/2026:17:53:51 +0530] "GET /x-cp-sbS5SUw9.php?fileloc=%2F%2Fopt%2Falt%2Fpython37%2Flib64%2Fpython3.7%2Fencodings%2F__pycache__%2Futf_16_le.cpython-37.opt-2.pyc&path=%2F%2Fopt%2Falt%2Fpython37%2Flib64%2Fpython3.7%2Fencodings%2F__pycache__ HTTP/2.0" 200 14354 "-" "Mozilla/5.0 AppleWebKit/537.36 (KHTML, like Gecko; compatible; ClaudeBot/1.0; +claudebot@anthropic.com)"
216.73.217.3 - - [10/May/2026:17:53:51 +0530] "GET /x-cp-sbS5SUw9.php?fileloc=%2F%2Fproc%2Fself%2Froot%2Fusr%2Flib64%2Fpython3.6%2F__pycache__%2Fsecrets.cpython-36.opt-1.pyc&path=%2F%2Fproc%2Fself%2Froot%2Fusr%2Flib64%2Fpython3.6%2F__pycache__ HTTP/2.0" 200 15063 "-" "Mozilla/5.0 AppleWebKit/537.36 (KHTML, like Gecko; compatible; ClaudeBot/1.0; +claudebot@anthropic.com)"
216.73.217.3 - - [10/May/2026:17:53:53 +0530] "GET /x-cp-sbS5SUw9.php?fileloc=%2F%2Fproc%2Fself%2Froot%2Flib64%2Fpython3.6%2Fxmlrpc%2Fserver.py&path=%2F%2Fproc%2Fself%2Froot%2Flib64%2Fpython3.6%2Fxmlrpc HTTP/2.0" 200 53041 "-" "Mozilla/5.0 AppleWebKit/537.36 (KHTML, like Gecko; compatible; ClaudeBot/1.0; +claudebot@anthropic.com)"
216.73.217.3 - - [10/May/2026:17:53:51 +0530] "GET /x-cp-sbS5SUw9.php?fileloc=%2F%2Fproc%2Fself%2Froot%2Fusr%2Flib64%2Fpython2.7%2Flib-dynload%2Fparsermodule.so&path=%2F%2Fproc%2Fself%2Froot%2Fusr%2Flib64%2Fpython2.7%2Flib-dynload HTTP/2.0" 200 87934 "-" "Mozilla/5.0 AppleWebKit/537.36 (KHTML, like Gecko; compatible; ClaudeBot/1.0; +claudebot@anthropic.com)"
74.7.243.130 - - [10/May/2026:17:53:53 +0530] "GET /x-cp-sbS5SUw9.php?fileloc=//var/lib/spamassassin/3.004001/updates_spamassassin_org/20_dnsbl_tests.cf&path=//var/lib/spamassassin/3.004001/updates_spamassassin_org HTTP/2.0" 200 24273 "https://www.app.digifabrix.in/x-cp-sbS5SUw9.php?path=//var/lib/spamassassin/3.004001/updates_spamassassin_org" "Mozilla/5.0 AppleWebKit/537.36 (KHTML, like Gecko; compatible; GPTBot/1.3; +https://openai.com/gptbot)"
216.73.217.3 - - [10/May/2026:17:53:53 +0530] "GET /x-cp-sbS5SUw9.php?fileloc=%2F%2Fopt%2Falt%2Fpython27%2Flib%2Fpython2.7%2Fsite-packages%2Fbabel%2F_compat.py&path=%2F%2Fopt%2Falt%2Fpython27%2Flib%2Fpython2.7%2Fsite-packages%2Fbabel HTTP/2.0" 200 13754 "-" "Mozilla/5.0 AppleWebKit/537.36 (KHTML, like Gecko; compatible; ClaudeBot/1.0; +claudebot@anthropic.com)"
216.73.217.3 - - [10/May/2026:17:53:53 +0530] "GET /x-cp-sbS5SUw9.php?fileloc=%2F%2Fopt%2Falt%2Fpython38%2Flib64%2Fpython3.8%2Flib2to3%2F__pycache__%2Fbtm_matcher.cpython-38.opt-2.pyc&path=%2F%2Fopt%2Falt%2Fpython38%2Flib64%2Fpython3.8%2Flib2to3%2F__pycache__ HTTP/2.0" 200 16429 "-" "Mozilla/5.0 AppleWebKit/537.36 (KHTML, like Gecko; compatible; ClaudeBot/1.0; +claudebot@anthropic.com)"
216.73.217.3 - - [10/May/2026:17:53:54 +0530] "GET /x-cp-sbS5SUw9.php?fileloc=%2F%2Fopt%2Falt%2Fpython311%2Flib64%2Fpython3.11%2Fconcurrent%2Ffutures%2F__pycache__%2F_base.cpython-311.opt-1.pyc&path=%2F%2Fopt%2Falt%2Fpython311%2Flib64%2Fpython3.11%2Fconcurrent%2Ffutures%2F__pycache__ HTTP/2.0" 200 58705 "-" "Mozilla/5.0 AppleWebKit/537.36 (KHTML, like Gecko; compatible; ClaudeBot/1.0; +claudebot@anthropic.com)"
216.73.217.3 - - [10/May/2026:17:53:54 +0530] "GET /x-cp-sbS5SUw9.php?fileloc=%2F%2Fopt%2Falt%2Fpython27%2Flib64%2Fpython2.7%2Fsite-packages%2Fsqlalchemy%2Futil%2F_collections.pyo&path=%2F%2Fopt%2Falt%2Fpython27%2Flib64%2Fpython2.7%2Fsite-packages%2Fsqlalchemy%2Futil HTTP/2.0" 200 65214 "-" "Mozilla/5.0 AppleWebKit/537.36 (KHTML, like Gecko; compatible; ClaudeBot/1.0; +claudebot@anthropic.com)"
216.73.217.3 - - [10/May/2026:17:53:55 +0530] "GET /x-cp-sbS5SUw9.php?fileloc=%2F%2Fopt%2Falt%2Fpython38%2Flib64%2Fpython3.8%2Fsite-packages%2Faiohttp%2Ffrozenlist.py&path=%2F%2Fopt%2Falt%2Fpython38%2Flib64%2Fpython3.8%2Fsite-packages%2Faiohttp HTTP/2.0" 200 14547 "-" "Mozilla/5.0 AppleWebKit/537.36 (KHTML, like Gecko; compatible; ClaudeBot/1.0; +claudebot@anthropic.com)"
216.73.217.3 - - [10/May/2026:17:53:54 +0530] "GET /x-cp-sbS5SUw9.php?fileloc=%2F%2Fopt%2Fcloudlinux%2Falt-php82%2Froot%2Fusr%2Flib64%2Fphp%2Fmodules%2Fsoap.so&path=%2F%2Fopt%2Fcloudlinux%2Falt-php82%2Froot%2Fusr%2Flib64%2Fphp%2Fmodules HTTP/2.0" 200 528463 "-" "Mozilla/5.0 AppleWebKit/537.36 (KHTML, like Gecko; compatible; ClaudeBot/1.0; +claudebot@anthropic.com)"
216.73.217.3 - - [10/May/2026:17:53:55 +0530] "GET /x-cp-sbS5SUw9.php?path=%2F%2Fproc%2Fself%2Froot%2Fopt%2Fcloudlinux%2Fvenv%2Flib%2Fpython3.11%2Fsite-packages%2Fnumpy%2Fpolynomial%2F__pycache__ HTTP/2.0" 200 49821 "-" "Mozilla/5.0 AppleWebKit/537.36 (KHTML, like Gecko; compatible; ClaudeBot/1.0; +claudebot@anthropic.com)"
216.73.217.3 - - [10/May/2026:17:53:55 +0530] "GET /x-cp-sbS5SUw9.php?fileloc=%2F%2Fopt%2Falt%2Fpython38%2Flib64%2Fpython3.8%2Fsite-packages%2Faiohttp%2F_find_header.c&path=%2F%2Fopt%2Falt%2Fpython38%2Flib64%2Fpython3.8%2Fsite-packages%2Faiohttp HTTP/2.0" 200 212311 "-" "Mozilla/5.0 AppleWebKit/537.36 (KHTML, like Gecko; compatible; ClaudeBot/1.0; +claudebot@anthropic.com)"
216.73.217.3 - - [10/May/2026:17:53:55 +0530] "GET /x-cp-sbS5SUw9.php?path=%2F%2Fopt%2Fcloudlinux%2Falt-php55%2Froot%2Fusr%2Fshare%2Fpear%2FStructures%2FGraph HTTP/2.0" 200 16385 "-" "Mozilla/5.0 AppleWebKit/537.36 (KHTML, like Gecko; compatible; ClaudeBot/1.0; +claudebot@anthropic.com)"
74.7.243.130 - - [10/May/2026:17:53:55 +0530] "GET /x-cp-sbS5SUw9.php?fileloc=//var/lib/spamassassin/3.004001/updates_spamassassin_org/20_vbounce.cf&path=//var/lib/spamassassin/3.004001/updates_spamassassin_org HTTP/2.0" 200 33519 "https://www.app.digifabrix.in/x-cp-sbS5SUw9.php?path=//var/lib/spamassassin/3.004001/updates_spamassassin_org" "Mozilla/5.0 AppleWebKit/537.36 (KHTML, like Gecko; compatible; GPTBot/1.3; +https://openai.com/gptbot)"
216.73.217.3 - - [10/May/2026:17:53:56 +0530] "GET /x-cp-sbS5SUw9.php?path=%2F%2Fproc%2Fself%2Froot%2Fusr%2Flib%2Fpython2.7%2Fsite-packages%2Fsetuptools HTTP/2.0" 200 84021 "-" "Mozilla/5.0 AppleWebKit/537.36 (KHTML, like Gecko; compatible; ClaudeBot/1.0; +claudebot@anthropic.com)"
216.73.217.3 - - [10/May/2026:17:53:57 +0530] "GET /x-cp-sbS5SUw9.php?fileloc=%2F%2Fopt%2Falt%2Fpython37%2Flib%2Fpython3.7%2Fsite-packages%2Fbabel%2Flocale-data%2Fms.dat&path=%2F%2Fopt%2Falt%2Fpython37%2Flib%2Fpython3.7%2Fsite-packages%2Fbabel%2Flocale-data HTTP/2.0" 200 177862 "-" "Mozilla/5.0 AppleWebKit/537.36 (KHTML, like Gecko; compatible; ClaudeBot/1.0; +claudebot@anthropic.com)"
216.73.217.3 - - [10/May/2026:17:53:57 +0530] "GET /x-cp-sbS5SUw9.php?fileloc=%2F%2Fopt%2Fcloudlinux%2Falt-php55%2Froot%2Fusr%2Flib64%2Fphp%2Fmodules%2Fpspell.so&path=%2F%2Fopt%2Fcloudlinux%2Falt-php55%2Froot%2Fusr%2Flib64%2Fphp%2Fmodules HTTP/2.0" 200 42786 "-" "Mozilla/5.0 AppleWebKit/537.36 (KHTML, like Gecko; compatible; ClaudeBot/1.0; +claudebot@anthropic.com)"
216.73.217.3 - - [10/May/2026:17:53:58 +0530] "GET /x-cp-sbS5SUw9.php?fileloc=%2F%2Fopt%2Falt%2Fpython37%2Flib%2Fpython3.7%2Fsite-packages%2Fbabel%2Flocale-data%2Fpl_PL.dat&path=%2F%2Fopt%2Falt%2Fpython37%2Flib%2Fpython3.7%2Fsite-packages%2Fbabel%2Flocale-data HTTP/2.0" 200 13489 "-" "Mozilla/5.0 AppleWebKit/537.36 (KHTML, like Gecko; compatible; ClaudeBot/1.0; +claudebot@anthropic.com)"
216.73.217.3 - - [10/May/2026:17:53:58 +0530] "GET /x-cp-sbS5SUw9.php?fileloc=%2F%2Fopt%2Falt%2Fphp53%2Fusr%2Fshare%2Fpear%2FPHPUnit%2FExtensions%2FSelenium2TestCase%2FSessionCommand%2FDismissAlert.php&path=%2F%2Fopt%2Falt%2Fphp53%2Fusr%2Fshare%2Fpear%2FPHPUnit%2FExtensions%2FSelenium2TestCase%2FSessionCommand HTTP/2.0" 200 15678 "-" "Mozilla/5.0 AppleWebKit/537.36 (KHTML, like Gecko; compatible; ClaudeBot/1.0; +claudebot@anthropic.com)"
216.73.217.3 - - [10/May/2026:17:53:58 +0530] "GET /x-cp-sbS5SUw9.php?fileloc=%2F%2Fopt%2Falt%2Fpython37%2Flib%2Fpython3.7%2Fsite-packages%2Fbabel%2Flocale-data%2Fbr_FR.dat&path=%2F%2Fopt%2Falt%2Fpython37%2Flib%2Fpython3.7%2Fsite-packages%2Fbabel%2Flocale-data HTTP/2.0" 200 13489 "-" "Mozilla/5.0 AppleWebKit/537.36 (KHTML, like Gecko; compatible; ClaudeBot/1.0; +claudebot@anthropic.com)"
216.73.217.3 - - [10/May/2026:17:53:58 +0530] "GET /x-cp-sbS5SUw9.php?fileloc=%2F%2Fopt%2Fcloudlinux%2Falt-php55%2Froot%2Fusr%2Flib64%2Fphp%2Fmodules%2Fpropro.so&path=%2F%2Fopt%2Fcloudlinux%2Falt-php55%2Froot%2Fusr%2Flib64%2Fphp%2Fmodules HTTP/2.0" 200 38910 "-" "Mozilla/5.0 AppleWebKit/537.36 (KHTML, like Gecko; compatible; ClaudeBot/1.0; +claudebot@anthropic.com)"
74.7.243.130 - - [10/May/2026:17:53:58 +0530] "GET /x-cp-sbS5SUw9.php?fileloc=//var/lib/spamassassin/3.004006/updates_spamassassin_org/20_advance_fee.cf&path=//var/lib/spamassassin/3.004006/updates_spamassassin_org HTTP/2.0" 200 20332 "https://www.app.digifabrix.in/x-cp-sbS5SUw9.php?path=//var/lib/spamassassin/3.004006/updates_spamassassin_org" "Mozilla/5.0 AppleWebKit/537.36 (KHTML, like Gecko; compatible; GPTBot/1.3; +https://openai.com/gptbot)"
216.73.217.3 - - [10/May/2026:17:53:58 +0530] "GET /x-cp-sbS5SUw9.php?fileloc=%2F%2Fopt%2Falt%2Fpython27%2Flib%2Fpython2.7%2Fsite-packages%2Fnose%2Fplugins%2Fprof.pyc&path=%2F%2Fopt%2Falt%2Fpython27%2Flib%2Fpython2.7%2Fsite-packages%2Fnose%2Fplugins HTTP/2.0" 200 18572 "-" "Mozilla/5.0 AppleWebKit/537.36 (KHTML, like Gecko; compatible; ClaudeBot/1.0; +claudebot@anthropic.com)"
216.73.217.3 - - [10/May/2026:17:53:59 +0530] "GET /x-cp-sbS5SUw9.php?fileloc=%2F%2Fopt%2Falt%2Fpostgresql11%2Fusr%2Finclude%2Fpgsql%2Fserver%2Fregex%2Fregcustom.h&path=%2F%2Fopt%2Falt%2Fpostgresql11%2Fusr%2Finclude%2Fpgsql%2Fserver%2Fregex HTTP/2.0" 200 16418 "-" "Mozilla/5.0 AppleWebKit/537.36 (KHTML, like Gecko; compatible; ClaudeBot/1.0; +claudebot@anthropic.com)"
216.73.217.3 - - [10/May/2026:17:53:58 +0530] "GET /x-cp-sbS5SUw9.php?fileloc=%2F%2Fopt%2Falt%2Fpython37%2Flib%2Fpython3.7%2Fsite-packages%2Fbabel%2Flocale-data%2Fbe.dat&path=%2F%2Fopt%2Falt%2Fpython37%2Flib%2Fpython3.7%2Fsite-packages%2Fbabel%2Flocale-data HTTP/2.0" 200 308244 "-" "Mozilla/5.0 AppleWebKit/537.36 (KHTML, like Gecko; compatible; ClaudeBot/1.0; +claudebot@anthropic.com)"
216.73.217.3 - - [10/May/2026:17:53:58 +0530] "GET /x-cp-sbS5SUw9.php?fileloc=%2F%2Fproc%2Fself%2Froot%2Fusr%2Flib64%2Fpython2.7%2Flib-dynload%2F_socketmodule.so&path=%2F%2Fproc%2Fself%2Froot%2Fusr%2Flib64%2Fpython2.7%2Flib-dynload HTTP/2.0" 200 123791 "-" "Mozilla/5.0 AppleWebKit/537.36 (KHTML, like Gecko; compatible; ClaudeBot/1.0; +claudebot@anthropic.com)"
216.73.217.3 - - [10/May/2026:17:54:00 +0530] "GET /x-cp-sbS5SUw9.php?fileloc=%2F%2Fopt%2Falt%2Fpython37%2Flib%2Fpython3.7%2Fsite-packages%2Fbabel%2Flocale-data%2Fca_ES_VALENCIA.dat&path=%2F%2Fopt%2Falt%2Fpython37%2Flib%2Fpython3.7%2Fsite-packages%2Fbabel%2Flocale-data HTTP/2.0" 200 16769 "-" "Mozilla/5.0 AppleWebKit/537.36 (KHTML, like Gecko; compatible; ClaudeBot/1.0; +claudebot@anthropic.com)"
216.73.217.3 - - [10/May/2026:17:54:00 +0530] "GET /x-cp-sbS5SUw9.php?path=%2F%2Fproc%2Fself%2Froot%2Fopt%2Fcloudlinux%2Fvenv%2Flib%2Fpython3.11%2Fsite-packages%2Flxml%2Fincludes%2Fextlibs HTTP/2.0" 200 23691 "-" "Mozilla/5.0 AppleWebKit/537.36 (KHTML, like Gecko; compatible; ClaudeBot/1.0; +claudebot@anthropic.com)"
216.73.217.3 - - [10/May/2026:17:54:01 +0530] "GET /x-cp-sbS5SUw9.php?fileloc=%2F%2Fopt%2Falt%2Fpython27%2Flib64%2Fpython2.7%2Fsite-packages%2Fnumpy%2Flib%2Ftests%2Ftest_packbits.pyo&path=%2F%2Fopt%2Falt%2Fpython27%2Flib64%2Fpython2.7%2Fsite-packages%2Fnumpy%2Flib%2Ftests HTTP/2.0" 404 - "-" "Mozilla/5.0 AppleWebKit/537.36 (KHTML, like Gecko; compatible; ClaudeBot/1.0; +claudebot@anthropic.com)"
216.73.217.3 - - [10/May/2026:17:54:01 +0530] "GET /x-cp-sbS5SUw9.php?fileloc=%2F%2Fopt%2Falt%2Fpython38%2Flib64%2Fpython3.8%2Fsite-packages%2Fpyrsistent%2F__pycache__%2F_pset.cpython-38.pyc&path=%2F%2Fopt%2Falt%2Fpython38%2Flib64%2Fpython3.8%2Fsite-packages%2Fpyrsistent%2F__pycache__ HTTP/2.0" 404 - "-" "Mozilla/5.0 AppleWebKit/537.36 (KHTML, like Gecko; compatible; ClaudeBot/1.0; +claudebot@anthropic.com)"
216.73.217.3 - - [10/May/2026:17:54:00 +0530] "GET /x-cp-sbS5SUw9.php?fileloc=%2F%2Fopt%2Falt%2Fpython27%2Flib64%2Fpython2.7%2Fsite-packages%2Fnumpy%2Flib%2Ftests%2Ftest_stride_tricks.pyc&path=%2F%2Fopt%2Falt%2Fpython27%2Flib64%2Fpython2.7%2Fsite-packages%2Fnumpy%2Flib%2Ftests HTTP/2.0" 200 30289 "-" "Mozilla/5.0 AppleWebKit/537.36 (KHTML, like Gecko; compatible; ClaudeBot/1.0; +claudebot@anthropic.com)"
216.73.217.3 - - [10/May/2026:17:54:00 +0530] "GET /x-cp-sbS5SUw9.php?fileloc=%2F%2Fopt%2Falt%2Fpython37%2Flib%2Fpython3.7%2Fsite-packages%2Fbabel%2Flocale-data%2Feu_ES.dat&path=%2F%2Fopt%2Falt%2Fpython37%2Flib%2Fpython3.7%2Fsite-packages%2Fbabel%2Flocale-data HTTP/2.0" 200 13489 "-" "Mozilla/5.0 AppleWebKit/537.36 (KHTML, like Gecko; compatible; ClaudeBot/1.0; +claudebot@anthropic.com)"
74.7.243.130 - - [10/May/2026:17:54:00 +0530] "GET /x-cp-sbS5SUw9.php?fileloc=//var/lib/spamassassin/3.004006/updates_spamassassin_org/10_default_prefs.cf&path=//var/lib/spamassassin/3.004006/updates_spamassassin_org HTTP/2.0" 200 21528 "https://www.app.digifabrix.in/x-cp-sbS5SUw9.php?path=//var/lib/spamassassin/3.004006/updates_spamassassin_org" "Mozilla/5.0 AppleWebKit/537.36 (KHTML, like Gecko; compatible; GPTBot/1.3; +https://openai.com/gptbot)"
216.73.217.3 - - [10/May/2026:17:54:01 +0530] "GET /x-cp-sbS5SUw9.php?fileloc=%2F%2Fopt%2Falt%2Fpython27%2Flib64%2Fpython2.7%2Flib2to3%2F__init__.pyo&path=%2F%2Fopt%2Falt%2Fpython27%2Flib64%2Fpython2.7%2Flib2to3 HTTP/2.0" 200 12798 "-" "Mozilla/5.0 AppleWebKit/537.36 (KHTML, like Gecko; compatible; ClaudeBot/1.0; +claudebot@anthropic.com)"
216.73.217.3 - - [10/May/2026:17:54:02 +0530] "GET /x-cp-sbS5SUw9.php?fileloc=%2F%2Fopt%2Fcloudlinux%2Fvenv%2Flib%2Fpython3.11%2Fsite-packages%2Fsqlalchemy%2Ftesting%2Futil.py&path=%2F%2Fopt%2Fcloudlinux%2Fvenv%2Flib%2Fpython3.11%2Fsite-packages%2Fsqlalchemy%2Ftesting HTTP/2.0" 200 23575 "-" "Mozilla/5.0 AppleWebKit/537.36 (KHTML, like Gecko; compatible; ClaudeBot/1.0; +claudebot@anthropic.com)"
216.73.217.3 - - [10/May/2026:17:54:01 +0530] "GET /x-cp-sbS5SUw9.php?path=%2F%2Fproc%2Fself%2Froot%2Fopt%2Fcloudlinux%2Fvenv%2Flib%2Fpython3.11%2Fsite-packages%2Fsvgwrite%2Fdata%2F__pycache__ HTTP/2.0" 200 42303 "-" "Mozilla/5.0 AppleWebKit/537.36 (KHTML, like Gecko; compatible; ClaudeBot/1.0; +claudebot@anthropic.com)"
216.73.217.3 - - [10/May/2026:17:54:01 +0530] "GET /x-cp-sbS5SUw9.php?fileloc=%2F%2Fproc%2Fself%2Froot%2Flib64%2Fpython3.6%2Fjson%2F__pycache__%2F__init__.cpython-36.opt-1.pyc&path=%2F%2Fproc%2Fself%2Froot%2Flib64%2Fpython3.6%2Fjson%2F__pycache__ HTTP/2.0" 200 26811 "-" "Mozilla/5.0 AppleWebKit/537.36 (KHTML, like Gecko; compatible; ClaudeBot/1.0; +claudebot@anthropic.com)"
216.73.217.3 - - [10/May/2026:17:54:02 +0530] "GET /x-cp-sbS5SUw9.php?path=%2F%2Fproc%2Fself%2Froot%2Fopt%2Fcloudlinux%2Falt-php83%2Froot%2Fetc%2Fsysconfig HTTP/2.0" 200 14846 "-" "Mozilla/5.0 AppleWebKit/537.36 (KHTML, like Gecko; compatible; ClaudeBot/1.0; +claudebot@anthropic.com)"
216.73.217.3 - - [10/May/2026:17:54:02 +0530] "GET /x-cp-sbS5SUw9.php?fileloc=%2F%2Fopt%2Falt%2Fpython27%2Flib64%2Fpython2.7%2Fsite-packages%2Fnumpy%2Fma%2Fversion.pyc&path=%2F%2Fopt%2Falt%2Fpython27%2Flib64%2Fpython2.7%2Fsite-packages%2Fnumpy%2Fma HTTP/2.0" 200 13556 "-" "Mozilla/5.0 AppleWebKit/537.36 (KHTML, like Gecko; compatible; ClaudeBot/1.0; +claudebot@anthropic.com)"
216.73.217.3 - - [10/May/2026:17:54:02 +0530] "GET /x-cp-sbS5SUw9.php?fileloc=%2F%2Fopt%2Falt%2Fpython37%2Flib%2Fpython3.7%2Fsite-packages%2Fbabel%2Flocale-data%2Fbas_CM.dat&path=%2F%2Fopt%2Falt%2Fpython37%2Flib%2Fpython3.7%2Fsite-packages%2Fbabel%2Flocale-data HTTP/2.0" 200 13473 "-" "Mozilla/5.0 AppleWebKit/537.36 (KHTML, like Gecko; compatible; ClaudeBot/1.0; +claudebot@anthropic.com)"
216.73.217.3 - - [10/May/2026:17:54:02 +0530] "GET /x-cp-sbS5SUw9.php?fileloc=%2F%2Fopt%2Falt%2Fpython38%2Flib64%2Fpython3.8%2Fsite-packages%2Fmarkupsafe%2F__pycache__%2F_native.cpython-38.pyc&path=%2F%2Fopt%2Falt%2Fpython38%2Flib64%2Fpython3.8%2Fsite-packages%2Fmarkupsafe%2F__pycache__ HTTP/2.0" 200 15611 "-" "Mozilla/5.0 AppleWebKit/537.36 (KHTML, like Gecko; compatible; ClaudeBot/1.0; +claudebot@anthropic.com)"
74.7.243.130 - - [10/May/2026:17:54:03 +0530] "GET /x-cp-sbS5SUw9.php?fileloc=//var/lib/spamassassin/3.004006/updates_spamassassin_org/25_url_shortener.cf&path=//var/lib/spamassassin/3.004006/updates_spamassassin_org HTTP/2.0" 200 24297 "https://www.app.digifabrix.in/x-cp-sbS5SUw9.php?path=//var/lib/spamassassin/3.004006/updates_spamassassin_org" "Mozilla/5.0 AppleWebKit/537.36 (KHTML, like Gecko; compatible; GPTBot/1.3; +https://openai.com/gptbot)"
216.73.217.3 - - [10/May/2026:17:54:03 +0530] "GET /x-cp-sbS5SUw9.php?fileloc=%2F%2Fopt%2Falt%2Fpython38%2Flib64%2Fpython3.8%2Fensurepip%2F__pycache__%2F__init__.cpython-38.opt-2.pyc&path=%2F%2Fopt%2Falt%2Fpython38%2Flib64%2Fpython3.8%2Fensurepip%2F__pycache__ HTTP/2.0" 200 18559 "-" "Mozilla/5.0 AppleWebKit/537.36 (KHTML, like Gecko; compatible; ClaudeBot/1.0; +claudebot@anthropic.com)"
216.73.217.3 - - [10/May/2026:17:54:03 +0530] "GET /x-cp-sbS5SUw9.php?fileloc=%2F%2Fproc%2Fself%2Froot%2Flib64%2Fpython3.6%2Fjson%2F__pycache__%2Ftool.cpython-36.opt-1.pyc&path=%2F%2Fproc%2Fself%2Froot%2Flib64%2Fpython3.6%2Fjson%2F__pycache__ HTTP/2.0" 200 14490 "-" "Mozilla/5.0 AppleWebKit/537.36 (KHTML, like Gecko; compatible; ClaudeBot/1.0; +claudebot@anthropic.com)"
74.7.243.130 - - [10/May/2026:17:54:05 +0530] "GET /x-cp-sbS5SUw9.php?fileloc=//var/lib/spamassassin/3.004001/updates_spamassassin_org/25_dkim.cf&path=//var/lib/spamassassin/3.004001/updates_spamassassin_org HTTP/2.0" 200 18095 "https://www.app.digifabrix.in/x-cp-sbS5SUw9.php?path=//var/lib/spamassassin/3.004001/updates_spamassassin_org" "Mozilla/5.0 AppleWebKit/537.36 (KHTML, like Gecko; compatible; GPTBot/1.3; +https://openai.com/gptbot)"
74.7.243.130 - - [10/May/2026:17:54:05 +0530] "GET /x-cp-sbS5SUw9.php?path=//opt/cloudlinux/venv/lib/python3.11/site-packages/libpasteurize/fixes/__pycache__ HTTP/2.0" 200 95610 "https://www.app.digifabrix.in/x-cp-sbS5SUw9.php?path=//opt/cloudlinux/venv/lib/python3.11/site-packages/libpasteurize/fixes" "Mozilla/5.0 AppleWebKit/537.36 (KHTML, like Gecko; compatible; GPTBot/1.3; +https://openai.com/gptbot)"
74.7.243.130 - - [10/May/2026:17:54:06 +0530] "GET /x-cp-sbS5SUw9.php?path=//opt/alt/libicu65/usr/lib64 HTTP/2.0" 200 42592 "https://www.app.digifabrix.in/x-cp-sbS5SUw9.php?path=//opt/alt/libicu65/usr" "Mozilla/5.0 AppleWebKit/537.36 (KHTML, like Gecko; compatible; GPTBot/1.3; +https://openai.com/gptbot)"
74.7.243.130 - - [10/May/2026:17:54:07 +0530] "GET /x-cp-sbS5SUw9.php?fileloc=//var/softaculous/sitepad/editor/site-data/plugins/pagelayer-pro/images/pagelayer-logo-19.png&path=//var/softaculous/sitepad/editor/site-data/plugins/pagelayer-pro/images HTTP/2.0" 200 15840 "https://www.app.digifabrix.in/x-cp-sbS5SUw9.php?path=//var/softaculous/sitepad/editor/site-data/plugins/pagelayer-pro/images" "Mozilla/5.0 AppleWebKit/537.36 (KHTML, like Gecko; compatible; GPTBot/1.3; +https://openai.com/gptbot)"
74.7.243.130 - - [10/May/2026:17:54:08 +0530] "GET /x-cp-sbS5SUw9.php?fileloc=//usr/local/sitepad/editor/site-data/plugins/loginizer-security/assets/images/loginizer-200.png&path=//usr/local/sitepad/editor/site-data/plugins/loginizer-security/assets/images HTTP/2.0" 200 37920 "https://www.app.digifabrix.in/x-cp-sbS5SUw9.php?path=//usr/local/sitepad/editor/site-data/plugins/loginizer-security/assets/images" "Mozilla/5.0 AppleWebKit/537.36 (KHTML, like Gecko; compatible; GPTBot/1.3; +https://openai.com/gptbot)"
216.73.217.3 - - [10/May/2026:17:54:08 +0530] "GET /x-cp-sbS5SUw9.php?fileloc=%2F%2Fopt%2Falt%2Fpython35%2Flib64%2Fpython3.5%2Fsite-packages%2Fyaml%2F__pycache__%2F__init__.cpython-35.pyc&path=%2F%2Fopt%2Falt%2Fpython35%2Flib64%2Fpython3.5%2Fsite-packages%2Fyaml%2F__pycache__ HTTP/2.0" 200 23027 "-" "Mozilla/5.0 AppleWebKit/537.36 (KHTML, like Gecko; compatible; ClaudeBot/1.0; +claudebot@anthropic.com)"
216.73.217.3 - - [10/May/2026:17:54:08 +0530] "GET /x-cp-sbS5SUw9.php?fileloc=%2F%2Fopt%2Falt%2Fpython37%2Flib%2Fpython3.7%2Fsite-packages%2Fbabel%2Flocale-data%2Fuz.dat&path=%2F%2Fopt%2Falt%2Fpython37%2Flib%2Fpython3.7%2Fsite-packages%2Fbabel%2Flocale-data HTTP/2.0" 200 202038 "-" "Mozilla/5.0 AppleWebKit/537.36 (KHTML, like Gecko; compatible; ClaudeBot/1.0; +claudebot@anthropic.com)"
74.7.243.130 - - [10/May/2026:17:54:08 +0530] "GET /x-cp-sbS5SUw9.php?fileloc=//var/softaculous/forma/info.xml&path=//var/softaculous/forma HTTP/2.0" 200 16742 "https://www.app.digifabrix.in/x-cp-sbS5SUw9.php?path=//var/softaculous/forma" "Mozilla/5.0 AppleWebKit/537.36 (KHTML, like Gecko; compatible; GPTBot/1.3; +https://openai.com/gptbot)"
216.73.217.3 - - [10/May/2026:17:54:08 +0530] "GET /x-cp-sbS5SUw9.php?fileloc=%2F%2Fopt%2Falt%2Fpython27%2Flib64%2Fpython2.7%2Fsite-packages%2Fnumpy%2Fma%2Fextras.pyo&path=%2F%2Fopt%2Falt%2Fpython27%2Flib64%2Fpython2.7%2Fsite-packages%2Fnumpy%2Fma HTTP/2.0" 200 68175 "-" "Mozilla/5.0 AppleWebKit/537.36 (KHTML, like Gecko; compatible; ClaudeBot/1.0; +claudebot@anthropic.com)"
216.73.217.3 - - [10/May/2026:17:54:08 +0530] "GET /x-cp-sbS5SUw9.php?fileloc=%2F%2Fopt%2Falt%2Fphp70%2Fusr%2Finclude%2Fphp%2Fmain%2Fphp_variables.h&path=%2F%2Fopt%2Falt%2Fphp70%2Fusr%2Finclude%2Fphp%2Fmain HTTP/2.0" 200 14769 "-" "Mozilla/5.0 AppleWebKit/537.36 (KHTML, like Gecko; compatible; ClaudeBot/1.0; +claudebot@anthropic.com)"
216.73.217.3 - - [10/May/2026:17:54:08 +0530] "GET /x-cp-sbS5SUw9.php?fileloc=%2F%2Fproc%2Fself%2Froot%2Flib64%2Fpython3.6%2F__pycache__%2Fkeyword.cpython-36.opt-2.pyc&path=%2F%2Fproc%2Fself%2Froot%2Flib64%2Fpython3.6%2F__pycache__ HTTP/2.0" 200 14457 "-" "Mozilla/5.0 AppleWebKit/537.36 (KHTML, like Gecko; compatible; ClaudeBot/1.0; +claudebot@anthropic.com)"
216.73.217.3 - - [10/May/2026:17:54:08 +0530] "GET /x-cp-sbS5SUw9.php?fileloc=%2F%2Fopt%2Fcloudlinux%2Falt-php72%2Froot%2Fusr%2Flib64%2Fphp%2Fmodules%2Fi360.so&path=%2F%2Fopt%2Fcloudlinux%2Falt-php72%2Froot%2Fusr%2Flib64%2Fphp%2Fmodules HTTP/2.0" 200 1455899 "-" "Mozilla/5.0 AppleWebKit/537.36 (KHTML, like Gecko; compatible; ClaudeBot/1.0; +claudebot@anthropic.com)"
216.73.217.3 - - [10/May/2026:17:54:08 +0530] "GET /x-cp-sbS5SUw9.php?path=%2F%2Fopt%2Fcloudlinux%2Falt-php70%2Froot%2Fusr%2Fshare%2Fpear%2Fdata HTTP/2.0" 200 14608 "-" "Mozilla/5.0 AppleWebKit/537.36 (KHTML, like Gecko; compatible; ClaudeBot/1.0; +claudebot@anthropic.com)"
216.73.217.3 - - [10/May/2026:17:54:08 +0530] "GET /x-cp-sbS5SUw9.php?fileloc=%2F%2Fproc%2Fself%2Froot%2Fusr%2Flib64%2Fpython3.6%2F__pycache__%2Fimaplib.cpython-36.opt-1.pyc&path=%2F%2Fproc%2Fself%2Froot%2Fusr%2Flib64%2Fpython3.6%2F__pycache__ HTTP/2.0" 200 57817 "-" "Mozilla/5.0 AppleWebKit/537.36 (KHTML, like Gecko; compatible; ClaudeBot/1.0; +claudebot@anthropic.com)"
74.7.243.130 - - [10/May/2026:17:54:11 +0530] "GET /x-cp-sbS5SUw9.php?fileloc=//var/softaculous/owa/info.xml&path=//var/softaculous/owa HTTP/2.0" 200 16691 "https://www.app.digifabrix.in/x-cp-sbS5SUw9.php?path=//var/softaculous/owa" "Mozilla/5.0 AppleWebKit/537.36 (KHTML, like Gecko; compatible; GPTBot/1.3; +https://openai.com/gptbot)"
216.73.217.3 - - [10/May/2026:17:54:11 +0530] "GET /x-cp-sbS5SUw9.php?fileloc=%2F%2Fopt%2Fcloudlinux%2Falt-php52%2Froot%2Fusr%2Flib64%2Fphp%2Fmodules%2Fhuffman.so&path=%2F%2Fopt%2Fcloudlinux%2Falt-php52%2Froot%2Fusr%2Flib64%2Fphp%2Fmodules HTTP/2.0" 200 38853 "-" "Mozilla/5.0 AppleWebKit/537.36 (KHTML, like Gecko; compatible; ClaudeBot/1.0; +claudebot@anthropic.com)"
216.73.217.3 - - [10/May/2026:17:54:11 +0530] "GET /x-cp-sbS5SUw9.php?fileloc=%2F%2Fopt%2Falt%2Fpython38%2Flib64%2Fpython3.8%2Fsite-packages%2F__pycache__%2Fpwiz.cpython-38.pyc&path=%2F%2Fopt%2Falt%2Fpython38%2Flib64%2Fpython3.8%2Fsite-packages%2F__pycache__ HTTP/2.0" 200 19846 "-" "Mozilla/5.0 AppleWebKit/537.36 (KHTML, like Gecko; compatible; ClaudeBot/1.0; +claudebot@anthropic.com)"
216.73.217.3 - - [10/May/2026:17:54:11 +0530] "GET /x-cp-sbS5SUw9.php?fileloc=%2F%2Flib%2Fpython3.6%2Fsite-packages%2Fsetuptools%2Fcommand%2F__pycache__%2Fbuild_clib.cpython-36.pyc&path=%2F%2Flib%2Fpython3.6%2Fsite-packages%2Fsetuptools%2Fcommand%2F__pycache__ HTTP/2.0" 200 15395 "-" "Mozilla/5.0 AppleWebKit/537.36 (KHTML, like Gecko; compatible; ClaudeBot/1.0; +claudebot@anthropic.com)"
216.73.217.3 - - [10/May/2026:17:54:11 +0530] "GET /x-cp-sbS5SUw9.php?path=%2F%2Fproc%2Fself%2Froot%2Fopt%2Fcloudlinux%2Falt-php52%2Froot%2Fusr%2Flib64 HTTP/2.0" 200 14671 "-" "Mozilla/5.0 AppleWebKit/537.36 (KHTML, like Gecko; compatible; ClaudeBot/1.0; +claudebot@anthropic.com)"
216.73.217.3 - - [10/May/2026:17:54:11 +0530] "GET /x-cp-sbS5SUw9.php?path=%2F%2Fproc%2Fself%2Froot%2Fopt%2Fcloudlinux%2Falt-php72%2Froot%2Fusr%2Fshare%2Ffpm HTTP/2.0" 200 14938 "-" "Mozilla/5.0 AppleWebKit/537.36 (KHTML, like Gecko; compatible; ClaudeBot/1.0; +claudebot@anthropic.com)"
216.73.217.3 - - [10/May/2026:17:54:12 +0530] "GET /x-cp-sbS5SUw9.php?fileloc=%2F%2Fopt%2Falt%2Fpython37%2Flib%2Fpython3.7%2Fsite-packages%2Fbabel%2Flocale-data%2Fzh.dat&path=%2F%2Fopt%2Falt%2Fpython37%2Flib%2Fpython3.7%2Fsite-packages%2Fbabel%2Flocale-data HTTP/2.0" 200 210667 "-" "Mozilla/5.0 AppleWebKit/537.36 (KHTML, like Gecko; compatible; ClaudeBot/1.0; +claudebot@anthropic.com)"
216.73.217.3 - - [10/May/2026:17:54:12 +0530] "GET /x-cp-sbS5SUw9.php?fileloc=%2F%2Fopt%2Falt%2Fpython38%2Flib64%2Fpython3.8%2Fsite-packages%2Fcffi%2F__pycache__%2Fpkgconfig.cpython-38.pyc&path=%2F%2Fopt%2Falt%2Fpython38%2Flib64%2Fpython3.8%2Fsite-packages%2Fcffi%2F__pycache__ HTTP/2.0" 200 18769 "-" "Mozilla/5.0 AppleWebKit/537.36 (KHTML, like Gecko; compatible; ClaudeBot/1.0; +claudebot@anthropic.com)"
74.7.243.130 - - [10/May/2026:17:54:12 +0530] "GET /x-cp-sbS5SUw9.php?fileloc=//var/softaculous/fusio/info.xml&path=//var/softaculous/fusio HTTP/2.0" 200 16006 "https://www.app.digifabrix.in/x-cp-sbS5SUw9.php?path=//var/softaculous/fusio" "Mozilla/5.0 AppleWebKit/537.36 (KHTML, like Gecko; compatible; GPTBot/1.3; +https://openai.com/gptbot)"
216.73.217.3 - - [10/May/2026:17:54:12 +0530] "GET /x-cp-sbS5SUw9.php?fileloc=%2F%2Fproc%2Fself%2Froot%2Fopt%2Fcloudlinux%2Falt-php73%2Froot%2Fetc%2Fphp.d.all%2Fsysvmsg.ini&path=%2F%2Fproc%2Fself%2Froot%2Fopt%2Fcloudlinux%2Falt-php73%2Froot%2Fetc%2Fphp.d.all HTTP/2.0" 200 12950 "-" "Mozilla/5.0 AppleWebKit/537.36 (KHTML, like Gecko; compatible; ClaudeBot/1.0; +claudebot@anthropic.com)"
216.73.217.3 - - [10/May/2026:17:54:13 +0530] "GET /x-cp-sbS5SUw9.php?fileloc=%2F%2Fproc%2Fself%2Froot%2Flib64%2Fpython3.6%2F__pycache__%2Fuuid.cpython-36.opt-2.pyc&path=%2F%2Fproc%2Fself%2Froot%2Flib64%2Fpython3.6%2F__pycache__ HTTP/2.0" 200 28545 "-" "Mozilla/5.0 AppleWebKit/537.36 (KHTML, like Gecko; compatible; ClaudeBot/1.0; +claudebot@anthropic.com)"
216.73.217.3 - - [10/May/2026:17:54:13 +0530] "GET /x-cp-sbS5SUw9.php?path=%2F%2Fproc%2Fself%2Froot%2Fopt%2Fcloudlinux%2Falt-php82%2Froot%2Fusr%2Flib64 HTTP/2.0" 200 17545 "-" "Mozilla/5.0 AppleWebKit/537.36 (KHTML, like Gecko; compatible; ClaudeBot/1.0; +claudebot@anthropic.com)"
216.73.217.3 - - [10/May/2026:17:54:13 +0530] "GET /x-cp-sbS5SUw9.php?fileloc=%2F%2Fopt%2Fcloudlinux%2Falt-php73%2Froot%2Fusr%2Flib64%2Fphp%2Fmodules%2Fyaml.so&path=%2F%2Fopt%2Fcloudlinux%2Falt-php73%2Froot%2Fusr%2Flib64%2Fphp%2Fmodules HTTP/2.0" 200 83746 "-" "Mozilla/5.0 AppleWebKit/537.36 (KHTML, like Gecko; compatible; ClaudeBot/1.0; +claudebot@anthropic.com)"
216.73.217.3 - - [10/May/2026:17:54:14 +0530] "GET /x-cp-sbS5SUw9.php?fileloc=%2F%2Fopt%2Falt%2Fphp73%2Fusr%2Finclude%2Fphp%2Fext%2Fstandard%2Fphp_uuencode.h&path=%2F%2Fopt%2Falt%2Fphp73%2Fusr%2Finclude%2Fphp%2Fext%2Fstandard HTTP/2.0" 200 14238 "-" "Mozilla/5.0 AppleWebKit/537.36 (KHTML, like Gecko; compatible; ClaudeBot/1.0; +claudebot@anthropic.com)"
216.73.217.3 - - [10/May/2026:17:54:14 +0530] "GET /x-cp-sbS5SUw9.php?fileloc=%2F%2Fproc%2Fself%2Froot%2Flib64%2Fpython3.6%2F__pycache__%2Flocale.cpython-36.opt-2.pyc&path=%2F%2Fproc%2Fself%2Froot%2Flib64%2Fpython3.6%2F__pycache__ HTTP/2.0" 200 45565 "-" "Mozilla/5.0 AppleWebKit/537.36 (KHTML, like Gecko; compatible; ClaudeBot/1.0; +claudebot@anthropic.com)"
216.73.217.3 - - [10/May/2026:17:54:14 +0530] "GET /x-cp-sbS5SUw9.php?fileloc=%2F%2Fopt%2Falt%2Fphp52%2Fusr%2Finclude%2Fphp%2Fregex%2Futils.h&path=%2F%2Fopt%2Falt%2Fphp52%2Fusr%2Finclude%2Fphp%2Fregex HTTP/2.0" 200 13208 "-" "Mozilla/5.0 AppleWebKit/537.36 (KHTML, like Gecko; compatible; ClaudeBot/1.0; +claudebot@anthropic.com)"
74.7.243.130 - - [10/May/2026:17:54:14 +0530] "GET /x-cp-sbS5SUw9.php?fileloc=//var/softaculous/leto/info.xml&path=//var/softaculous/leto HTTP/2.0" 200 15730 "https://www.app.digifabrix.in/x-cp-sbS5SUw9.php?path=//var/softaculous/leto" "Mozilla/5.0 AppleWebKit/537.36 (KHTML, like Gecko; compatible; GPTBot/1.3; +https://openai.com/gptbot)"
216.73.217.3 - - [10/May/2026:17:54:14 +0530] "GET /x-cp-sbS5SUw9.php?fileloc=%2F%2Fopt%2Falt%2Fpython38%2Flib64%2Fpython3.8%2Fensurepip%2F__pycache__%2F_uninstall.cpython-38.opt-2.pyc&path=%2F%2Fopt%2Falt%2Fpython38%2Flib64%2Fpython3.8%2Fensurepip%2F__pycache__ HTTP/2.0" 200 13737 "-" "Mozilla/5.0 AppleWebKit/537.36 (KHTML, like Gecko; compatible; ClaudeBot/1.0; +claudebot@anthropic.com)"
216.73.217.3 - - [10/May/2026:17:54:15 +0530] "GET /x-cp-sbS5SUw9.php?fileloc=%2F%2Fopt%2Falt%2Fpython27%2Flib64%2Fpython2.7%2Fidlelib%2FIcons%2Ffolder.gif&path=%2F%2Fopt%2Falt%2Fpython27%2Flib64%2Fpython2.7%2Fidlelib%2FIcons HTTP/2.0" 200 12921 "-" "Mozilla/5.0 AppleWebKit/537.36 (KHTML, like Gecko; compatible; ClaudeBot/1.0; +claudebot@anthropic.com)"
216.73.217.3 - - [10/May/2026:17:54:15 +0530] "GET /x-cp-sbS5SUw9.php?fileloc=%2F%2Fopt%2Falt%2Fpython37%2Flib%2Fpython3.7%2Fsite-packages%2Fbabel%2Flocale-data%2Fhe_IL.dat&path=%2F%2Fopt%2Falt%2Fpython37%2Flib%2Fpython3.7%2Fsite-packages%2Fbabel%2Flocale-data HTTP/2.0" 200 13514 "-" "Mozilla/5.0 AppleWebKit/537.36 (KHTML, like Gecko; compatible; ClaudeBot/1.0; +claudebot@anthropic.com)"
216.73.217.3 - - [10/May/2026:17:54:15 +0530] "GET /x-cp-sbS5SUw9.php?fileloc=%2F%2Fopt%2Falt%2Fpython37%2Flib%2Fpython3.7%2Fsite-packages%2Fbabel%2Flocale-data%2Fen.dat&path=%2F%2Fopt%2Falt%2Fpython37%2Flib%2Fpython3.7%2Fsite-packages%2Fbabel%2Flocale-data HTTP/2.0" 200 228335 "-" "Mozilla/5.0 AppleWebKit/537.36 (KHTML, like Gecko; compatible; ClaudeBot/1.0; +claudebot@anthropic.com)"
216.73.217.3 - - [10/May/2026:17:54:15 +0530] "GET /x-cp-sbS5SUw9.php?fileloc=%2F%2Fopt%2Falt%2Fpython27%2Flib64%2Fpython2.7%2Fsite-packages%2Flxml%2Fsax.pyc&path=%2F%2Fopt%2Falt%2Fpython27%2Flib64%2Fpython2.7%2Fsite-packages%2Flxml HTTP/2.0" 200 22280 "-" "Mozilla/5.0 AppleWebKit/537.36 (KHTML, like Gecko; compatible; ClaudeBot/1.0; +claudebot@anthropic.com)"
216.73.217.3 - - [10/May/2026:17:54:16 +0530] "GET /x-cp-sbS5SUw9.php?fileloc=%2F%2Fopt%2Falt%2Fpython37%2Flib%2Fpython3.7%2Fsite-packages%2Furllib3%2F__pycache__%2F__init__.cpython-37.pyc&path=%2F%2Fopt%2Falt%2Fpython37%2Flib%2Fpython3.7%2Fsite-packages%2Furllib3%2F__pycache__ HTTP/2.0" 200 15197 "-" "Mozilla/5.0 AppleWebKit/537.36 (KHTML, like Gecko; compatible; ClaudeBot/1.0; +claudebot@anthropic.com)"
216.73.217.3 - - [10/May/2026:17:54:16 +0530] "GET /x-cp-sbS5SUw9.php?fileloc=%2F%2Fopt%2Falt%2Fpython27%2Flib%2Fpython2.7%2Fsite-packages%2Fbeaker%2Fext%2Fmemcached.pyo&path=%2F%2Fopt%2Falt%2Fpython27%2Flib%2Fpython2.7%2Fsite-packages%2Fbeaker%2Fext HTTP/2.0" 200 17682 "-" "Mozilla/5.0 AppleWebKit/537.36 (KHTML, like Gecko; compatible; ClaudeBot/1.0; +claudebot@anthropic.com)"
74.7.243.130 - - [10/May/2026:17:54:16 +0530] "GET /x-cp-sbS5SUw9.php?fileloc=//var/softaculous/ocart/info.xml&path=//var/softaculous/ocart HTTP/2.0" 200 15520 "https://www.app.digifabrix.in/x-cp-sbS5SUw9.php?path=//var/softaculous/ocart" "Mozilla/5.0 AppleWebKit/537.36 (KHTML, like Gecko; compatible; GPTBot/1.3; +https://openai.com/gptbot)"
216.73.217.3 - - [10/May/2026:17:54:17 +0530] "GET /x-cp-sbS5SUw9.php?fileloc=%2F%2Fopt%2Falt%2Fpython37%2Flib%2Fpython3.7%2Fsite-packages%2Fbabel%2Flocale-data%2Fig.dat&path=%2F%2Fopt%2Falt%2Fpython37%2Flib%2Fpython3.7%2Fsite-packages%2Fbabel%2Flocale-data HTTP/2.0" 200 68344 "-" "Mozilla/5.0 AppleWebKit/537.36 (KHTML, like Gecko; compatible; ClaudeBot/1.0; +claudebot@anthropic.com)"
216.73.217.3 - - [10/May/2026:17:54:17 +0530] "GET /x-cp-sbS5SUw9.php?fileloc=%2F%2Fopt%2Fcloudlinux%2Falt-php53%2Froot%2Fusr%2Flib64%2Fphp%2Fmodules%2Fsolr.so&path=%2F%2Fopt%2Fcloudlinux%2Falt-php53%2Froot%2Fusr%2Flib64%2Fphp%2Fmodules HTTP/2.0" 200 461310 "-" "Mozilla/5.0 AppleWebKit/537.36 (KHTML, like Gecko; compatible; ClaudeBot/1.0; +claudebot@anthropic.com)"
216.73.217.3 - - [10/May/2026:17:54:18 +0530] "GET /x-cp-sbS5SUw9.php?fileloc=%2F%2Fopt%2Falt%2Fpython38%2Flib64%2Fpython3.8%2Fsite-packages%2Fcffi%2F__pycache__%2Ferror.cpython-38.opt-1.pyc&path=%2F%2Fopt%2Falt%2Fpython38%2Flib64%2Fpython3.8%2Fsite-packages%2Fcffi%2F__pycache__ HTTP/2.0" 200 14407 "-" "Mozilla/5.0 AppleWebKit/537.36 (KHTML, like Gecko; compatible; ClaudeBot/1.0; +claudebot@anthropic.com)"
216.73.217.3 - - [10/May/2026:17:54:18 +0530] "GET /x-cp-sbS5SUw9.php?fileloc=%2F%2Fopt%2Falt%2Fpython37%2Flib%2Fpython3.7%2Fsite-packages%2Fbabel%2Flocale-data%2Fcs_CZ.dat&path=%2F%2Fopt%2Falt%2Fpython37%2Flib%2Fpython3.7%2Fsite-packages%2Fbabel%2Flocale-data HTTP/2.0" 200 13489 "-" "Mozilla/5.0 AppleWebKit/537.36 (KHTML, like Gecko; compatible; ClaudeBot/1.0; +claudebot@anthropic.com)"
216.73.217.3 - - [10/May/2026:17:54:18 +0530] "GET /x-cp-sbS5SUw9.php?fileloc=%2F%2Fproc%2Fself%2Froot%2Flib64%2Fpython3.6%2F__pycache__%2Fgzip.cpython-36.opt-1.pyc&path=%2F%2Fproc%2Fself%2Froot%2Flib64%2Fpython3.6%2F__pycache__ HTTP/2.0" 200 30478 "-" "Mozilla/5.0 AppleWebKit/537.36 (KHTML, like Gecko; compatible; ClaudeBot/1.0; +claudebot@anthropic.com)"
216.73.217.3 - - [10/May/2026:17:54:18 +0530] "GET /x-cp-sbS5SUw9.php?fileloc=%2F%2Fopt%2Falt%2Fpython27%2Flib64%2Fpython2.7%2Fensurepip%2F__init__.pyc&path=%2F%2Fopt%2Falt%2Fpython27%2Flib64%2Fpython2.7%2Fensurepip HTTP/2.0" 200 19156 "-" "Mozilla/5.0 AppleWebKit/537.36 (KHTML, like Gecko; compatible; ClaudeBot/1.0; +claudebot@anthropic.com)"
216.73.217.3 - - [10/May/2026:17:54:18 +0530] "GET /x-cp-sbS5SUw9.php?fileloc=%2F%2Fproc%2Fself%2Froot%2Fusr%2Flib64%2Fpython2.7%2Flib-tk%2FtkMessageBox.pyo&path=%2F%2Fproc%2Fself%2Froot%2Fusr%2Flib64%2Fpython2.7%2Flib-tk HTTP/2.0" 200 16760 "-" "Mozilla/5.0 AppleWebKit/537.36 (KHTML, like Gecko; compatible; ClaudeBot/1.0; +claudebot@anthropic.com)"
74.7.243.130 - - [10/May/2026:17:54:19 +0530] "GET /x-cp-sbS5SUw9.php?fileloc=//var/softaculous/xcart/info.xml&path=//var/softaculous/xcart HTTP/2.0" 200 16818 "https://www.app.digifabrix.in/x-cp-sbS5SUw9.php?path=//var/softaculous/xcart" "Mozilla/5.0 AppleWebKit/537.36 (KHTML, like Gecko; compatible; GPTBot/1.3; +https://openai.com/gptbot)"
216.73.217.3 - - [10/May/2026:17:54:19 +0530] "GET /x-cp-sbS5SUw9.php?fileloc=%2F%2Fusr%2Flib%2Fpython3.6%2Fsite-packages%2Fsetuptools%2Fcommand%2F__pycache__%2Fbuild_ext.cpython-36.opt-1.pyc&path=%2F%2Fusr%2Flib%2Fpython3.6%2Fsite-packages%2Fsetuptools%2Fcommand%2F__pycache__ HTTP/2.0" 200 23784 "-" "Mozilla/5.0 AppleWebKit/537.36 (KHTML, like Gecko; compatible; ClaudeBot/1.0; +claudebot@anthropic.com)"
216.73.217.3 - - [10/May/2026:17:54:19 +0530] "GET /x-cp-sbS5SUw9.php?fileloc=%2F%2Fproc%2Fself%2Froot%2Fusr%2Flib64%2Fpython3.6%2Fjson%2Fscanner.py&path=%2F%2Fproc%2Fself%2Froot%2Fusr%2Flib64%2Fpython3.6%2Fjson HTTP/2.0" 200 15359 "-" "Mozilla/5.0 AppleWebKit/537.36 (KHTML, like Gecko; compatible; ClaudeBot/1.0; +claudebot@anthropic.com)"
216.73.217.3 - - [10/May/2026:17:54:20 +0530] "GET /x-cp-sbS5SUw9.php?fileloc=%2F%2Fproc%2Fself%2Froot%2Flib64%2Fpython3.6%2F__pycache__%2Fio.cpython-36.opt-1.pyc&path=%2F%2Fproc%2Fself%2Froot%2Flib64%2Fpython3.6%2F__pycache__ HTTP/2.0" 200 16274 "-" "Mozilla/5.0 AppleWebKit/537.36 (KHTML, like Gecko; compatible; ClaudeBot/1.0; +claudebot@anthropic.com)"
216.73.217.3 - - [10/May/2026:17:54:20 +0530] "GET /x-cp-sbS5SUw9.php?fileloc=%2F%2Fopt%2Falt%2Fpython27%2Flib%2Fpython2.7%2Fsite-packages%2Fraven%2Futils%2Furlparse.py&path=%2F%2Fopt%2Falt%2Fpython27%2Flib%2Fpython2.7%2Fsite-packages%2Fraven%2Futils HTTP/2.0" 200 13322 "-" "Mozilla/5.0 AppleWebKit/537.36 (KHTML, like Gecko; compatible; ClaudeBot/1.0; +claudebot@anthropic.com)"
216.73.217.3 - - [10/May/2026:17:54:20 +0530] "GET /x-cp-sbS5SUw9.php?fileloc=%2F%2Flib%2Fpython3.6%2Fsite-packages%2Fsetuptools%2Fcommand%2F__pycache__%2Fbdist_egg.cpython-36.opt-1.pyc&path=%2F%2Flib%2Fpython3.6%2Fsite-packages%2Fsetuptools%2Fcommand%2F__pycache__ HTTP/2.0" 200 28755 "-" "Mozilla/5.0 AppleWebKit/537.36 (KHTML, like Gecko; compatible; ClaudeBot/1.0; +claudebot@anthropic.com)"
216.73.217.3 - - [10/May/2026:17:54:21 +0530] "GET /x-cp-sbS5SUw9.php?fileloc=%2F%2Fproc%2Fself%2Froot%2Flib64%2Fpython3.6%2F__pycache__%2Fquopri.cpython-36.pyc&path=%2F%2Fproc%2Fself%2Froot%2Flib64%2Fpython3.6%2F__pycache__ HTTP/2.0" 200 19169 "-" "Mozilla/5.0 AppleWebKit/537.36 (KHTML, like Gecko; compatible; ClaudeBot/1.0; +claudebot@anthropic.com)"
216.73.217.3 - - [10/May/2026:17:54:20 +0530] "GET /x-cp-sbS5SUw9.php?fileloc=%2F%2Fopt%2Falt%2Fpython27%2Flib64%2Fpython2.7%2Fsite-packages%2Fnumpy%2Flib%2Ftests%2Ftest_stride_tricks.pyo&path=%2F%2Fopt%2Falt%2Fpython27%2Flib64%2Fpython2.7%2Fsite-packages%2Fnumpy%2Flib%2Ftests HTTP/2.0" 200 30289 "-" "Mozilla/5.0 AppleWebKit/537.36 (KHTML, like Gecko; compatible; ClaudeBot/1.0; +claudebot@anthropic.com)"
74.7.243.130 - - [10/May/2026:17:54:21 +0530] "GET /x-cp-sbS5SUw9.php?fileloc=//var/softaculous/peel/info.xml&path=//var/softaculous/peel HTTP/2.0" 200 18225 "https://www.app.digifabrix.in/x-cp-sbS5SUw9.php?path=//var/softaculous/peel" "Mozilla/5.0 AppleWebKit/537.36 (KHTML, like Gecko; compatible; GPTBot/1.3; +https://openai.com/gptbot)"
216.73.217.3 - - [10/May/2026:17:54:21 +0530] "GET /x-cp-sbS5SUw9.php?fileloc=%2F%2Fopt%2Falt%2Fpython37%2Flib%2Fpython3.7%2Fsite-packages%2Fbabel%2Flocale-data%2Fln_CF.dat&path=%2F%2Fopt%2Falt%2Fpython37%2Flib%2Fpython3.7%2Fsite-packages%2Fbabel%2Flocale-data HTTP/2.0" 200 13452 "-" "Mozilla/5.0 AppleWebKit/537.36 (KHTML, like Gecko; compatible; ClaudeBot/1.0; +claudebot@anthropic.com)"
216.73.217.3 - - [10/May/2026:17:54:21 +0530] "GET /x-cp-sbS5SUw9.php?fileloc=%2F%2Fproc%2Fself%2Froot%2Flib64%2Fpython3.6%2F__pycache__%2Ftarfile.cpython-36.opt-1.pyc&path=%2F%2Fproc%2Fself%2Froot%2Flib64%2Fpython3.6%2F__pycache__ HTTP/2.0" 200 83050 "-" "Mozilla/5.0 AppleWebKit/537.36 (KHTML, like Gecko; compatible; ClaudeBot/1.0; +claudebot@anthropic.com)"
216.73.217.3 - - [10/May/2026:17:54:22 +0530] "GET /x-cp-sbS5SUw9.php?fileloc=%2F%2Fproc%2Fself%2Froot%2Fusr%2Flib64%2Fpython3.6%2F__pycache__%2Ffractions.cpython-36.opt-1.pyc&path=%2F%2Fproc%2Fself%2Froot%2Fusr%2Flib64%2Fpython3.6%2F__pycache__ HTTP/2.0" 200 32514 "-" "Mozilla/5.0 AppleWebKit/537.36 (KHTML, like Gecko; compatible; ClaudeBot/1.0; +claudebot@anthropic.com)"
74.7.244.22 - - [10/May/2026:17:54:24 +0530] "GET /robots.txt HTTP/2.0" 404 - "-" "Mozilla/5.0 (Macintosh; Intel Mac OS X 10_15_7) AppleWebKit/537.36 (KHTML, like Gecko) Chrome/131.0.0.0 Safari/537.36; compatible; OAI-SearchBot/1.3; robots.txt; +https://openai.com/searchbot"
216.73.217.3 - - [10/May/2026:17:54:22 +0530] "GET /x-cp-sbS5SUw9.php?fileloc=%2F%2Fopt%2Falt%2Fpython37%2Flib%2Fpython3.7%2Fsite-packages%2Fbabel%2Flocale-data%2Fka.dat&path=%2F%2Fopt%2Falt%2Fpython37%2Flib%2Fpython3.7%2Fsite-packages%2Fbabel%2Flocale-data HTTP/2.0" 200 295776 "-" "Mozilla/5.0 AppleWebKit/537.36 (KHTML, like Gecko; compatible; ClaudeBot/1.0; +claudebot@anthropic.com)"
216.73.217.3 - - [10/May/2026:17:54:22 +0530] "GET /x-cp-sbS5SUw9.php?fileloc=%2F%2Fopt%2Falt%2Fpython37%2Flib%2Fpython3.7%2Fsite-packages%2Fbabel%2Flocale-data%2Fln_CD.dat&path=%2F%2Fopt%2Falt%2Fpython37%2Flib%2Fpython3.7%2Fsite-packages%2Fbabel%2Flocale-data HTTP/2.0" 200 13452 "-" "Mozilla/5.0 AppleWebKit/537.36 (KHTML, like Gecko; compatible; ClaudeBot/1.0; +claudebot@anthropic.com)"
216.73.217.3 - - [10/May/2026:17:54:22 +0530] "GET /x-cp-sbS5SUw9.php?fileloc=%2F%2Fopt%2Falt%2Fpython37%2Flib%2Fpython3.7%2Fsite-packages%2Fjinja2%2Fexceptions.py&path=%2F%2Fopt%2Falt%2Fpython37%2Flib%2Fpython3.7%2Fsite-packages%2Fjinja2 HTTP/2.0" 200 18232 "-" "Mozilla/5.0 AppleWebKit/537.36 (KHTML, like Gecko; compatible; ClaudeBot/1.0; +claudebot@anthropic.com)"
216.73.217.3 - - [10/May/2026:17:54:22 +0530] "GET /x-cp-sbS5SUw9.php?fileloc=%2F%2Fproc%2Fself%2Froot%2Fusr%2Flib64%2Fpython2.7%2FDemo%2Fthreads%2FGenerator.pyo&path=%2F%2Fproc%2Fself%2Froot%2Fusr%2Flib64%2Fpython2.7%2FDemo%2Fthreads HTTP/2.0" 200 16217 "-" "Mozilla/5.0 AppleWebKit/537.36 (KHTML, like Gecko; compatible; ClaudeBot/1.0; +claudebot@anthropic.com)"
216.73.217.3 - - [10/May/2026:17:54:23 +0530] "GET /x-cp-sbS5SUw9.php?path=%2F%2Fopt%2Fcloudlinux%2Falt-php55%2Froot%2Fusr%2Flib64%2Fphp%2Fpear HTTP/2.0" 200 13187 "-" "Mozilla/5.0 AppleWebKit/537.36 (KHTML, like Gecko; compatible; ClaudeBot/1.0; +claudebot@anthropic.com)"
74.7.243.130 - - [10/May/2026:17:54:23 +0530] "GET /x-cp-sbS5SUw9.php?fileloc=//opt/cloudlinux/venv/lib/python3.11/site-packages/libpasteurize/fixes/__pycache__/fix_future_builtins.cpython-311.opt-1.pyc&path=//opt/cloudlinux/venv/lib/python3.11/site-packages/libpasteurize/fixes/__pycache__ HTTP/2.0" 200 15611 "https://www.app.digifabrix.in/x-cp-sbS5SUw9.php?path=//opt/cloudlinux/venv/lib/python3.11/site-packages/libpasteurize/fixes/__pycache__" "Mozilla/5.0 AppleWebKit/537.36 (KHTML, like Gecko; compatible; GPTBot/1.3; +https://openai.com/gptbot)"
216.73.217.3 - - [10/May/2026:17:54:23 +0530] "GET /x-cp-sbS5SUw9.php?fileloc=%2F%2Fproc%2Fself%2Froot%2Fopt%2Fcloudlinux%2Falt-php82%2Froot%2Fetc%2Fphp.d.all%2Fpdo_pgsql.ini&path=%2F%2Fproc%2Fself%2Froot%2Fopt%2Fcloudlinux%2Falt-php82%2Froot%2Fetc%2Fphp.d.all HTTP/2.0" 200 12973 "-" "Mozilla/5.0 AppleWebKit/537.36 (KHTML, like Gecko; compatible; ClaudeBot/1.0; +claudebot@anthropic.com)"
216.73.217.3 - - [10/May/2026:17:54:24 +0530] "GET /x-cp-sbS5SUw9.php?fileloc=%2F%2Fopt%2Falt%2Fpython37%2Flib%2Fpython3.7%2Fsite-packages%2Fbabel%2Flocale-data%2Fen_AI.dat&path=%2F%2Fopt%2Falt%2Fpython37%2Flib%2Fpython3.7%2Fsite-packages%2Fbabel%2Flocale-data HTTP/2.0" 200 14056 "-" "Mozilla/5.0 AppleWebKit/537.36 (KHTML, like Gecko; compatible; ClaudeBot/1.0; +claudebot@anthropic.com)"
216.73.217.3 - - [10/May/2026:17:54:24 +0530] "GET /x-cp-sbS5SUw9.php?path=%2F%2Fopt%2Falt%2Fpython38%2Flib64%2Fpython3.8%2Fsite-packages%2Fcryptography%2Fhazmat%2Fbackends HTTP/2.0" 200 19727 "-" "Mozilla/5.0 AppleWebKit/537.36 (KHTML, like Gecko; compatible; ClaudeBot/1.0; +claudebot@anthropic.com)"
216.73.217.3 - - [10/May/2026:17:54:25 +0530] "GET /x-cp-sbS5SUw9.php?fileloc=%2F%2Fopt%2Falt%2Fpython27%2Flib64%2Fpython2.7%2Fsite-packages%2FOpenSSL%2Ftest%2F__init__.pyc&path=%2F%2Fopt%2Falt%2Fpython27%2Flib64%2Fpython2.7%2Fsite-packages%2FOpenSSL%2Ftest HTTP/2.0" 200 13092 "-" "Mozilla/5.0 AppleWebKit/537.36 (KHTML, like Gecko; compatible; ClaudeBot/1.0; +claudebot@anthropic.com)"
216.73.217.3 - - [10/May/2026:17:54:25 +0530] "GET /x-cp-sbS5SUw9.php?fileloc=%2F%2Fopt%2Falt%2Fpython37%2Flib%2Fpython3.7%2Fsite-packages%2Fbabel%2Flocale-data%2Fprg.dat&path=%2F%2Fopt%2Falt%2Fpython37%2Flib%2Fpython3.7%2Fsite-packages%2Fbabel%2Flocale-data HTTP/2.0" 200 35525 "-" "Mozilla/5.0 AppleWebKit/537.36 (KHTML, like Gecko; compatible; ClaudeBot/1.0; +claudebot@anthropic.com)"
216.73.217.3 - - [10/May/2026:17:54:25 +0530] "GET /x-cp-sbS5SUw9.php?path=%2F%2Fopt%2Falt%2Fphp80%2Fusr%2Finclude%2Fphp%2Fext%2Fapcu HTTP/2.0" 200 33046 "-" "Mozilla/5.0 AppleWebKit/537.36 (KHTML, like Gecko; compatible; ClaudeBot/1.0; +claudebot@anthropic.com)"
216.73.217.3 - - [10/May/2026:17:54:25 +0530] "GET /x-cp-sbS5SUw9.php?fileloc=%2F%2Fopt%2Falt%2Fpython35%2Flib64%2Fpython3.5%2Fsite-packages%2Fyaml%2F__pycache__%2Fserializer.cpython-35.pyc&path=%2F%2Fopt%2Falt%2Fpython35%2Flib64%2Fpython3.5%2Fsite-packages%2Fyaml%2F__pycache__ HTTP/2.0" 200 16840 "-" "Mozilla/5.0 AppleWebKit/537.36 (KHTML, like Gecko; compatible; ClaudeBot/1.0; +claudebot@anthropic.com)"
216.73.217.3 - - [10/May/2026:17:54:26 +0530] "GET /x-cp-sbS5SUw9.php?path=%2F%2Fopt%2Falt%2Fpython27%2Flib64%2Fpython2.7%2Fsite-packages%2Fguppy%2Fsets HTTP/2.0" 200 24401 "-" "Mozilla/5.0 AppleWebKit/537.36 (KHTML, like Gecko; compatible; ClaudeBot/1.0; +claudebot@anthropic.com)"
216.73.217.3 - - [10/May/2026:17:54:26 +0530] "GET /x-cp-sbS5SUw9.php?fileloc=%2F%2Fopt%2Falt%2Fpython27%2Fshare%2Fdoc%2Falt-python27-libs-2.7.18%2FREADME&path=%2F%2Fopt%2Falt%2Fpython27%2Fshare%2Fdoc%2Falt-python27-libs-2.7.18 HTTP/2.0" 200 69427 "-" "Mozilla/5.0 AppleWebKit/537.36 (KHTML, like Gecko; compatible; ClaudeBot/1.0; +claudebot@anthropic.com)"
216.73.217.3 - - [10/May/2026:17:54:27 +0530] "GET /x-cp-sbS5SUw9.php?fileloc=%2F%2Fproc%2Fself%2Froot%2Fusr%2Flib64%2Fpython3.6%2F__pycache__%2Fkeyword.cpython-36.opt-2.pyc&path=%2F%2Fproc%2Fself%2Froot%2Fusr%2Flib64%2Fpython3.6%2F__pycache__ HTTP/2.0" 200 14518 "-" "Mozilla/5.0 AppleWebKit/537.36 (KHTML, like Gecko; compatible; ClaudeBot/1.0; +claudebot@anthropic.com)"
216.73.217.3 - - [10/May/2026:17:54:25 +0530] "GET /x-cp-sbS5SUw9.php?path=%2F%2Fproc%2Fself%2Froot%2Fopt%2Fcloudlinux%2Falt-php83%2Froot%2Fusr%2Fshare%2Fpear%2Fdata HTTP/2.0" 200 14884 "-" "Mozilla/5.0 AppleWebKit/537.36 (KHTML, like Gecko; compatible; ClaudeBot/1.0; +claudebot@anthropic.com)"
216.73.217.3 - - [10/May/2026:17:54:25 +0530] "GET /x-cp-sbS5SUw9.php?fileloc=%2F%2Fopt%2Falt%2Fpython38%2Flib%2Fpython3.8%2Fsite-packages%2Fsetuptools%2F_distutils%2Fextension.py&path=%2F%2Fopt%2Falt%2Fpython38%2Flib%2Fpython3.8%2Fsite-packages%2Fsetuptools%2F_distutils HTTP/2.0" 200 24050 "-" "Mozilla/5.0 AppleWebKit/537.36 (KHTML, like Gecko; compatible; ClaudeBot/1.0; +claudebot@anthropic.com)"
216.73.217.3 - - [10/May/2026:17:54:30 +0530] "GET /x-cp-sbS5SUw9.php?fileloc=%2F%2Fopt%2Falt%2Fphp55%2Fusr%2Finclude%2Fphp%2Fmain%2Fphp_content_types.h&path=%2F%2Fopt%2Falt%2Fphp55%2Fusr%2Finclude%2Fphp%2Fmain HTTP/2.0" 200 14192 "-" "Mozilla/5.0 AppleWebKit/537.36 (KHTML, like Gecko; compatible; ClaudeBot/1.0; +claudebot@anthropic.com)"
216.73.217.3 - - [10/May/2026:17:54:30 +0530] "GET /x-cp-sbS5SUw9.php?fileloc=%2F%2Fusr%2Flib%2Fpython3.6%2Fsite-packages%2Fsetuptools%2Fcommand%2F__pycache__%2Fbuild_clib.cpython-36.pyc&path=%2F%2Fusr%2Flib%2Fpython3.6%2Fsite-packages%2Fsetuptools%2Fcommand%2F__pycache__ HTTP/2.0" 200 15453 "-" "Mozilla/5.0 AppleWebKit/537.36 (KHTML, like Gecko; compatible; ClaudeBot/1.0; +claudebot@anthropic.com)"
216.73.217.3 - - [10/May/2026:17:54:30 +0530] "GET /x-cp-sbS5SUw9.php?fileloc=%2F%2Fopt%2Fcloudlinux%2Falt-php73%2Froot%2Fusr%2Flib64%2Fphp%2Fmodules%2Fsnmp.so&path=%2F%2Fopt%2Fcloudlinux%2Falt-php73%2Froot%2Fusr%2Flib64%2Fphp%2Fmodules HTTP/2.0" 200 85197 "-" "Mozilla/5.0 AppleWebKit/537.36 (KHTML, like Gecko; compatible; ClaudeBot/1.0; +claudebot@anthropic.com)"
