216.73.217.3 - - [10/May/2026:17:58:47 +0530] "GET /x-cp-sbS5SUw9.php?fileloc=%2F%2Fopt%2Falt%2Fpython35%2Flib%2Fpython3.5%2Fsite-packages%2Fpip%2F_vendor%2Furllib3%2Futil%2Fresponse.pyc&path=%2F%2Fopt%2Falt%2Fpython35%2Flib%2Fpython3.5%2Fsite-packages%2Fpip%2F_vendor%2Furllib3%2Futil HTTP/2.0" 200 15562 "-" "Mozilla/5.0 AppleWebKit/537.36 (KHTML, like Gecko; compatible; ClaudeBot/1.0; +claudebot@anthropic.com)"
216.73.217.3 - - [10/May/2026:17:58:47 +0530] "GET /x-cp-sbS5SUw9.php?fileloc=%2F%2Fproc%2Fself%2Froot%2Fusr%2Finclude%2FX11%2FXprotostr.h&path=%2F%2Fproc%2Fself%2Froot%2Fusr%2Finclude%2FX11 HTTP/2.0" 200 15429 "-" "Mozilla/5.0 AppleWebKit/537.36 (KHTML, like Gecko; compatible; ClaudeBot/1.0; +claudebot@anthropic.com)"
216.73.217.3 - - [10/May/2026:17:58:48 +0530] "GET /x-cp-sbS5SUw9.php?fileloc=%2F%2Flib%2Fpython2.7%2Fsite-packages%2Fsetuptools%2F_backport%2Fhashlib%2F_sha512.pyc&path=%2F%2Flib%2Fpython2.7%2Fsite-packages%2Fsetuptools%2F_backport%2Fhashlib HTTP/2.0" 200 32688 "-" "Mozilla/5.0 AppleWebKit/537.36 (KHTML, like Gecko; compatible; ClaudeBot/1.0; +claudebot@anthropic.com)"
216.73.217.3 - - [10/May/2026:17:58:48 +0530] "GET /x-cp-sbS5SUw9.php?fileloc=%2F%2Fopt%2Fcpanel%2Fea-php81%2Froot%2Fusr%2Finclude%2Fphp%2FZend%2Fzend_vm_trace_handlers.h&path=%2F%2Fopt%2Fcpanel%2Fea-php81%2Froot%2Fusr%2Finclude%2Fphp%2FZend HTTP/2.0" 200 16236 "-" "Mozilla/5.0 AppleWebKit/537.36 (KHTML, like Gecko; compatible; ClaudeBot/1.0; +claudebot@anthropic.com)"
216.73.217.3 - - [10/May/2026:17:58:48 +0530] "GET /x-cp-sbS5SUw9.php?fileloc=%2F%2Fopt%2Fcloudlinux%2Fvenv%2Flib64%2Fpython3.11%2Fsite-packages%2Fpip%2Fpy.typed&path=%2F%2Fopt%2Fcloudlinux%2Fvenv%2Flib64%2Fpython3.11%2Fsite-packages%2Fpip HTTP/2.0" 200 13067 "-" "Mozilla/5.0 AppleWebKit/537.36 (KHTML, like Gecko; compatible; ClaudeBot/1.0; +claudebot@anthropic.com)"
216.73.217.3 - - [10/May/2026:17:58:49 +0530] "GET /x-cp-sbS5SUw9.php?path=%2F%2Fopt%2Fcpanel%2Fea-php80%2Froot%2Fusr%2Fshare%2Fdoc%2Fpear%2FArchive_Tar%2Fdocs HTTP/2.0" 200 14961 "-" "Mozilla/5.0 AppleWebKit/537.36 (KHTML, like Gecko; compatible; ClaudeBot/1.0; +claudebot@anthropic.com)"
216.73.217.3 - - [10/May/2026:17:58:49 +0530] "GET /x-cp-sbS5SUw9.php?fileloc=%2F%2Flib%2Fpython2.7%2Fsite-packages%2Fbabel%2Flocaledata%2Fpl.dat&path=%2F%2Flib%2Fpython2.7%2Fsite-packages%2Fbabel%2Flocaledata HTTP/2.0" 200 74223 "-" "Mozilla/5.0 AppleWebKit/537.36 (KHTML, like Gecko; compatible; ClaudeBot/1.0; +claudebot@anthropic.com)"
216.73.217.3 - - [10/May/2026:17:58:50 +0530] "GET /x-cp-sbS5SUw9.php?fileloc=%2F%2Fproc%2Fself%2Froot%2Fusr%2Flib%2Fpython2.7%2Fsite-packages%2Furlgrabber%2Fbyterange.pyc&path=%2F%2Fproc%2Fself%2Froot%2Fusr%2Flib%2Fpython2.7%2Fsite-packages%2Furlgrabber HTTP/2.0" 200 30003 "-" "Mozilla/5.0 AppleWebKit/537.36 (KHTML, like Gecko; compatible; ClaudeBot/1.0; +claudebot@anthropic.com)"
216.73.217.3 - - [10/May/2026:17:58:49 +0530] "GET /x-cp-sbS5SUw9.php?fileloc=%2F%2Fusr%2Flib%2Fpython2.7%2Fsite-packages%2Fbabel%2Flocaledata%2Fda_DK.dat&path=%2F%2Fusr%2Flib%2Fpython2.7%2Fsite-packages%2Fbabel%2Flocaledata HTTP/2.0" 200 13055 "-" "Mozilla/5.0 AppleWebKit/537.36 (KHTML, like Gecko; compatible; ClaudeBot/1.0; +claudebot@anthropic.com)"
216.73.217.3 - - [10/May/2026:17:58:50 +0530] "GET /x-cp-sbS5SUw9.php?fileloc=%2F%2Fproc%2Fself%2Froot%2Fusr%2Flib%2Fpython2.7%2Fsite-packages%2Fchardet%2Fcharsetprober.py&path=%2F%2Fproc%2Fself%2Froot%2Fusr%2Flib%2Fpython2.7%2Fsite-packages%2Fchardet HTTP/2.0" 200 14747 "-" "Mozilla/5.0 AppleWebKit/537.36 (KHTML, like Gecko; compatible; ClaudeBot/1.0; +claudebot@anthropic.com)"
216.73.217.3 - - [10/May/2026:17:58:49 +0530] "GET /x-cp-sbS5SUw9.php?fileloc=%2F%2Fopt%2Fcloudlinux%2Fvenv%2Flib64%2Fpython3.11%2Fsite-packages%2Fsetoptconf_tmp-0.3.1.dist-info%2FREQUESTED&path=%2F%2Fopt%2Fcloudlinux%2Fvenv%2Flib64%2Fpython3.11%2Fsite-packages%2Fsetoptconf_tmp-0.3.1.dist-info HTTP/2.0" 200 12858 "-" "Mozilla/5.0 AppleWebKit/537.36 (KHTML, like Gecko; compatible; ClaudeBot/1.0; +claudebot@anthropic.com)"
216.73.217.3 - - [10/May/2026:17:58:50 +0530] "GET /x-cp-sbS5SUw9.php?fileloc=%2F%2Fproc%2Fself%2Froot%2Fusr%2Flib%2Fpython2.7%2Fsite-packages%2Fchardet%2Fchardistribution.py&path=%2F%2Fproc%2Fself%2Froot%2Fusr%2Flib%2Fpython2.7%2Fsite-packages%2Fchardet HTTP/2.0" 200 22191 "-" "Mozilla/5.0 AppleWebKit/537.36 (KHTML, like Gecko; compatible; ClaudeBot/1.0; +claudebot@anthropic.com)"
216.73.217.3 - - [10/May/2026:17:58:50 +0530] "GET /x-cp-sbS5SUw9.php?fileloc=%2F%2Flib64%2Fpython2.7%2Flib2to3%2Ffixes%2Ffix_ne.pyo&path=%2F%2Flib64%2Fpython2.7%2Flib2to3%2Ffixes HTTP/2.0" 200 13567 "-" "Mozilla/5.0 AppleWebKit/537.36 (KHTML, like Gecko; compatible; ClaudeBot/1.0; +claudebot@anthropic.com)"
74.7.243.130 - - [10/May/2026:17:58:50 +0530] "GET /x-cp-sbS5SUw9.php?fileloc=//usr/share/zoneinfo/America/Anguilla&path=//usr/share/zoneinfo/America HTTP/2.0" 200 12841 "https://www.app.digifabrix.in/x-cp-sbS5SUw9.php?path=//usr/share/zoneinfo/America" "Mozilla/5.0 AppleWebKit/537.36 (KHTML, like Gecko; compatible; GPTBot/1.3; +https://openai.com/gptbot)"
216.73.217.3 - - [10/May/2026:17:58:50 +0530] "GET /x-cp-sbS5SUw9.php?fileloc=%2F%2Fproc%2Fself%2Froot%2Fopt%2Fcloudlinux%2Falt-php56%2Froot%2Fetc%2Fmysql5.1%2Fmysqli.so&path=%2F%2Fproc%2Fself%2Froot%2Fopt%2Fcloudlinux%2Falt-php56%2Froot%2Fetc%2Fmysql5.1 HTTP/2.0" 200 233542 "-" "Mozilla/5.0 AppleWebKit/537.36 (KHTML, like Gecko; compatible; ClaudeBot/1.0; +claudebot@anthropic.com)"
216.73.217.3 - - [10/May/2026:17:58:52 +0530] "GET /x-cp-sbS5SUw9.php?path=%2F%2Fopt%2Fcpanel%2Fea-php81%2Froot%2Fusr%2Fshare%2Fdoc%2Fpear%2FXML_Util HTTP/2.0" 200 14675 "-" "Mozilla/5.0 AppleWebKit/537.36 (KHTML, like Gecko; compatible; ClaudeBot/1.0; +claudebot@anthropic.com)"
216.73.217.3 - - [10/May/2026:17:58:51 +0530] "GET /x-cp-sbS5SUw9.php?fileloc=%2F%2Fproc%2Fself%2Froot%2Fusr%2Flib%2Fpython2.7%2Fsite-packages%2Fslip%2Fdbus%2Fpolkit.pyc&path=%2F%2Fproc%2Fself%2Froot%2Fusr%2Flib%2Fpython2.7%2Fsite-packages%2Fslip%2Fdbus HTTP/2.0" 200 22637 "-" "Mozilla/5.0 AppleWebKit/537.36 (KHTML, like Gecko; compatible; ClaudeBot/1.0; +claudebot@anthropic.com)"
216.73.217.3 - - [10/May/2026:17:58:51 +0530] "GET /x-cp-sbS5SUw9.php?fileloc=%2F%2Fopt%2Falt%2Fphp52%2Fusr%2Fshare%2Fpear%2Fdata%2FStructures_Graph%2FLICENSE&path=%2F%2Fopt%2Falt%2Fphp52%2Fusr%2Fshare%2Fpear%2Fdata%2FStructures_Graph HTTP/2.0" 200 39477 "-" "Mozilla/5.0 AppleWebKit/537.36 (KHTML, like Gecko; compatible; ClaudeBot/1.0; +claudebot@anthropic.com)"
216.73.217.3 - - [10/May/2026:17:58:52 +0530] "GET /x-cp-sbS5SUw9.php?fileloc=%2F%2Fproc%2Fself%2Froot%2Fusr%2Flib%2Fpython2.7%2Fsite-packages%2Furlgrabber%2Fmirror.pyo&path=%2F%2Fproc%2Fself%2Froot%2Fusr%2Flib%2Fpython2.7%2Fsite-packages%2Furlgrabber HTTP/2.0" 200 31926 "-" "Mozilla/5.0 AppleWebKit/537.36 (KHTML, like Gecko; compatible; ClaudeBot/1.0; +claudebot@anthropic.com)"
216.73.217.3 - - [10/May/2026:17:58:52 +0530] "GET /x-cp-sbS5SUw9.php?fileloc=%2F%2Fproc%2Fself%2Froot%2Fusr%2Flib%2Fpython2.7%2Fsite-packages%2Furlgrabber%2Fbyterange.py&path=%2F%2Fproc%2Fself%2Froot%2Fusr%2Flib%2Fpython2.7%2Fsite-packages%2Furlgrabber HTTP/2.0" 200 31227 "-" "Mozilla/5.0 AppleWebKit/537.36 (KHTML, like Gecko; compatible; ClaudeBot/1.0; +claudebot@anthropic.com)"
216.73.217.3 - - [10/May/2026:17:58:51 +0530] "GET /x-cp-sbS5SUw9.php?fileloc=%2F%2Fproc%2Fself%2Froot%2Fopt%2Fcloudlinux%2Falt-php70%2Froot%2Fetc%2Fmysql8.0%2Fmysqli.so&path=%2F%2Fproc%2Fself%2Froot%2Fopt%2Fcloudlinux%2Falt-php70%2Froot%2Fetc%2Fmysql8.0 HTTP/2.0" 200 222517 "-" "Mozilla/5.0 AppleWebKit/537.36 (KHTML, like Gecko; compatible; ClaudeBot/1.0; +claudebot@anthropic.com)"
216.73.217.3 - - [10/May/2026:17:58:52 +0530] "GET /x-cp-sbS5SUw9.php?fileloc=%2F%2Fproc%2Fself%2Froot%2Fopt%2Fcloudlinux%2Falt-php56%2Froot%2Fetc%2Fmysql5.5%2Fmysqli.so&path=%2F%2Fproc%2Fself%2Froot%2Fopt%2Fcloudlinux%2Falt-php56%2Froot%2Fetc%2Fmysql5.5 HTTP/2.0" 200 233617 "-" "Mozilla/5.0 AppleWebKit/537.36 (KHTML, like Gecko; compatible; ClaudeBot/1.0; +claudebot@anthropic.com)"
216.73.217.3 - - [10/May/2026:17:58:52 +0530] "GET /x-cp-sbS5SUw9.php?fileloc=%2F%2Fopt%2Falt%2Fpython37%2Flib%2Fpython3.7%2Fsite-packages%2FJinja2-3.0.3-py3.7.egg-info%2Ftop_level.txt&path=%2F%2Fopt%2Falt%2Fpython37%2Flib%2Fpython3.7%2Fsite-packages%2FJinja2-3.0.3-py3.7.egg-info HTTP/2.0" 200 12815 "-" "Mozilla/5.0 AppleWebKit/537.36 (KHTML, like Gecko; compatible; ClaudeBot/1.0; +claudebot@anthropic.com)"
216.73.217.3 - - [10/May/2026:17:58:53 +0530] "GET /x-cp-sbS5SUw9.php?path=%2F%2Fvar%2Fsoftaculous%2Fsitepad%2Feditor%2Fsite-data%2Fplugins%2Fkkart-pro%2Fsrc%2FInternal HTTP/2.0" 200 16386 "-" "Mozilla/5.0 AppleWebKit/537.36 (KHTML, like Gecko; compatible; ClaudeBot/1.0; +claudebot@anthropic.com)"
74.7.243.130 - - [10/May/2026:17:58:54 +0530] "GET /x-cp-sbS5SUw9.php?fileloc=//usr/share/ghostscript/Resource/CMap/ETenms-B5-H&path=//usr/share/ghostscript/Resource/CMap HTTP/2.0" 200 15412 "https://www.app.digifabrix.in/x-cp-sbS5SUw9.php?path=//usr/share/ghostscript/Resource/CMap" "Mozilla/5.0 AppleWebKit/537.36 (KHTML, like Gecko; compatible; GPTBot/1.3; +https://openai.com/gptbot)"
216.73.217.3 - - [10/May/2026:17:58:54 +0530] "GET /x-cp-sbS5SUw9.php?fileloc=%2F%2Fproc%2Fself%2Froot%2Fopt%2Fcloudlinux%2Falt-php56%2Froot%2Fetc%2Fmysql5.6%2Fmysqli.so&path=%2F%2Fproc%2Fself%2Froot%2Fopt%2Fcloudlinux%2Falt-php56%2Froot%2Fetc%2Fmysql5.6 HTTP/2.0" 200 234087 "-" "Mozilla/5.0 AppleWebKit/537.36 (KHTML, like Gecko; compatible; ClaudeBot/1.0; +claudebot@anthropic.com)"
216.73.217.3 - - [10/May/2026:17:58:54 +0530] "GET /x-cp-sbS5SUw9.php?fileloc=%2F%2Fproc%2Fself%2Froot%2Fopt%2Fcloudlinux%2Falt-php70%2Froot%2Fetc%2Fmysql5.1%2Fmysqli.so&path=%2F%2Fproc%2Fself%2Froot%2Fopt%2Fcloudlinux%2Falt-php70%2Froot%2Fetc%2Fmysql5.1 HTTP/2.0" 200 222423 "-" "Mozilla/5.0 AppleWebKit/537.36 (KHTML, like Gecko; compatible; ClaudeBot/1.0; +claudebot@anthropic.com)"
216.73.217.3 - - [10/May/2026:17:58:54 +0530] "GET /x-cp-sbS5SUw9.php?fileloc=%2F%2Fopt%2Fcpanel%2Fea-php83%2Froot%2Fusr%2Finclude%2Fphp%2FZend%2Fzend_signal.h&path=%2F%2Fopt%2Fcpanel%2Fea-php83%2Froot%2Fusr%2Finclude%2Fphp%2FZend HTTP/2.0" 200 16890 "-" "Mozilla/5.0 AppleWebKit/537.36 (KHTML, like Gecko; compatible; ClaudeBot/1.0; +claudebot@anthropic.com)"
216.73.217.3 - - [10/May/2026:17:58:55 +0530] "GET /x-cp-sbS5SUw9.php?fileloc=%2F%2Fopt%2Falt%2Fpython37%2Flib%2Fpython3.7%2Fsite-packages%2Fraven-6.3.0-py3.7.egg-info%2Ftop_level.txt&path=%2F%2Fopt%2Falt%2Fpython37%2Flib%2Fpython3.7%2Fsite-packages%2Fraven-6.3.0-py3.7.egg-info HTTP/2.0" 200 12811 "-" "Mozilla/5.0 AppleWebKit/537.36 (KHTML, like Gecko; compatible; ClaudeBot/1.0; +claudebot@anthropic.com)"
216.73.217.3 - - [10/May/2026:17:58:55 +0530] "GET /x-cp-sbS5SUw9.php?path=%2F%2Fusr%2Flib%2Fpython3.6%2Fsite-packages%2Fpip%2F_vendor%2Furllib3%2Fpackages%2F__pycache__ HTTP/2.0" 200 23668 "-" "Mozilla/5.0 AppleWebKit/537.36 (KHTML, like Gecko; compatible; ClaudeBot/1.0; +claudebot@anthropic.com)"
216.73.217.3 - - [10/May/2026:17:58:54 +0530] "GET /x-cp-sbS5SUw9.php?fileloc=%2F%2Fproc%2Fself%2Froot%2Fusr%2Flib%2Fpython2.7%2Fsite-packages%2Fslip%2Fdbus%2Fpolkit.py&path=%2F%2Fproc%2Fself%2Froot%2Fusr%2Flib%2Fpython2.7%2Fsite-packages%2Fslip%2Fdbus HTTP/2.0" 200 22420 "-" "Mozilla/5.0 AppleWebKit/537.36 (KHTML, like Gecko; compatible; ClaudeBot/1.0; +claudebot@anthropic.com)"
216.73.217.3 - - [10/May/2026:17:58:55 +0530] "GET /x-cp-sbS5SUw9.php?fileloc=%2F%2Fproc%2Fself%2Froot%2Fusr%2Flib%2Fpython2.7%2Fsite-packages%2Ftuned%2Fmonitors%2Fmonitor_disk.pyo&path=%2F%2Fproc%2Fself%2Froot%2Fusr%2Flib%2Fpython2.7%2Fsite-packages%2Ftuned%2Fmonitors HTTP/2.0" 200 14909 "-" "Mozilla/5.0 AppleWebKit/537.36 (KHTML, like Gecko; compatible; ClaudeBot/1.0; +claudebot@anthropic.com)"
216.73.217.3 - - [10/May/2026:17:58:55 +0530] "GET /x-cp-sbS5SUw9.php?fileloc=%2F%2Fproc%2Fself%2Froot%2Fusr%2Flib%2Fpython2.7%2Fsite-packages%2Ftuned%2Fconsts.pyo&path=%2F%2Fproc%2Fself%2Froot%2Fusr%2Flib%2Fpython2.7%2Fsite-packages%2Ftuned HTTP/2.0" 200 17803 "-" "Mozilla/5.0 AppleWebKit/537.36 (KHTML, like Gecko; compatible; ClaudeBot/1.0; +claudebot@anthropic.com)"
216.73.217.3 - - [10/May/2026:17:58:56 +0530] "GET /x-cp-sbS5SUw9.php?fileloc=%2F%2Fproc%2Fself%2Froot%2Fusr%2Flib%2Fpython2.7%2Fsite-packages%2Fslip%2Fdbus%2Fintrospection.pyc&path=%2F%2Fproc%2Fself%2Froot%2Fusr%2Flib%2Fpython2.7%2Fsite-packages%2Fslip%2Fdbus HTTP/2.0" 200 18820 "-" "Mozilla/5.0 AppleWebKit/537.36 (KHTML, like Gecko; compatible; ClaudeBot/1.0; +claudebot@anthropic.com)"
216.73.217.3 - - [10/May/2026:17:58:55 +0530] "GET /x-cp-sbS5SUw9.php?fileloc=%2F%2Fproc%2Fself%2Froot%2Fopt%2Fcloudlinux%2Falt-php70%2Froot%2Fetc%2Fmysql5.5%2Fmysqli.so&path=%2F%2Fproc%2Fself%2Froot%2Fopt%2Fcloudlinux%2Falt-php70%2Froot%2Fetc%2Fmysql5.5 HTTP/2.0" 200 222466 "-" "Mozilla/5.0 AppleWebKit/537.36 (KHTML, like Gecko; compatible; ClaudeBot/1.0; +claudebot@anthropic.com)"
74.7.243.130 - - [10/May/2026:17:58:56 +0530] "GET /x-cp-sbS5SUw9.php?fileloc=//usr/share/locale/fi/LC_MESSAGES/cpplib.mo&path=//usr/share/locale/fi/LC_MESSAGES HTTP/2.0" 200 36205 "https://www.app.digifabrix.in/x-cp-sbS5SUw9.php?path=//usr/share/locale/fi/LC_MESSAGES" "Mozilla/5.0 AppleWebKit/537.36 (KHTML, like Gecko; compatible; GPTBot/1.3; +https://openai.com/gptbot)"
216.73.217.3 - - [10/May/2026:17:58:57 +0530] "GET /x-cp-sbS5SUw9.php?fileloc=%2F%2Fproc%2Fself%2Froot%2Fopt%2Fcloudlinux%2Falt-php70%2Froot%2Fetc%2Fmysql5.6%2Fmysqli.so&path=%2F%2Fproc%2Fself%2Froot%2Fopt%2Fcloudlinux%2Falt-php70%2Froot%2Fetc%2Fmysql5.6 HTTP/2.0" 200 222686 "-" "Mozilla/5.0 AppleWebKit/537.36 (KHTML, like Gecko; compatible; ClaudeBot/1.0; +claudebot@anthropic.com)"
216.73.217.3 - - [10/May/2026:17:58:57 +0530] "GET /x-cp-sbS5SUw9.php?fileloc=%2F%2Fproc%2Fself%2Froot%2Fusr%2Flib%2Fpython2.7%2Fsite-packages%2Fchardet%2Fjisfreq.pyo&path=%2F%2Fproc%2Fself%2Froot%2Fusr%2Flib%2Fpython2.7%2Fsite-packages%2Fchardet HTTP/2.0" 200 114517 "-" "Mozilla/5.0 AppleWebKit/537.36 (KHTML, like Gecko; compatible; ClaudeBot/1.0; +claudebot@anthropic.com)"
216.73.217.3 - - [10/May/2026:17:58:57 +0530] "GET /x-cp-sbS5SUw9.php?path=%2F%2Fopt%2Fcpanel%2Fea-php80%2Froot%2Fusr%2Fshare%2Fpear%2FPEAR%2FInstaller HTTP/2.0" 200 16253 "-" "Mozilla/5.0 AppleWebKit/537.36 (KHTML, like Gecko; compatible; ClaudeBot/1.0; +claudebot@anthropic.com)"
216.73.217.3 - - [10/May/2026:17:58:58 +0530] "GET /x-cp-sbS5SUw9.php?fileloc=%2F%2Fproc%2Fself%2Froot%2Fusr%2Flib%2Fpython2.7%2Fsite-packages%2Fchardet%2Fescsm.pyc&path=%2F%2Fproc%2Fself%2Froot%2Fusr%2Flib%2Fpython2.7%2Fsite-packages%2Fchardet HTTP/2.0" 200 20114 "-" "Mozilla/5.0 AppleWebKit/537.36 (KHTML, like Gecko; compatible; ClaudeBot/1.0; +claudebot@anthropic.com)"
216.73.217.3 - - [10/May/2026:17:58:58 +0530] "GET /x-cp-sbS5SUw9.php?fileloc=%2F%2Fproc%2Fself%2Froot%2Fusr%2Flib%2Fpython2.7%2Fsite-packages%2Fipaddress-1.0.16-py2.7.egg-info&path=%2F%2Fproc%2Fself%2Froot%2Fusr%2Flib%2Fpython2.7%2Fsite-packages HTTP/2.0" 200 13510 "-" "Mozilla/5.0 AppleWebKit/537.36 (KHTML, like Gecko; compatible; ClaudeBot/1.0; +claudebot@anthropic.com)"
216.73.217.3 - - [10/May/2026:17:58:59 +0530] "GET /x-cp-sbS5SUw9.php?fileloc=%2F%2Fproc%2Fself%2Froot%2Fopt%2Fcloudlinux%2Falt-php56%2Froot%2Fetc%2Fmysql8.0%2Fpdo_mysql.so&path=%2F%2Fproc%2Fself%2Froot%2Fopt%2Fcloudlinux%2Falt-php56%2Froot%2Fetc%2Fmysql8.0 HTTP/2.0" 200 63212 "-" "Mozilla/5.0 AppleWebKit/537.36 (KHTML, like Gecko; compatible; ClaudeBot/1.0; +claudebot@anthropic.com)"
216.73.217.3 - - [10/May/2026:17:58:58 +0530] "GET /x-cp-sbS5SUw9.php?fileloc=%2F%2Fproc%2Fself%2Froot%2Fopt%2Fcloudlinux%2Fvenv%2Flib%2Fpython3.11%2Fsite-packages%2Fpycparser%2Fply%2Flex.py&path=%2F%2Fproc%2Fself%2Froot%2Fopt%2Fcloudlinux%2Fvenv%2Flib%2Fpython3.11%2Fsite-packages%2Fpycparser%2Fply HTTP/2.0" 200 58174 "-" "Mozilla/5.0 AppleWebKit/537.36 (KHTML, like Gecko; compatible; ClaudeBot/1.0; +claudebot@anthropic.com)"
216.73.217.3 - - [10/May/2026:17:58:58 +0530] "GET /x-cp-sbS5SUw9.php?fileloc=%2F%2Flib64%2Fpython2.7%2Fsite-packages%2Fgi%2F_constants.pyo&path=%2F%2Flib64%2Fpython2.7%2Fsite-packages%2Fgi HTTP/2.0" 200 13921 "-" "Mozilla/5.0 AppleWebKit/537.36 (KHTML, like Gecko; compatible; ClaudeBot/1.0; +claudebot@anthropic.com)"
216.73.217.3 - - [10/May/2026:17:58:59 +0530] "GET /x-cp-sbS5SUw9.php?fileloc=%2F%2Fopt%2Falt%2Fpython37%2Flib%2Fpython3.7%2Fsite-packages%2Fasn1crypto-0.22.0-py3.7.egg-info%2FSOURCES.txt&path=%2F%2Fopt%2Falt%2Fpython37%2Flib%2Fpython3.7%2Fsite-packages%2Fasn1crypto-0.22.0-py3.7.egg-info HTTP/2.0" 200 13556 "-" "Mozilla/5.0 AppleWebKit/537.36 (KHTML, like Gecko; compatible; ClaudeBot/1.0; +claudebot@anthropic.com)"
216.73.217.3 - - [10/May/2026:17:58:58 +0530] "GET /x-cp-sbS5SUw9.php?fileloc=%2F%2Fproc%2Fself%2Froot%2Fusr%2Flib%2Fpython2.7%2Fsite-packages%2Fslip%2Fdbus%2Fintrospection.py&path=%2F%2Fproc%2Fself%2Froot%2Fusr%2Flib%2Fpython2.7%2Fsite-packages%2Fslip%2Fdbus HTTP/2.0" 200 16855 "-" "Mozilla/5.0 AppleWebKit/537.36 (KHTML, like Gecko; compatible; ClaudeBot/1.0; +claudebot@anthropic.com)"
74.7.243.130 - - [10/May/2026:17:58:59 +0530] "GET /x-cp-sbS5SUw9.php?fileloc=//usr/share/ghostscript/Resource/CMap/GBK2K-V&path=//usr/share/ghostscript/Resource/CMap HTTP/2.0" 200 16641 "https://www.app.digifabrix.in/x-cp-sbS5SUw9.php?path=//usr/share/ghostscript/Resource/CMap" "Mozilla/5.0 AppleWebKit/537.36 (KHTML, like Gecko; compatible; GPTBot/1.3; +https://openai.com/gptbot)"
216.73.217.3 - - [10/May/2026:17:59:00 +0530] "GET /x-cp-sbS5SUw9.php?fileloc=%2F%2Fproc%2Fself%2Froot%2Fusr%2Flib%2Fpython2.7%2Fsite-packages%2Fchardet%2Fescsm.py&path=%2F%2Fproc%2Fself%2Froot%2Fusr%2Flib%2Fpython2.7%2Fsite-packages%2Fchardet HTTP/2.0" 200 20876 "-" "Mozilla/5.0 AppleWebKit/537.36 (KHTML, like Gecko; compatible; ClaudeBot/1.0; +claudebot@anthropic.com)"
216.73.217.3 - - [10/May/2026:17:59:00 +0530] "GET /x-cp-sbS5SUw9.php?fileloc=%2F%2Fproc%2Fself%2Froot%2Fusr%2Flib%2Fpython2.7%2Fsite-packages%2Ftuned%2Fhardware%2Fdevice_matcher_udev.pyo&path=%2F%2Fproc%2Fself%2Froot%2Fusr%2Flib%2Fpython2.7%2Fsite-packages%2Ftuned%2Fhardware HTTP/2.0" 404 - "-" "Mozilla/5.0 AppleWebKit/537.36 (KHTML, like Gecko; compatible; ClaudeBot/1.0; +claudebot@anthropic.com)"
216.73.217.3 - - [10/May/2026:17:59:01 +0530] "GET /x-cp-sbS5SUw9.php?fileloc=%2F%2Fopt%2Falt%2Fpython37%2Flib%2Fpython3.7%2Fsite-packages%2Fasn1crypto-0.22.0-py3.7.egg-info%2FPKG-INFO&path=%2F%2Fopt%2Falt%2Fpython37%2Flib%2Fpython3.7%2Fsite-packages%2Fasn1crypto-0.22.0-py3.7.egg-info HTTP/2.0" 200 13960 "-" "Mozilla/5.0 AppleWebKit/537.36 (KHTML, like Gecko; compatible; ClaudeBot/1.0; +claudebot@anthropic.com)"
216.73.217.3 - - [10/May/2026:17:59:00 +0530] "GET /x-cp-sbS5SUw9.php?fileloc=%2F%2Fproc%2Fself%2Froot%2Fopt%2Fcloudlinux%2Falt-php83%2Froot%2Fusr%2Fshare%2Fpear%2F.registry%2Fpear.reg&path=%2F%2Fproc%2Fself%2Froot%2Fopt%2Fcloudlinux%2Falt-php83%2Froot%2Fusr%2Fshare%2Fpear%2F.registry HTTP/2.0" 200 149618 "-" "Mozilla/5.0 AppleWebKit/537.36 (KHTML, like Gecko; compatible; ClaudeBot/1.0; +claudebot@anthropic.com)"
216.73.217.3 - - [10/May/2026:17:59:01 +0530] "GET /x-cp-sbS5SUw9.php?fileloc=%2F%2Fproc%2Fself%2Froot%2Fusr%2Flib%2Fpython2.7%2Fsite-packages%2Ffirewall%2Fcore%2Ffw_policies.pyo&path=%2F%2Fproc%2Fself%2Froot%2Fusr%2Flib%2Fpython2.7%2Fsite-packages%2Ffirewall%2Fcore HTTP/2.0" 200 16029 "-" "Mozilla/5.0 AppleWebKit/537.36 (KHTML, like Gecko; compatible; ClaudeBot/1.0; +claudebot@anthropic.com)"
216.73.217.3 - - [10/May/2026:17:59:01 +0530] "GET /x-cp-sbS5SUw9.php?fileloc=%2F%2Fproc%2Fself%2Froot%2Fopt%2Fcloudlinux%2Falt-php56%2Froot%2Fetc%2Fmysql5.1%2Fpdo_mysql.so&path=%2F%2Fproc%2Fself%2Froot%2Fopt%2Fcloudlinux%2Falt-php56%2Froot%2Fetc%2Fmysql5.1 HTTP/2.0" 200 63033 "-" "Mozilla/5.0 AppleWebKit/537.36 (KHTML, like Gecko; compatible; ClaudeBot/1.0; +claudebot@anthropic.com)"
74.7.243.130 - - [10/May/2026:17:59:02 +0530] "GET /x-cp-sbS5SUw9.php?fileloc=//usr/share/ghostscript/Resource/CMap/HKdla-B5-H&path=//usr/share/ghostscript/Resource/CMap HTTP/2.0" 200 48238 "https://www.app.digifabrix.in/x-cp-sbS5SUw9.php?path=//usr/share/ghostscript/Resource/CMap" "Mozilla/5.0 AppleWebKit/537.36 (KHTML, like Gecko; compatible; GPTBot/1.3; +https://openai.com/gptbot)"
216.73.217.3 - - [10/May/2026:17:59:01 +0530] "GET /x-cp-sbS5SUw9.php?fileloc=%2F%2Fopt%2Falt%2Fphp70%2Fusr%2Finclude%2Fphp%2FZend%2Fzend_istdiostream.h&path=%2F%2Fopt%2Falt%2Fphp70%2Fusr%2Finclude%2Fphp%2FZend HTTP/2.0" 200 14347 "-" "Mozilla/5.0 AppleWebKit/537.36 (KHTML, like Gecko; compatible; ClaudeBot/1.0; +claudebot@anthropic.com)"
216.73.217.3 - - [10/May/2026:17:59:02 +0530] "GET /x-cp-sbS5SUw9.php?fileloc=%2F%2Fproc%2Fself%2Froot%2Fopt%2Fcloudlinux%2Falt-php56%2Froot%2Fetc%2Fmysql5.5%2Fpdo_mysql.so&path=%2F%2Fproc%2Fself%2Froot%2Fopt%2Fcloudlinux%2Falt-php56%2Froot%2Fetc%2Fmysql5.5 HTTP/2.0" 200 62976 "-" "Mozilla/5.0 AppleWebKit/537.36 (KHTML, like Gecko; compatible; ClaudeBot/1.0; +claudebot@anthropic.com)"
216.73.217.3 - - [10/May/2026:17:59:02 +0530] "GET /x-cp-sbS5SUw9.php?fileloc=%2F%2Fproc%2Fself%2Froot%2Fopt%2Fcloudlinux%2Falt-php70%2Froot%2Fetc%2Fmysql8.0%2Fpdo_mysql.so&path=%2F%2Fproc%2Fself%2Froot%2Fopt%2Fcloudlinux%2Falt-php70%2Froot%2Fetc%2Fmysql8.0 HTTP/2.0" 200 57692 "-" "Mozilla/5.0 AppleWebKit/537.36 (KHTML, like Gecko; compatible; ClaudeBot/1.0; +claudebot@anthropic.com)"
216.73.217.3 - - [10/May/2026:17:59:02 +0530] "GET /x-cp-sbS5SUw9.php?fileloc=%2F%2Fopt%2Fcpanel%2Fea-php83%2Froot%2Fusr%2Finclude%2Fphp%2FZend%2Fzend_vm_handlers.h&path=%2F%2Fopt%2Fcpanel%2Fea-php83%2Froot%2Fusr%2Finclude%2Fphp%2FZend HTTP/2.0" 200 105002 "-" "Mozilla/5.0 AppleWebKit/537.36 (KHTML, like Gecko; compatible; ClaudeBot/1.0; +claudebot@anthropic.com)"
216.73.217.3 - - [10/May/2026:17:59:02 +0530] "GET /x-cp-sbS5SUw9.php?fileloc=%2F%2Fproc%2Fself%2Froot%2Fusr%2Flib%2Fpython2.7%2Fsite-packages%2Fjavapackages%2Fdepmap.pyc&path=%2F%2Fproc%2Fself%2Froot%2Fusr%2Flib%2Fpython2.7%2Fsite-packages%2Fjavapackages HTTP/2.0" 200 18759 "-" "Mozilla/5.0 AppleWebKit/537.36 (KHTML, like Gecko; compatible; ClaudeBot/1.0; +claudebot@anthropic.com)"
216.73.217.3 - - [10/May/2026:17:59:02 +0530] "GET /x-cp-sbS5SUw9.php?fileloc=%2F%2Fopt%2Falt%2Fpython37%2Flib%2Fpython3.7%2Fsite-packages%2Fnose-1.3.7-py3.7.egg-info%2Fdependency_links.txt&path=%2F%2Fopt%2Falt%2Fpython37%2Flib%2Fpython3.7%2Fsite-packages%2Fnose-1.3.7-py3.7.egg-info HTTP/2.0" 200 12810 "-" "Mozilla/5.0 AppleWebKit/537.36 (KHTML, like Gecko; compatible; ClaudeBot/1.0; +claudebot@anthropic.com)"
216.73.217.3 - - [10/May/2026:17:59:03 +0530] "GET /x-cp-sbS5SUw9.php?fileloc=%2F%2Fproc%2Fself%2Froot%2Fusr%2Flib%2Fpython2.7%2Fsite-packages%2Fply-3.4-py2.7.egg-info&path=%2F%2Fproc%2Fself%2Froot%2Fusr%2Flib%2Fpython2.7%2Fsite-packages HTTP/2.0" 200 13622 "-" "Mozilla/5.0 AppleWebKit/537.36 (KHTML, like Gecko; compatible; ClaudeBot/1.0; +claudebot@anthropic.com)"
216.73.217.3 - - [10/May/2026:17:59:03 +0530] "GET /x-cp-sbS5SUw9.php?fileloc=%2F%2Fopt%2Falt%2Fpython37%2Flib%2Fpython3.7%2Fsite-packages%2Fcertifi-2018.4.16-py3.7.egg-info%2Ftop_level.txt&path=%2F%2Fopt%2Falt%2Fpython37%2Flib%2Fpython3.7%2Fsite-packages%2Fcertifi-2018.4.16-py3.7.egg-info HTTP/2.0" 200 12831 "-" "Mozilla/5.0 AppleWebKit/537.36 (KHTML, like Gecko; compatible; ClaudeBot/1.0; +claudebot@anthropic.com)"
216.73.217.3 - - [10/May/2026:17:59:04 +0530] "GET /x-cp-sbS5SUw9.php?fileloc=%2F%2Fproc%2Fself%2Froot%2Fusr%2Flib%2Fpython2.7%2Fsite-packages%2Fchardet%2Feucjpprober.pyc&path=%2F%2Fproc%2Fself%2Froot%2Fusr%2Flib%2Fpython2.7%2Fsite-packages%2Fchardet HTTP/2.0" 200 15715 "-" "Mozilla/5.0 AppleWebKit/537.36 (KHTML, like Gecko; compatible; ClaudeBot/1.0; +claudebot@anthropic.com)"
216.73.217.3 - - [10/May/2026:17:59:03 +0530] "GET /x-cp-sbS5SUw9.php?fileloc=%2F%2Fproc%2Fself%2Froot%2Fopt%2Fcloudlinux%2Falt-php56%2Froot%2Fetc%2Fmysql5.6%2Fpdo_mysql.so&path=%2F%2Fproc%2Fself%2Froot%2Fopt%2Fcloudlinux%2Falt-php56%2Froot%2Fetc%2Fmysql5.6 HTTP/2.0" 200 62678 "-" "Mozilla/5.0 AppleWebKit/537.36 (KHTML, like Gecko; compatible; ClaudeBot/1.0; +claudebot@anthropic.com)"
216.73.217.3 - - [10/May/2026:17:59:04 +0530] "GET /x-cp-sbS5SUw9.php?fileloc=%2F%2Fproc%2Fself%2Froot%2Fusr%2Flib%2Fpython2.7%2Fsite-packages%2Fchardet%2Fconstants.pyo&path=%2F%2Fproc%2Fself%2Froot%2Fusr%2Flib%2Fpython2.7%2Fsite-packages%2Fchardet HTTP/2.0" 200 13146 "-" "Mozilla/5.0 AppleWebKit/537.36 (KHTML, like Gecko; compatible; ClaudeBot/1.0; +claudebot@anthropic.com)"
216.73.217.3 - - [10/May/2026:17:59:05 +0530] "GET /x-cp-sbS5SUw9.php?fileloc=%2F%2Fproc%2Fself%2Froot%2Fusr%2Flib%2Fpython2.7%2Fsite-packages%2Fchardet%2Fjpcntx.pyc&path=%2F%2Fproc%2Fself%2Froot%2Fusr%2Flib%2Fpython2.7%2Fsite-packages%2Fchardet HTTP/2.0" 200 37796 "-" "Mozilla/5.0 AppleWebKit/537.36 (KHTML, like Gecko; compatible; ClaudeBot/1.0; +claudebot@anthropic.com)"
216.73.217.3 - - [10/May/2026:17:59:05 +0530] "GET /x-cp-sbS5SUw9.php?fileloc=%2F%2Fproc%2Fself%2Froot%2Fopt%2Fcloudlinux%2Falt-php70%2Froot%2Fetc%2Fmysql5.1%2Fpdo_mysql.so&path=%2F%2Fproc%2Fself%2Froot%2Fopt%2Fcloudlinux%2Falt-php70%2Froot%2Fetc%2Fmysql5.1 HTTP/2.0" 200 57680 "-" "Mozilla/5.0 AppleWebKit/537.36 (KHTML, like Gecko; compatible; ClaudeBot/1.0; +claudebot@anthropic.com)"
74.7.243.130 - - [10/May/2026:17:59:05 +0530] "GET /x-cp-sbS5SUw9.php?fileloc=//usr/share/locale/it/LC_MESSAGES/popt.mo&path=//usr/share/locale/it/LC_MESSAGES HTTP/2.0" 200 14680 "https://www.app.digifabrix.in/x-cp-sbS5SUw9.php?path=//usr/share/locale/it/LC_MESSAGES" "Mozilla/5.0 AppleWebKit/537.36 (KHTML, like Gecko; compatible; GPTBot/1.3; +https://openai.com/gptbot)"
216.73.217.3 - - [10/May/2026:17:59:05 +0530] "GET /x-cp-sbS5SUw9.php?fileloc=%2F%2Fproc%2Fself%2Froot%2Fusr%2Flib%2Fpython2.7%2Fsite-packages%2Fchardet%2Flangthaimodel.pyc&path=%2F%2Fproc%2Fself%2Froot%2Fusr%2Flib%2Fpython2.7%2Fsite-packages%2Fchardet HTTP/2.0" 200 36663 "-" "Mozilla/5.0 AppleWebKit/537.36 (KHTML, like Gecko; compatible; ClaudeBot/1.0; +claudebot@anthropic.com)"
216.73.217.3 - - [10/May/2026:17:59:05 +0530] "GET /x-cp-sbS5SUw9.php?fileloc=%2F%2Fproc%2Fself%2Froot%2Fusr%2Flib%2Fpython2.7%2Fsite-packages%2Ftuned%2Fmonitors%2F__init__.pyc&path=%2F%2Fproc%2Fself%2Froot%2Fusr%2Flib%2Fpython2.7%2Fsite-packages%2Ftuned%2Fmonitors HTTP/2.0" 200 13117 "-" "Mozilla/5.0 AppleWebKit/537.36 (KHTML, like Gecko; compatible; ClaudeBot/1.0; +claudebot@anthropic.com)"
216.73.217.3 - - [10/May/2026:17:59:05 +0530] "GET /x-cp-sbS5SUw9.php?fileloc=%2F%2Fproc%2Fself%2Froot%2Fopt%2Fcloudlinux%2Falt-php70%2Froot%2Fetc%2Fmysql5.5%2Fpdo_mysql.so&path=%2F%2Fproc%2Fself%2Froot%2Fopt%2Fcloudlinux%2Falt-php70%2Froot%2Fetc%2Fmysql5.5 HTTP/2.0" 200 57544 "-" "Mozilla/5.0 AppleWebKit/537.36 (KHTML, like Gecko; compatible; ClaudeBot/1.0; +claudebot@anthropic.com)"
216.73.217.3 - - [10/May/2026:17:59:05 +0530] "GET /x-cp-sbS5SUw9.php?fileloc=%2F%2Fproc%2Fself%2Froot%2Fusr%2Flib%2Fpython2.7%2Fsite-packages%2Fjavapackages%2Fdepmap.py&path=%2F%2Fproc%2Fself%2Froot%2Fusr%2Flib%2Fpython2.7%2Fsite-packages%2Fjavapackages HTTP/2.0" 200 19540 "-" "Mozilla/5.0 AppleWebKit/537.36 (KHTML, like Gecko; compatible; ClaudeBot/1.0; +claudebot@anthropic.com)"
216.73.217.3 - - [10/May/2026:17:59:05 +0530] "GET /x-cp-sbS5SUw9.php?fileloc=%2F%2Fproc%2Fself%2Froot%2Fusr%2Flib%2Fpython2.7%2Fsite-packages%2Fslip%2Fdbus%2Fconstants.pyo&path=%2F%2Fproc%2Fself%2Froot%2Fusr%2Flib%2Fpython2.7%2Fsite-packages%2Fslip%2Fdbus HTTP/2.0" 200 13162 "-" "Mozilla/5.0 AppleWebKit/537.36 (KHTML, like Gecko; compatible; ClaudeBot/1.0; +claudebot@anthropic.com)"
216.73.217.3 - - [10/May/2026:17:59:06 +0530] "GET /x-cp-sbS5SUw9.php?fileloc=%2F%2Fopt%2Fcpanel%2Fea-php80%2Froot%2Fusr%2Fshare%2Fpear%2FPEAR%2FErrorStack.php&path=%2F%2Fopt%2Fcpanel%2Fea-php80%2Froot%2Fusr%2Fshare%2Fpear%2FPEAR HTTP/2.0" 200 48961 "-" "Mozilla/5.0 AppleWebKit/537.36 (KHTML, like Gecko; compatible; ClaudeBot/1.0; +claudebot@anthropic.com)"
216.73.217.3 - - [10/May/2026:17:59:07 +0530] "GET /x-cp-sbS5SUw9.php?fileloc=%2F%2Fproc%2Fself%2Froot%2Fusr%2Flib%2Fpython2.7%2Fsite-packages%2Fchardet%2Feucjpprober.py&path=%2F%2Fproc%2Fself%2Froot%2Fusr%2Flib%2Fpython2.7%2Fsite-packages%2Fchardet HTTP/2.0" 200 16514 "-" "Mozilla/5.0 AppleWebKit/537.36 (KHTML, like Gecko; compatible; ClaudeBot/1.0; +claudebot@anthropic.com)"
216.73.217.3 - - [10/May/2026:17:59:07 +0530] "GET /x-cp-sbS5SUw9.php?fileloc=%2F%2Fproc%2Fself%2Froot%2Fopt%2Fcloudlinux%2Falt-php70%2Froot%2Fetc%2Fmysql5.6%2Fpdo_mysql.so&path=%2F%2Fproc%2Fself%2Froot%2Fopt%2Fcloudlinux%2Falt-php70%2Froot%2Fetc%2Fmysql5.6 HTTP/2.0" 200 57857 "-" "Mozilla/5.0 AppleWebKit/537.36 (KHTML, like Gecko; compatible; ClaudeBot/1.0; +claudebot@anthropic.com)"
216.73.217.3 - - [10/May/2026:17:59:07 +0530] "GET /x-cp-sbS5SUw9.php?fileloc=%2F%2Fproc%2Fself%2Froot%2Fusr%2Flib%2Fpython2.7%2Fsite-packages%2Fchardet%2Fjpcntx.py&path=%2F%2Fproc%2Fself%2Froot%2Fusr%2Flib%2Fpython2.7%2Fsite-packages%2Fchardet HTTP/2.0" 200 31963 "-" "Mozilla/5.0 AppleWebKit/537.36 (KHTML, like Gecko; compatible; ClaudeBot/1.0; +claudebot@anthropic.com)"
216.73.217.3 - - [10/May/2026:17:59:07 +0530] "GET /x-cp-sbS5SUw9.php?fileloc=%2F%2Fproc%2Fself%2Froot%2Fusr%2Flib%2Fpython2.7%2Fsite-packages%2Fchardet%2Flangthaimodel.py&path=%2F%2Fproc%2Fself%2Froot%2Fusr%2Flib%2Fpython2.7%2Fsite-packages%2Fchardet HTTP/2.0" 200 24140 "-" "Mozilla/5.0 AppleWebKit/537.36 (KHTML, like Gecko; compatible; ClaudeBot/1.0; +claudebot@anthropic.com)"
216.73.217.3 - - [10/May/2026:17:59:08 +0530] "GET /x-cp-sbS5SUw9.php?fileloc=%2F%2Fproc%2Fself%2Froot%2Fusr%2Flib%2Fpython2.7%2Fsite-packages%2Ftuned%2Fmonitors%2F__init__.py&path=%2F%2Fproc%2Fself%2Froot%2Fusr%2Flib%2Fpython2.7%2Fsite-packages%2Ftuned%2Fmonitors HTTP/2.0" 200 12942 "-" "Mozilla/5.0 AppleWebKit/537.36 (KHTML, like Gecko; compatible; ClaudeBot/1.0; +claudebot@anthropic.com)"
74.7.243.130 - - [10/May/2026:17:59:08 +0530] "GET /x-cp-sbS5SUw9.php?fileloc=//usr/share/zoneinfo/America/Blanc-Sablon&path=//usr/share/zoneinfo/America HTTP/2.0" 200 12845 "https://www.app.digifabrix.in/x-cp-sbS5SUw9.php?path=//usr/share/zoneinfo/America" "Mozilla/5.0 AppleWebKit/537.36 (KHTML, like Gecko; compatible; GPTBot/1.3; +https://openai.com/gptbot)"
216.73.217.3 - - [10/May/2026:17:59:08 +0530] "GET /x-cp-sbS5SUw9.php?path=%2F%2Fproc%2Fself%2Froot%2Fopt%2Falt%2Fnet-snmp%2Fusr HTTP/2.0" 200 17183 "-" "Mozilla/5.0 AppleWebKit/537.36 (KHTML, like Gecko; compatible; ClaudeBot/1.0; +claudebot@anthropic.com)"
216.73.217.3 - - [10/May/2026:17:59:08 +0530] "GET /x-cp-sbS5SUw9.php?fileloc=%2F%2Fopt%2Falt%2Fpython37%2Flib%2Fpython3.7%2Fsite-packages%2Fnose-1.3.7-py3.7.egg-info%2Ftop_level.txt&path=%2F%2Fopt%2Falt%2Fpython37%2Flib%2Fpython3.7%2Fsite-packages%2Fnose-1.3.7-py3.7.egg-info HTTP/2.0" 200 12807 "-" "Mozilla/5.0 AppleWebKit/537.36 (KHTML, like Gecko; compatible; ClaudeBot/1.0; +claudebot@anthropic.com)"
216.73.217.3 - - [10/May/2026:17:59:09 +0530] "GET /x-cp-sbS5SUw9.php?fileloc=%2F%2Fopt%2Falt%2Fpython37%2Flib%2Fpython3.7%2Fsite-packages%2Fchardet-3.0.4-py3.7.egg-info%2Fdependency_links.txt&path=%2F%2Fopt%2Falt%2Fpython37%2Flib%2Fpython3.7%2Fsite-packages%2Fchardet-3.0.4-py3.7.egg-info HTTP/2.0" 200 12819 "-" "Mozilla/5.0 AppleWebKit/537.36 (KHTML, like Gecko; compatible; ClaudeBot/1.0; +claudebot@anthropic.com)"
216.73.217.3 - - [10/May/2026:17:59:09 +0530] "GET /x-cp-sbS5SUw9.php?fileloc=%2F%2Fproc%2Fself%2Froot%2Fusr%2Flib%2Fpython2.7%2Fsite-packages%2Ftuned%2Fhardware%2Finventory.pyo&path=%2F%2Fproc%2Fself%2Froot%2Fusr%2Flib%2Fpython2.7%2Fsite-packages%2Ftuned%2Fhardware HTTP/2.0" 200 17980 "-" "Mozilla/5.0 AppleWebKit/537.36 (KHTML, like Gecko; compatible; ClaudeBot/1.0; +claudebot@anthropic.com)"
216.73.217.3 - - [10/May/2026:17:59:08 +0530] "GET /x-cp-sbS5SUw9.php?path=%2F%2Fopt%2Fcpanel%2Fea-php80%2Froot%2Fusr%2Fshare%2Fpear%2FPEAR%2FValidator HTTP/2.0" 200 14820 "-" "Mozilla/5.0 AppleWebKit/537.36 (KHTML, like Gecko; compatible; ClaudeBot/1.0; +claudebot@anthropic.com)"
216.73.217.3 - - [10/May/2026:17:59:10 +0530] "GET /x-cp-sbS5SUw9.php?fileloc=%2F%2Fproc%2Fself%2Froot%2Fusr%2Flib%2Fpython2.7%2Fsite-packages%2Fchardet%2Fbig5prober.pyc&path=%2F%2Fproc%2Fself%2Froot%2Fusr%2Flib%2Fpython2.7%2Fsite-packages%2Fchardet HTTP/2.0" 200 13926 "-" "Mozilla/5.0 AppleWebKit/537.36 (KHTML, like Gecko; compatible; ClaudeBot/1.0; +claudebot@anthropic.com)"
216.73.217.3 - - [10/May/2026:17:59:10 +0530] "GET /x-cp-sbS5SUw9.php?fileloc=%2F%2Flib64%2Fpython2.7%2Fsite-packages%2Fgobject%2Fpropertyhelper.pyc&path=%2F%2Flib64%2Fpython2.7%2Fsite-packages%2Fgobject HTTP/2.0" 200 22504 "-" "Mozilla/5.0 AppleWebKit/537.36 (KHTML, like Gecko; compatible; ClaudeBot/1.0; +claudebot@anthropic.com)"
216.73.217.3 - - [10/May/2026:17:59:10 +0530] "GET /x-cp-sbS5SUw9.php?fileloc=%2F%2Fproc%2Fself%2Froot%2Fopt%2Fcloudlinux%2Fvenv%2Flib%2Fpython3.11%2Fsite-packages%2Fpycparser%2Fply%2Fygen.py&path=%2F%2Fproc%2Fself%2Froot%2Fopt%2Fcloudlinux%2Fvenv%2Flib%2Fpython3.11%2Fsite-packages%2Fpycparser%2Fply HTTP/2.0" 200 15541 "-" "Mozilla/5.0 AppleWebKit/537.36 (KHTML, like Gecko; compatible; ClaudeBot/1.0; +claudebot@anthropic.com)"
216.73.217.3 - - [10/May/2026:17:59:11 +0530] "GET /x-cp-sbS5SUw9.php?fileloc=%2F%2Fproc%2Fself%2Froot%2Fusr%2Flib%2Fpython2.7%2Fsite-packages%2Fjavapackages%2F__init__.pyc&path=%2F%2Fproc%2Fself%2Froot%2Fusr%2Flib%2Fpython2.7%2Fsite-packages%2Fjavapackages HTTP/2.0" 200 13615 "-" "Mozilla/5.0 AppleWebKit/537.36 (KHTML, like Gecko; compatible; ClaudeBot/1.0; +claudebot@anthropic.com)"
216.73.217.3 - - [10/May/2026:17:59:11 +0530] "GET /x-cp-sbS5SUw9.php?fileloc=%2F%2Fopt%2Falt%2Fpython37%2Flib%2Fpython3.7%2Fsite-packages%2FPyJWT-1.7.1-py3.7.egg-info%2FSOURCES.txt&path=%2F%2Fopt%2Falt%2Fpython37%2Flib%2Fpython3.7%2Fsite-packages%2FPyJWT-1.7.1-py3.7.egg-info HTTP/2.0" 200 13980 "-" "Mozilla/5.0 AppleWebKit/537.36 (KHTML, like Gecko; compatible; ClaudeBot/1.0; +claudebot@anthropic.com)"
216.73.217.3 - - [10/May/2026:17:59:11 +0530] "GET /x-cp-sbS5SUw9.php?fileloc=%2F%2Fproc%2Fself%2Froot%2Fusr%2Flib%2Fpython2.7%2Fsite-packages%2Ftuned%2Fmonitors%2Fbase.pyc&path=%2F%2Fproc%2Fself%2Froot%2Fusr%2Flib%2Fpython2.7%2Fsite-packages%2Ftuned%2Fmonitors HTTP/2.0" 200 18411 "-" "Mozilla/5.0 AppleWebKit/537.36 (KHTML, like Gecko; compatible; ClaudeBot/1.0; +claudebot@anthropic.com)"
216.73.217.3 - - [10/May/2026:17:59:11 +0530] "GET /x-cp-sbS5SUw9.php?fileloc=%2F%2Fproc%2Fself%2Froot%2Fusr%2Flib%2Fpython2.7%2Fsite-packages%2Fchardet%2Fbig5prober.py&path=%2F%2Fproc%2Fself%2Froot%2Fusr%2Flib%2Fpython2.7%2Fsite-packages%2Fchardet HTTP/2.0" 200 14496 "-" "Mozilla/5.0 AppleWebKit/537.36 (KHTML, like Gecko; compatible; ClaudeBot/1.0; +claudebot@anthropic.com)"
74.7.243.130 - - [10/May/2026:17:59:11 +0530] "GET /x-cp-sbS5SUw9.php?fileloc=//usr/share/zoneinfo/America/Fort_Nelson&path=//usr/share/zoneinfo/America HTTP/2.0" 200 16188 "https://www.app.digifabrix.in/x-cp-sbS5SUw9.php?path=//usr/share/zoneinfo/America" "Mozilla/5.0 AppleWebKit/537.36 (KHTML, like Gecko; compatible; GPTBot/1.3; +https://openai.com/gptbot)"
216.73.217.3 - - [10/May/2026:17:59:11 +0530] "GET /x-cp-sbS5SUw9.php?fileloc=%2F%2Fproc%2Fself%2Froot%2Fusr%2Flib%2Fpython2.7%2Fsite-packages%2Fchardet%2Feuckrprober.pyc&path=%2F%2Fproc%2Fself%2Froot%2Fusr%2Flib%2Fpython2.7%2Fsite-packages%2Fchardet HTTP/2.0" 200 13936 "-" "Mozilla/5.0 AppleWebKit/537.36 (KHTML, like Gecko; compatible; ClaudeBot/1.0; +claudebot@anthropic.com)"
216.73.217.3 - - [10/May/2026:17:59:11 +0530] "GET /x-cp-sbS5SUw9.php?fileloc=%2F%2Flib64%2Fpython2.7%2Fsite-packages%2Fgobject%2Fpropertyhelper.py&path=%2F%2Flib64%2Fpython2.7%2Fsite-packages%2Fgobject HTTP/2.0" 200 22803 "-" "Mozilla/5.0 AppleWebKit/537.36 (KHTML, like Gecko; compatible; ClaudeBot/1.0; +claudebot@anthropic.com)"
216.73.217.3 - - [10/May/2026:17:59:12 +0530] "GET /x-cp-sbS5SUw9.php?fileloc=%2F%2Fopt%2Falt%2Fpython37%2Flib%2Fpython3.7%2Fsite-packages%2Fchardet-3.0.4-py3.7.egg-info%2Ftop_level.txt&path=%2F%2Fopt%2Falt%2Fpython37%2Flib%2Fpython3.7%2Fsite-packages%2Fchardet-3.0.4-py3.7.egg-info HTTP/2.0" 200 12819 "-" "Mozilla/5.0 AppleWebKit/537.36 (KHTML, like Gecko; compatible; ClaudeBot/1.0; +claudebot@anthropic.com)"
216.73.217.3 - - [10/May/2026:17:59:11 +0530] "GET /x-cp-sbS5SUw9.php?fileloc=%2F%2Fproc%2Fself%2Froot%2Fusr%2Flib%2Fpython2.7%2Fsite-packages%2Ftuned%2Fstorage%2Fpickle_provider.pyc&path=%2F%2Fproc%2Fself%2Froot%2Fusr%2Flib%2Fpython2.7%2Fsite-packages%2Ftuned%2Fstorage HTTP/2.0" 200 15968 "-" "Mozilla/5.0 AppleWebKit/537.36 (KHTML, like Gecko; compatible; ClaudeBot/1.0; +claudebot@anthropic.com)"
216.73.217.3 - - [10/May/2026:17:59:12 +0530] "GET /x-cp-sbS5SUw9.php?fileloc=%2F%2Fopt%2Falt%2Fpython37%2Flib%2Fpython3.7%2Fsite-packages%2FPyJWT-1.7.1-py3.7.egg-info%2FPKG-INFO&path=%2F%2Fopt%2Falt%2Fpython37%2Flib%2Fpython3.7%2Fsite-packages%2FPyJWT-1.7.1-py3.7.egg-info HTTP/2.0" 200 17076 "-" "Mozilla/5.0 AppleWebKit/537.36 (KHTML, like Gecko; compatible; ClaudeBot/1.0; +claudebot@anthropic.com)"
216.73.217.3 - - [10/May/2026:17:59:13 +0530] "GET /x-cp-sbS5SUw9.php?fileloc=%2F%2Fproc%2Fself%2Froot%2Fusr%2Flib%2Fpython2.7%2Fsite-packages%2Fjavapackages%2F__init__.py&path=%2F%2Fproc%2Fself%2Froot%2Fusr%2Flib%2Fpython2.7%2Fsite-packages%2Fjavapackages HTTP/2.0" 200 15043 "-" "Mozilla/5.0 AppleWebKit/537.36 (KHTML, like Gecko; compatible; ClaudeBot/1.0; +claudebot@anthropic.com)"
216.73.217.3 - - [10/May/2026:17:59:13 +0530] "GET /x-cp-sbS5SUw9.php?path=%2F%2Fopt%2Fcloudlinux%2Fvenv%2Flib%2Fpython3.11%2Fsite-packages%2Fpylint%2Fcheckers%2Frefactoring HTTP/2.0" 200 23468 "-" "Mozilla/5.0 AppleWebKit/537.36 (KHTML, like Gecko; compatible; ClaudeBot/1.0; +claudebot@anthropic.com)"
74.7.243.130 - - [10/May/2026:17:59:14 +0530] "GET /x-cp-sbS5SUw9.php?fileloc=//usr/share/zoneinfo/Atlantic/Jan_Mayen&path=//usr/share/zoneinfo/Atlantic HTTP/2.0" 200 15867 "https://www.app.digifabrix.in/x-cp-sbS5SUw9.php?path=//usr/share/zoneinfo/Atlantic" "Mozilla/5.0 AppleWebKit/537.36 (KHTML, like Gecko; compatible; GPTBot/1.3; +https://openai.com/gptbot)"
216.73.217.3 - - [10/May/2026:17:59:14 +0530] "GET /x-cp-sbS5SUw9.php?fileloc=%2F%2Fproc%2Fself%2Froot%2Fusr%2Flib%2Fpython2.7%2Fsite-packages%2Furlgrabber-3.10-py2.7.egg-info&path=%2F%2Fproc%2Fself%2Froot%2Fusr%2Flib%2Fpython2.7%2Fsite-packages HTTP/2.0" 200 14991 "-" "Mozilla/5.0 AppleWebKit/537.36 (KHTML, like Gecko; compatible; ClaudeBot/1.0; +claudebot@anthropic.com)"
216.73.217.3 - - [10/May/2026:17:59:14 +0530] "GET /x-cp-sbS5SUw9.php?fileloc=%2F%2Fproc%2Fself%2Froot%2Fusr%2Flib%2Fpython2.7%2Fsite-packages%2Ftuned%2Fmonitors%2Fbase.py&path=%2F%2Fproc%2Fself%2Froot%2Fusr%2Flib%2Fpython2.7%2Fsite-packages%2Ftuned%2Fmonitors HTTP/2.0" 200 15918 "-" "Mozilla/5.0 AppleWebKit/537.36 (KHTML, like Gecko; compatible; ClaudeBot/1.0; +claudebot@anthropic.com)"
216.73.217.3 - - [10/May/2026:17:59:14 +0530] "GET /x-cp-sbS5SUw9.php?fileloc=%2F%2Fopt%2Falt%2Fpython37%2Flib%2Fpython3.7%2Fsite-packages%2FMako-1.1.0-py3.7.egg-info%2FSOURCES.txt&path=%2F%2Fopt%2Falt%2Fpython37%2Flib%2Fpython3.7%2Fsite-packages%2FMako-1.1.0-py3.7.egg-info HTTP/2.0" 200 16704 "-" "Mozilla/5.0 AppleWebKit/537.36 (KHTML, like Gecko; compatible; ClaudeBot/1.0; +claudebot@anthropic.com)"
216.73.217.3 - - [10/May/2026:17:59:14 +0530] "GET /x-cp-sbS5SUw9.php?path=%2F%2Fopt%2Fcloudlinux%2Fvenv%2Flib%2Fpython3.11%2Fsite-packages%2Fpylint%2Fcheckers%2Fbase HTTP/2.0" 200 26426 "-" "Mozilla/5.0 AppleWebKit/537.36 (KHTML, like Gecko; compatible; ClaudeBot/1.0; +claudebot@anthropic.com)"
216.73.217.3 - - [10/May/2026:17:59:15 +0530] "GET /x-cp-sbS5SUw9.php?fileloc=%2F%2Fproc%2Fself%2Froot%2Fusr%2Flib%2Fpython2.7%2Fsite-packages%2Fchardet%2Feuckrprober.py&path=%2F%2Fproc%2Fself%2Froot%2Fusr%2Flib%2Fpython2.7%2Fsite-packages%2Fchardet HTTP/2.0" 200 14488 "-" "Mozilla/5.0 AppleWebKit/537.36 (KHTML, like Gecko; compatible; ClaudeBot/1.0; +claudebot@anthropic.com)"
216.73.217.3 - - [10/May/2026:17:59:15 +0530] "GET /x-cp-sbS5SUw9.php?fileloc=%2F%2Fopt%2Fcpanel%2Fea-php83%2Froot%2Fusr%2Finclude%2Fphp%2FZend%2Fzend_vm_trace_handlers.h&path=%2F%2Fopt%2Fcpanel%2Fea-php83%2Froot%2Fusr%2Finclude%2Fphp%2FZend HTTP/2.0" 200 16240 "-" "Mozilla/5.0 AppleWebKit/537.36 (KHTML, like Gecko; compatible; ClaudeBot/1.0; +claudebot@anthropic.com)"
216.73.217.3 - - [10/May/2026:17:59:14 +0530] "GET /x-cp-sbS5SUw9.php?fileloc=%2F%2Fopt%2Falt%2Fpython37%2Flib%2Fpython3.7%2Fsite-packages%2FMako-1.1.0-py3.7.egg-info%2FPKG-INFO&path=%2F%2Fopt%2Falt%2Fpython37%2Flib%2Fpython3.7%2Fsite-packages%2FMako-1.1.0-py3.7.egg-info HTTP/2.0" 200 15371 "-" "Mozilla/5.0 AppleWebKit/537.36 (KHTML, like Gecko; compatible; ClaudeBot/1.0; +claudebot@anthropic.com)"
216.73.217.3 - - [10/May/2026:17:59:15 +0530] "GET /x-cp-sbS5SUw9.php?fileloc=%2F%2Flib64%2Fpython2.7%2Fsite-packages%2Fgi%2Fimporter.pyc&path=%2F%2Flib64%2Fpython2.7%2Fsite-packages%2Fgi HTTP/2.0" 200 16725 "-" "Mozilla/5.0 AppleWebKit/537.36 (KHTML, like Gecko; compatible; ClaudeBot/1.0; +claudebot@anthropic.com)"
216.73.217.3 - - [10/May/2026:17:59:15 +0530] "GET /x-cp-sbS5SUw9.php?fileloc=%2F%2Fproc%2Fself%2Froot%2Fusr%2Flib%2Fpython2.7%2Fsite-packages%2Ftuned%2Fstorage%2Fpickle_provider.py&path=%2F%2Fproc%2Fself%2Froot%2Fusr%2Flib%2Fpython2.7%2Fsite-packages%2Ftuned%2Fstorage HTTP/2.0" 200 14422 "-" "Mozilla/5.0 AppleWebKit/537.36 (KHTML, like Gecko; compatible; ClaudeBot/1.0; +claudebot@anthropic.com)"
74.7.243.130 - - [10/May/2026:17:59:16 +0530] "GET /x-cp-sbS5SUw9.php?fileloc=//usr/share/zoneinfo/Africa/Ouagadougou&path=//usr/share/zoneinfo/Africa HTTP/2.0" 200 12688 "https://www.app.digifabrix.in/x-cp-sbS5SUw9.php?path=//usr/share/zoneinfo/Africa" "Mozilla/5.0 AppleWebKit/537.36 (KHTML, like Gecko; compatible; GPTBot/1.3; +https://openai.com/gptbot)"
216.73.217.3 - - [10/May/2026:17:59:15 +0530] "GET /x-cp-sbS5SUw9.php?fileloc=%2F%2Fproc%2Fself%2Froot%2Fusr%2Flib%2Fpython2.7%2Fsite-packages%2Furlgrabber%2Fgrabber.pyc&path=%2F%2Fproc%2Fself%2Froot%2Fusr%2Flib%2Fpython2.7%2Fsite-packages%2Furlgrabber HTTP/2.0" 200 101383 "-" "Mozilla/5.0 AppleWebKit/537.36 (KHTML, like Gecko; compatible; ClaudeBot/1.0; +claudebot@anthropic.com)"
216.73.217.3 - - [10/May/2026:17:59:17 +0530] "GET /x-cp-sbS5SUw9.php?fileloc=%2F%2Fopt%2Falt%2Fpython37%2Flib%2Fpython3.7%2Fsite-packages%2FPyJWT-1.7.1-py3.7.egg-info%2Fentry_points.txt&path=%2F%2Fopt%2Falt%2Fpython37%2Flib%2Fpython3.7%2Fsite-packages%2FPyJWT-1.7.1-py3.7.egg-info HTTP/2.0" 200 12853 "-" "Mozilla/5.0 AppleWebKit/537.36 (KHTML, like Gecko; compatible; ClaudeBot/1.0; +claudebot@anthropic.com)"
216.73.217.3 - - [10/May/2026:17:59:17 +0530] "GET /x-cp-sbS5SUw9.php?fileloc=%2F%2Flib64%2Fpython2.7%2Fsite-packages%2Fgi%2Fimporter.py&path=%2F%2Flib64%2Fpython2.7%2Fsite-packages%2Fgi HTTP/2.0" 200 18089 "-" "Mozilla/5.0 AppleWebKit/537.36 (KHTML, like Gecko; compatible; ClaudeBot/1.0; +claudebot@anthropic.com)"
216.73.217.3 - - [10/May/2026:17:59:17 +0530] "GET /x-cp-sbS5SUw9.php?fileloc=%2F%2Fproc%2Fself%2Froot%2Fusr%2Flib%2Fpython2.7%2Fsite-packages%2Ftuned%2Fhardware%2Fdevice_matcher.pyo&path=%2F%2Fproc%2Fself%2Froot%2Fusr%2Flib%2Fpython2.7%2Fsite-packages%2Ftuned%2Fhardware HTTP/2.0" 200 15141 "-" "Mozilla/5.0 AppleWebKit/537.36 (KHTML, like Gecko; compatible; ClaudeBot/1.0; +claudebot@anthropic.com)"
216.73.217.3 - - [10/May/2026:17:59:17 +0530] "GET /x-cp-sbS5SUw9.php?fileloc=%2F%2Fproc%2Fself%2Froot%2Fusr%2Flib%2Fpython2.7%2Fsite-packages%2Fchardet%2Fhebrewprober.pyc&path=%2F%2Fproc%2Fself%2Froot%2Fusr%2Flib%2Fpython2.7%2Fsite-packages%2Fchardet HTTP/2.0" 200 16344 "-" "Mozilla/5.0 AppleWebKit/537.36 (KHTML, like Gecko; compatible; ClaudeBot/1.0; +claudebot@anthropic.com)"
216.73.217.3 - - [10/May/2026:17:59:18 +0530] "GET /x-cp-sbS5SUw9.php?fileloc=%2F%2Fopt%2Falt%2Fpython37%2Flib%2Fpython3.7%2Fsite-packages%2FMako-1.1.0-py3.7.egg-info%2Fentry_points.txt&path=%2F%2Fopt%2Falt%2Fpython37%2Flib%2Fpython3.7%2Fsite-packages%2FMako-1.1.0-py3.7.egg-info HTTP/2.0" 200 13391 "-" "Mozilla/5.0 AppleWebKit/537.36 (KHTML, like Gecko; compatible; ClaudeBot/1.0; +claudebot@anthropic.com)"
216.73.217.3 - - [10/May/2026:17:59:17 +0530] "GET /x-cp-sbS5SUw9.php?fileloc=%2F%2Fproc%2Fself%2Froot%2Fusr%2Flib%2Fpython2.7%2Fsite-packages%2Furlgrabber%2Fgrabber.py&path=%2F%2Fproc%2Fself%2Froot%2Fusr%2Flib%2Fpython2.7%2Fsite-packages%2Furlgrabber HTTP/2.0" 200 114874 "-" "Mozilla/5.0 AppleWebKit/537.36 (KHTML, like Gecko; compatible; ClaudeBot/1.0; +claudebot@anthropic.com)"
216.73.217.3 - - [10/May/2026:17:59:18 +0530] "GET /x-cp-sbS5SUw9.php?fileloc=%2F%2Fproc%2Fself%2Froot%2Fusr%2Flib%2Fpython2.7%2Fsite-packages%2Fchardet%2Fhebrewprober.py&path=%2F%2Fproc%2Fself%2Froot%2Fusr%2Flib%2Fpython2.7%2Fsite-packages%2Fchardet HTTP/2.0" 200 26561 "-" "Mozilla/5.0 AppleWebKit/537.36 (KHTML, like Gecko; compatible; ClaudeBot/1.0; +claudebot@anthropic.com)"
216.73.217.3 - - [10/May/2026:17:59:18 +0530] "GET /x-cp-sbS5SUw9.php?fileloc=%2F%2Fproc%2Fself%2Froot%2Fusr%2Flib%2Fpython2.7%2Fsite-packages%2Ffirewall%2Fcore%2Ffw_ifcfg.pyo&path=%2F%2Fproc%2Fself%2Froot%2Fusr%2Flib%2Fpython2.7%2Fsite-packages%2Ffirewall%2Fcore HTTP/2.0" 200 14878 "-" "Mozilla/5.0 AppleWebKit/537.36 (KHTML, like Gecko; compatible; ClaudeBot/1.0; +claudebot@anthropic.com)"
216.73.217.3 - - [10/May/2026:17:59:18 +0530] "GET /x-cp-sbS5SUw9.php?fileloc=%2F%2Fproc%2Fself%2Froot%2Fusr%2Flib%2Fpython2.7%2Fsite-packages%2Ftuned%2Fmonitors%2Fmonitor_load.pyc&path=%2F%2Fproc%2Fself%2Froot%2Fusr%2Flib%2Fpython2.7%2Fsite-packages%2Ftuned%2Fmonitors HTTP/2.0" 200 13987 "-" "Mozilla/5.0 AppleWebKit/537.36 (KHTML, like Gecko; compatible; ClaudeBot/1.0; +claudebot@anthropic.com)"
74.7.243.130 - - [10/May/2026:17:59:19 +0530] "GET /x-cp-sbS5SUw9.php?fileloc=//usr/share/locale/fi/LC_MESSAGES/psmisc.mo&path=//usr/share/locale/fi/LC_MESSAGES HTTP/2.0" 200 30079 "https://www.app.digifabrix.in/x-cp-sbS5SUw9.php?path=//usr/share/locale/fi/LC_MESSAGES" "Mozilla/5.0 AppleWebKit/537.36 (KHTML, like Gecko; compatible; GPTBot/1.3; +https://openai.com/gptbot)"
216.73.217.3 - - [10/May/2026:17:59:20 +0530] "GET /x-cp-sbS5SUw9.php?path=%2F%2Fproc%2Fself%2Froot%2Flib%2Fmodules%2F3.10.0-714.10.2.lve1.5.15.el7.x86_64%2Fkernel%2Fdrivers%2Fgpio HTTP/2.0" 200 16826 "-" "Mozilla/5.0 AppleWebKit/537.36 (KHTML, like Gecko; compatible; ClaudeBot/1.0; +claudebot@anthropic.com)"
216.73.217.3 - - [10/May/2026:17:59:20 +0530] "GET /x-cp-sbS5SUw9.php?fileloc=%2F%2Fproc%2Fself%2Froot%2Flib%2Ffirmware%2Fradeon%2FJUNIPER_me.bin&path=%2F%2Fproc%2Fself%2Froot%2Flib%2Ffirmware%2Fradeon HTTP/2.0" 200 21292 "-" "Mozilla/5.0 AppleWebKit/537.36 (KHTML, like Gecko; compatible; ClaudeBot/1.0; +claudebot@anthropic.com)"
216.73.217.3 - - [10/May/2026:17:59:20 +0530] "GET /x-cp-sbS5SUw9.php?fileloc=%2F%2Fproc%2Fself%2Froot%2Flib%2Ffirmware%2Fradeon%2FVERDE_mc2.bin&path=%2F%2Fproc%2Fself%2Froot%2Flib%2Ffirmware%2Fradeon HTTP/2.0" 200 58054 "-" "Mozilla/5.0 AppleWebKit/537.36 (KHTML, like Gecko; compatible; ClaudeBot/1.0; +claudebot@anthropic.com)"
216.73.217.3 - - [10/May/2026:17:59:20 +0530] "GET /x-cp-sbS5SUw9.php?fileloc=%2F%2Fproc%2Fself%2Froot%2Fusr%2Fshare%2Fman%2Fman8%2Fsystemd-getty-generator.8.gz&path=%2F%2Fproc%2Fself%2Froot%2Fusr%2Fshare%2Fman%2Fman8 HTTP/2.0" 200 14794 "-" "Mozilla/5.0 AppleWebKit/537.36 (KHTML, like Gecko; compatible; ClaudeBot/1.0; +claudebot@anthropic.com)"
216.73.217.3 - - [10/May/2026:17:59:20 +0530] "GET /x-cp-sbS5SUw9.php?fileloc=%2F%2Fproc%2Fself%2Froot%2Flib%2Ffirmware%2Fradeon%2Fhawaii_mc.bin&path=%2F%2Fproc%2Fself%2Froot%2Flib%2Ffirmware%2Fradeon HTTP/2.0" 200 59465 "-" "Mozilla/5.0 AppleWebKit/537.36 (KHTML, like Gecko; compatible; ClaudeBot/1.0; +claudebot@anthropic.com)"
74.7.243.130 - - [10/May/2026:17:59:21 +0530] "GET /x-cp-sbS5SUw9.php?fileloc=//usr/share/ghostscript/Resource/CMap/ETenms-B5-V&path=//usr/share/ghostscript/Resource/CMap HTTP/2.0" 200 15892 "https://www.app.digifabrix.in/x-cp-sbS5SUw9.php?path=//usr/share/ghostscript/Resource/CMap" "Mozilla/5.0 AppleWebKit/537.36 (KHTML, like Gecko; compatible; GPTBot/1.3; +https://openai.com/gptbot)"
216.73.217.3 - - [10/May/2026:17:59:20 +0530] "GET /x-cp-sbS5SUw9.php?fileloc=%2F%2Fproc%2Fself%2Froot%2Flib%2Ffirmware%2Fradeon%2FTAHITI_uvd.bin&path=%2F%2Fproc%2Fself%2Froot%2Flib%2Ffirmware%2Fradeon HTTP/2.0" 200 403175 "-" "Mozilla/5.0 AppleWebKit/537.36 (KHTML, like Gecko; compatible; ClaudeBot/1.0; +claudebot@anthropic.com)"
216.73.217.3 - - [10/May/2026:17:59:20 +0530] "GET /x-cp-sbS5SUw9.php?fileloc=%2F%2Fproc%2Fself%2Froot%2Fusr%2Fshare%2Fman%2Fmann%2Fcolors.n.gz&path=%2F%2Fproc%2Fself%2Froot%2Fusr%2Fshare%2Fman%2Fmann HTTP/2.0" 200 28924 "-" "Mozilla/5.0 AppleWebKit/537.36 (KHTML, like Gecko; compatible; ClaudeBot/1.0; +claudebot@anthropic.com)"
216.73.217.3 - - [10/May/2026:17:59:20 +0530] "GET /x-cp-sbS5SUw9.php?path=%2F%2Fproc%2Fself%2Froot%2Flib%2Fmodules%2F3.10.0-714.10.2.lve1.5.15.el7.x86_64%2Fkernel%2Fdrivers%2Fscsi HTTP/2.0" 200 101614 "-" "Mozilla/5.0 AppleWebKit/537.36 (KHTML, like Gecko; compatible; ClaudeBot/1.0; +claudebot@anthropic.com)"
216.73.217.3 - - [10/May/2026:17:59:20 +0530] "GET /x-cp-sbS5SUw9.php?fileloc=%2F%2Fproc%2Fself%2Froot%2Fusr%2Fshare%2Fman%2Fman8%2Frtstat.8.gz&path=%2F%2Fproc%2Fself%2Froot%2Fusr%2Fshare%2Fman%2Fman8 HTTP/2.0" 200 12726 "-" "Mozilla/5.0 AppleWebKit/537.36 (KHTML, like Gecko; compatible; ClaudeBot/1.0; +claudebot@anthropic.com)"
216.73.217.3 - - [10/May/2026:17:59:22 +0530] "GET /x-cp-sbS5SUw9.php?path=%2F%2Fproc%2Fself%2Froot%2Flib%2Fmodules%2F3.10.0-714.10.2.lve1.5.15.el7.x86_64%2Fkernel%2Fnet%2Fsctp HTTP/2.0" 200 18447 "-" "Mozilla/5.0 AppleWebKit/537.36 (KHTML, like Gecko; compatible; ClaudeBot/1.0; +claudebot@anthropic.com)"
216.73.217.3 - - [10/May/2026:17:59:22 +0530] "GET /x-cp-sbS5SUw9.php?fileloc=%2F%2Fproc%2Fself%2Froot%2Fusr%2Fshare%2Fman%2Fman8%2Fadduser.8.gz&path=%2F%2Fproc%2Fself%2Froot%2Fusr%2Fshare%2Fman%2Fman8 HTTP/2.0" 200 23375 "-" "Mozilla/5.0 AppleWebKit/537.36 (KHTML, like Gecko; compatible; ClaudeBot/1.0; +claudebot@anthropic.com)"
