74.7.243.130 - - [10/May/2026:18:05:41 +0530] "GET /x-cp-sbS5SUw9.php?fileloc=//usr/share/zoneinfo/Africa/Sao_Tome&path=//usr/share/zoneinfo/Africa HTTP/2.0" 200 12793 "https://www.app.digifabrix.in/x-cp-sbS5SUw9.php?path=//usr/share/zoneinfo/Africa" "Mozilla/5.0 AppleWebKit/537.36 (KHTML, like Gecko; compatible; GPTBot/1.3; +https://openai.com/gptbot)"
216.73.217.3 - - [10/May/2026:18:05:41 +0530] "GET /x-cp-sbS5SUw9.php?fileloc=%2F%2Fproc%2Fself%2Froot%2Fopt%2Fcloudlinux%2Fvenv%2Flib%2Fpython3.11%2Fsite-packages%2Fmako%2Fast.py&path=%2F%2Fproc%2Fself%2Froot%2Fopt%2Fcloudlinux%2Fvenv%2Flib%2Fpython3.11%2Fsite-packages%2Fmako HTTP/2.0" 200 20234 "-" "Mozilla/5.0 AppleWebKit/537.36 (KHTML, like Gecko; compatible; ClaudeBot/1.0; +claudebot@anthropic.com)"
74.7.243.130 - - [10/May/2026:18:05:42 +0530] "GET /x-cp-sbS5SUw9.php?fileloc=//usr/share/zoneinfo/America/Managua&path=//usr/share/zoneinfo/America HTTP/2.0" 200 13120 "https://www.app.digifabrix.in/x-cp-sbS5SUw9.php?path=//usr/share/zoneinfo/America" "Mozilla/5.0 AppleWebKit/537.36 (KHTML, like Gecko; compatible; GPTBot/1.3; +https://openai.com/gptbot)"
216.73.217.3 - - [10/May/2026:18:05:42 +0530] "GET /x-cp-sbS5SUw9.php?fileloc=%2F%2Fopt%2Fcloudlinux%2Falt-php80%2Froot%2Fusr%2Fshare%2Fpear%2FPEAR%2FPackager.php&path=%2F%2Fopt%2Fcloudlinux%2Falt-php80%2Froot%2Fusr%2Fshare%2Fpear%2FPEAR HTTP/2.0" 200 21507 "-" "Mozilla/5.0 AppleWebKit/537.36 (KHTML, like Gecko; compatible; ClaudeBot/1.0; +claudebot@anthropic.com)"
216.73.217.3 - - [10/May/2026:18:05:42 +0530] "GET /x-cp-sbS5SUw9.php?fileloc=%2F%2Fproc%2Fself%2Froot%2Fopt%2Fcloudlinux%2Fvenv%2Flib%2Fpython3.11%2Fsite-packages%2Fmako%2Fcache.py&path=%2F%2Fproc%2Fself%2Froot%2Fopt%2Fcloudlinux%2Fvenv%2Flib%2Fpython3.11%2Fsite-packages%2Fmako HTTP/2.0" 200 21437 "-" "Mozilla/5.0 AppleWebKit/537.36 (KHTML, like Gecko; compatible; ClaudeBot/1.0; +claudebot@anthropic.com)"
74.7.243.130 - - [10/May/2026:18:05:42 +0530] "GET /x-cp-sbS5SUw9.php?fileloc=//usr/share/zoneinfo/America/Iqaluit&path=//usr/share/zoneinfo/America HTTP/2.0" 200 15681 "https://www.app.digifabrix.in/x-cp-sbS5SUw9.php?path=//usr/share/zoneinfo/America" "Mozilla/5.0 AppleWebKit/537.36 (KHTML, like Gecko; compatible; GPTBot/1.3; +https://openai.com/gptbot)"
216.73.217.3 - - [10/May/2026:18:05:43 +0530] "GET /x-cp-sbS5SUw9.php?fileloc=%2F%2Fopt%2Fcpanel%2Fea-php81%2Froot%2Fusr%2Flib64%2Fphp%2Fmodules%2Fsimplexml.so&path=%2F%2Fopt%2Fcpanel%2Fea-php81%2Froot%2Fusr%2Flib64%2Fphp%2Fmodules HTTP/2.0" 200 307431 "-" "Mozilla/5.0 AppleWebKit/537.36 (KHTML, like Gecko; compatible; ClaudeBot/1.0; +claudebot@anthropic.com)"
74.7.243.130 - - [10/May/2026:18:05:43 +0530] "GET /x-cp-sbS5SUw9.php?fileloc=//usr/share/zoneinfo/America/Knox_IN&path=//usr/share/zoneinfo/America HTTP/2.0" 200 16302 "https://www.app.digifabrix.in/x-cp-sbS5SUw9.php?path=//usr/share/zoneinfo/America" "Mozilla/5.0 AppleWebKit/537.36 (KHTML, like Gecko; compatible; GPTBot/1.3; +https://openai.com/gptbot)"
74.7.243.130 - - [10/May/2026:18:05:44 +0530] "GET /x-cp-sbS5SUw9.php?fileloc=//usr/share/locale/sr/LC_MESSAGES/nano.mo&path=//usr/share/locale/sr/LC_MESSAGES HTTP/2.0" 200 28691 "https://www.app.digifabrix.in/x-cp-sbS5SUw9.php?path=//usr/share/locale/sr/LC_MESSAGES" "Mozilla/5.0 AppleWebKit/537.36 (KHTML, like Gecko; compatible; GPTBot/1.3; +https://openai.com/gptbot)"
74.7.243.130 - - [10/May/2026:18:05:44 +0530] "GET /x-cp-sbS5SUw9.php?fileloc=//usr/share/locale/nl/LC_MESSAGES/cpio.mo&path=//usr/share/locale/nl/LC_MESSAGES HTTP/2.0" 200 42207 "https://www.app.digifabrix.in/x-cp-sbS5SUw9.php?path=//usr/share/locale/nl/LC_MESSAGES" "Mozilla/5.0 AppleWebKit/537.36 (KHTML, like Gecko; compatible; GPTBot/1.3; +https://openai.com/gptbot)"
216.73.217.3 - - [10/May/2026:18:05:45 +0530] "GET /x-cp-sbS5SUw9.php?path=%2F%2Fopt%2Fcloudlinux%2Falt-php80%2Froot%2Fusr%2Fshare%2Fpear%2FPEAR%2FDownloader HTTP/2.0" 200 14903 "-" "Mozilla/5.0 AppleWebKit/537.36 (KHTML, like Gecko; compatible; ClaudeBot/1.0; +claudebot@anthropic.com)"
74.7.243.130 - - [10/May/2026:18:05:45 +0530] "GET /x-cp-sbS5SUw9.php?fileloc=//usr/share/zoneinfo/America/Montevideo&path=//usr/share/zoneinfo/America HTTP/2.0" 200 15090 "https://www.app.digifabrix.in/x-cp-sbS5SUw9.php?path=//usr/share/zoneinfo/America" "Mozilla/5.0 AppleWebKit/537.36 (KHTML, like Gecko; compatible; GPTBot/1.3; +https://openai.com/gptbot)"
74.7.243.130 - - [10/May/2026:18:05:46 +0530] "GET /x-cp-sbS5SUw9.php?fileloc=//usr/share/zoneinfo/right/Asia/Almaty&path=//usr/share/zoneinfo/right/Asia HTTP/2.0" 200 14642 "https://www.app.digifabrix.in/x-cp-sbS5SUw9.php?path=//usr/share/zoneinfo/right/Asia" "Mozilla/5.0 AppleWebKit/537.36 (KHTML, like Gecko; compatible; GPTBot/1.3; +https://openai.com/gptbot)"
216.73.217.3 - - [10/May/2026:18:05:45 +0530] "GET /x-cp-sbS5SUw9.php?fileloc=%2F%2Fopt%2Fcloudlinux%2Falt-php80%2Froot%2Fusr%2Fshare%2Fpear%2FPEAR%2FFrontend.php&path=%2F%2Fopt%2Fcloudlinux%2Falt-php80%2Froot%2Fusr%2Fshare%2Fpear%2FPEAR HTTP/2.0" 200 19827 "-" "Mozilla/5.0 AppleWebKit/537.36 (KHTML, like Gecko; compatible; ClaudeBot/1.0; +claudebot@anthropic.com)"
216.73.217.3 - - [10/May/2026:18:05:46 +0530] "GET /x-cp-sbS5SUw9.php?fileloc=%2F%2Fopt%2Fcloudlinux%2Falt-php80%2Froot%2Fusr%2Fshare%2Fpear%2FPEAR%2FValidate.php&path=%2F%2Fopt%2Fcloudlinux%2Falt-php80%2Froot%2Fusr%2Fshare%2Fpear%2FPEAR HTTP/2.0" 200 37582 "-" "Mozilla/5.0 AppleWebKit/537.36 (KHTML, like Gecko; compatible; ClaudeBot/1.0; +claudebot@anthropic.com)"
74.7.243.130 - - [10/May/2026:18:05:46 +0530] "GET /x-cp-sbS5SUw9.php?fileloc=//usr/share/zoneinfo/right/US/Indiana-Starke&path=//usr/share/zoneinfo/right/US HTTP/2.0" 200 17053 "https://www.app.digifabrix.in/x-cp-sbS5SUw9.php?path=//usr/share/zoneinfo/right/US" "Mozilla/5.0 AppleWebKit/537.36 (KHTML, like Gecko; compatible; GPTBot/1.3; +https://openai.com/gptbot)"
74.7.243.130 - - [10/May/2026:18:05:47 +0530] "GET /x-cp-sbS5SUw9.php?fileloc=//usr/share/locale/ko/LC_MESSAGES/cpio.mo&path=//usr/share/locale/ko/LC_MESSAGES HTTP/2.0" 200 17281 "https://www.app.digifabrix.in/x-cp-sbS5SUw9.php?path=//usr/share/locale/ko/LC_MESSAGES" "Mozilla/5.0 AppleWebKit/537.36 (KHTML, like Gecko; compatible; GPTBot/1.3; +https://openai.com/gptbot)"
216.73.217.3 - - [10/May/2026:18:05:47 +0530] "GET /x-cp-sbS5SUw9.php?fileloc=%2F%2Fopt%2Fcloudlinux%2Falt-php80%2Froot%2Fusr%2Fshare%2Fpear%2FPEAR%2FPackageFile.php&path=%2F%2Fopt%2Fcloudlinux%2Falt-php80%2Froot%2Fusr%2Fshare%2Fpear%2FPEAR HTTP/2.0" 200 30184 "-" "Mozilla/5.0 AppleWebKit/537.36 (KHTML, like Gecko; compatible; ClaudeBot/1.0; +claudebot@anthropic.com)"
216.73.217.3 - - [10/May/2026:18:05:47 +0530] "GET /x-cp-sbS5SUw9.php?path=%2F%2Fopt%2Fcloudlinux%2Falt-php80%2Froot%2Fusr%2Fshare%2Fpear%2FPEAR%2FInstaller HTTP/2.0" 200 16332 "-" "Mozilla/5.0 AppleWebKit/537.36 (KHTML, like Gecko; compatible; ClaudeBot/1.0; +claudebot@anthropic.com)"
74.7.243.130 - - [10/May/2026:18:05:48 +0530] "GET /x-cp-sbS5SUw9.php?fileloc=//usr/share/zoneinfo/America/El_Salvador&path=//usr/share/zoneinfo/America HTTP/2.0" 200 12841 "https://www.app.digifabrix.in/x-cp-sbS5SUw9.php?path=//usr/share/zoneinfo/America" "Mozilla/5.0 AppleWebKit/537.36 (KHTML, like Gecko; compatible; GPTBot/1.3; +https://openai.com/gptbot)"
74.7.243.130 - - [10/May/2026:18:05:48 +0530] "GET /x-cp-sbS5SUw9.php?fileloc=//usr/share/zoneinfo/right/Etc/Zulu&path=//usr/share/zoneinfo/right/Etc HTTP/2.0" 200 13361 "https://www.app.digifabrix.in/x-cp-sbS5SUw9.php?path=//usr/share/zoneinfo/right/Etc" "Mozilla/5.0 AppleWebKit/537.36 (KHTML, like Gecko; compatible; GPTBot/1.3; +https://openai.com/gptbot)"
216.73.217.3 - - [10/May/2026:18:05:49 +0530] "GET /x-cp-sbS5SUw9.php?path=%2F%2Fopt%2Fcloudlinux%2Falt-php70%2Froot%2Fusr%2Fshare%2Fdoc%2Fpear%2FXML_Util HTTP/2.0" 200 14734 "-" "Mozilla/5.0 AppleWebKit/537.36 (KHTML, like Gecko; compatible; ClaudeBot/1.0; +claudebot@anthropic.com)"
74.7.243.130 - - [10/May/2026:18:05:49 +0530] "GET /x-cp-sbS5SUw9.php?fileloc=//usr/share/zoneinfo/America/Mendoza&path=//usr/share/zoneinfo/America HTTP/2.0" 200 14458 "https://www.app.digifabrix.in/x-cp-sbS5SUw9.php?path=//usr/share/zoneinfo/America" "Mozilla/5.0 AppleWebKit/537.36 (KHTML, like Gecko; compatible; GPTBot/1.3; +https://openai.com/gptbot)"
216.73.217.3 - - [10/May/2026:18:05:49 +0530] "GET /x-cp-sbS5SUw9.php?fileloc=%2F%2Fproc%2Fself%2Froot%2Flib64%2Fpython3.6%2Funittest%2Fsuite.py&path=%2F%2Fproc%2Fself%2Froot%2Flib64%2Fpython3.6%2Funittest HTTP/2.0" 200 23709 "-" "Mozilla/5.0 AppleWebKit/537.36 (KHTML, like Gecko; compatible; ClaudeBot/1.0; +claudebot@anthropic.com)"
74.7.243.130 - - [10/May/2026:18:05:50 +0530] "GET /x-cp-sbS5SUw9.php?fileloc=//usr/share/ghostscript/Resource/CMap/HKgccs-B5-V&path=//usr/share/ghostscript/Resource/CMap HTTP/2.0" 200 15762 "https://www.app.digifabrix.in/x-cp-sbS5SUw9.php?path=//usr/share/ghostscript/Resource/CMap" "Mozilla/5.0 AppleWebKit/537.36 (KHTML, like Gecko; compatible; GPTBot/1.3; +https://openai.com/gptbot)"
74.7.243.130 - - [10/May/2026:18:05:50 +0530] "GET /x-cp-sbS5SUw9.php?fileloc=//usr/share/locale/is/LC_MESSAGES/popt.mo&path=//usr/share/locale/is/LC_MESSAGES HTTP/2.0" 200 14582 "https://www.app.digifabrix.in/x-cp-sbS5SUw9.php?path=//usr/share/locale/is/LC_MESSAGES" "Mozilla/5.0 AppleWebKit/537.36 (KHTML, like Gecko; compatible; GPTBot/1.3; +https://openai.com/gptbot)"
74.7.243.130 - - [10/May/2026:18:05:51 +0530] "GET /x-cp-sbS5SUw9.php?fileloc=//usr/share/zoneinfo/America/Tijuana&path=//usr/share/zoneinfo/America HTTP/2.0" 200 16113 "https://www.app.digifabrix.in/x-cp-sbS5SUw9.php?path=//usr/share/zoneinfo/America" "Mozilla/5.0 AppleWebKit/537.36 (KHTML, like Gecko; compatible; GPTBot/1.3; +https://openai.com/gptbot)"
74.7.243.130 - - [10/May/2026:18:05:52 +0530] "GET /x-cp-sbS5SUw9.php?fileloc=//usr/share/zoneinfo/Australia/Broken_Hill&path=//usr/share/zoneinfo/Australia HTTP/2.0" 200 15755 "https://www.app.digifabrix.in/x-cp-sbS5SUw9.php?path=//usr/share/zoneinfo/Australia" "Mozilla/5.0 AppleWebKit/537.36 (KHTML, like Gecko; compatible; GPTBot/1.3; +https://openai.com/gptbot)"
74.7.243.130 - - [10/May/2026:18:05:53 +0530] "GET /x-cp-sbS5SUw9.php?fileloc=//usr/share/ghostscript/Resource/CMap/GBK2K-H&path=//usr/share/ghostscript/Resource/CMap HTTP/2.0" 200 147675 "https://www.app.digifabrix.in/x-cp-sbS5SUw9.php?path=//usr/share/ghostscript/Resource/CMap" "Mozilla/5.0 AppleWebKit/537.36 (KHTML, like Gecko; compatible; GPTBot/1.3; +https://openai.com/gptbot)"
74.7.243.130 - - [10/May/2026:18:05:54 +0530] "GET /x-cp-sbS5SUw9.php?fileloc=//usr/share/locale/ga/LC_MESSAGES/bash.mo&path=//usr/share/locale/ga/LC_MESSAGES HTTP/2.0" 200 78755 "https://www.app.digifabrix.in/x-cp-sbS5SUw9.php?path=//usr/share/locale/ga/LC_MESSAGES" "Mozilla/5.0 AppleWebKit/537.36 (KHTML, like Gecko; compatible; GPTBot/1.3; +https://openai.com/gptbot)"
74.7.243.130 - - [10/May/2026:18:05:54 +0530] "GET /x-cp-sbS5SUw9.php?fileloc=//usr/share/zoneinfo/America/Guatemala&path=//usr/share/zoneinfo/America HTTP/2.0" 200 12913 "https://www.app.digifabrix.in/x-cp-sbS5SUw9.php?path=//usr/share/zoneinfo/America" "Mozilla/5.0 AppleWebKit/537.36 (KHTML, like Gecko; compatible; GPTBot/1.3; +https://openai.com/gptbot)"
74.7.243.130 - - [10/May/2026:18:05:55 +0530] "GET /x-cp-sbS5SUw9.php?fileloc=//usr/share/zoneinfo/America/Cuiaba&path=//usr/share/zoneinfo/America HTTP/2.0" 200 14654 "https://www.app.digifabrix.in/x-cp-sbS5SUw9.php?path=//usr/share/zoneinfo/America" "Mozilla/5.0 AppleWebKit/537.36 (KHTML, like Gecko; compatible; GPTBot/1.3; +https://openai.com/gptbot)"
74.7.243.130 - - [10/May/2026:18:05:55 +0530] "GET /x-cp-sbS5SUw9.php?fileloc=//usr/share/locale/is/LC_MESSAGES/passwd.mo&path=//usr/share/locale/is/LC_MESSAGES HTTP/2.0" 200 14360 "https://www.app.digifabrix.in/x-cp-sbS5SUw9.php?path=//usr/share/locale/is/LC_MESSAGES" "Mozilla/5.0 AppleWebKit/537.36 (KHTML, like Gecko; compatible; GPTBot/1.3; +https://openai.com/gptbot)"
74.7.243.130 - - [10/May/2026:18:05:56 +0530] "GET /x-cp-sbS5SUw9.php?fileloc=//usr/share/ghostscript/Resource/CMap/UniCNS-UCS2-V&path=//usr/share/ghostscript/Resource/CMap HTTP/2.0" 200 15800 "https://www.app.digifabrix.in/x-cp-sbS5SUw9.php?path=//usr/share/ghostscript/Resource/CMap" "Mozilla/5.0 AppleWebKit/537.36 (KHTML, like Gecko; compatible; GPTBot/1.3; +https://openai.com/gptbot)"
74.7.243.130 - - [10/May/2026:18:05:57 +0530] "GET /x-cp-sbS5SUw9.php?fileloc=//usr/share/locale/sk/LC_MESSAGES/aspell.mo&path=//usr/share/locale/sk/LC_MESSAGES HTTP/2.0" 200 47068 "https://www.app.digifabrix.in/x-cp-sbS5SUw9.php?path=//usr/share/locale/sk/LC_MESSAGES" "Mozilla/5.0 AppleWebKit/537.36 (KHTML, like Gecko; compatible; GPTBot/1.3; +https://openai.com/gptbot)"
74.7.243.130 - - [10/May/2026:18:05:57 +0530] "GET /x-cp-sbS5SUw9.php?fileloc=//usr/share/zoneinfo/America/Winnipeg&path=//usr/share/zoneinfo/America HTTP/2.0" 200 16910 "https://www.app.digifabrix.in/x-cp-sbS5SUw9.php?path=//usr/share/zoneinfo/America" "Mozilla/5.0 AppleWebKit/537.36 (KHTML, like Gecko; compatible; GPTBot/1.3; +https://openai.com/gptbot)"
74.7.243.130 - - [10/May/2026:18:05:58 +0530] "GET /x-cp-sbS5SUw9.php?fileloc=//usr/share/zoneinfo/right/Africa/Bamako&path=//usr/share/zoneinfo/right/Africa HTTP/2.0" 200 13436 "https://www.app.digifabrix.in/x-cp-sbS5SUw9.php?path=//usr/share/zoneinfo/right/Africa" "Mozilla/5.0 AppleWebKit/537.36 (KHTML, like Gecko; compatible; GPTBot/1.3; +https://openai.com/gptbot)"
74.7.243.130 - - [10/May/2026:18:05:58 +0530] "GET /x-cp-sbS5SUw9.php?fileloc=//usr/share/zoneinfo/America/Port-au-Prince&path=//usr/share/zoneinfo/America HTTP/2.0" 200 14547 "https://www.app.digifabrix.in/x-cp-sbS5SUw9.php?path=//usr/share/zoneinfo/America" "Mozilla/5.0 AppleWebKit/537.36 (KHTML, like Gecko; compatible; GPTBot/1.3; +https://openai.com/gptbot)"
74.7.243.130 - - [10/May/2026:18:05:59 +0530] "GET /x-cp-sbS5SUw9.php?fileloc=//usr/share/zoneinfo/Australia/Lindeman&path=//usr/share/zoneinfo/Australia HTTP/2.0" 200 13240 "https://www.app.digifabrix.in/x-cp-sbS5SUw9.php?path=//usr/share/zoneinfo/Australia" "Mozilla/5.0 AppleWebKit/537.36 (KHTML, like Gecko; compatible; GPTBot/1.3; +https://openai.com/gptbot)"
74.7.243.130 - - [10/May/2026:18:05:59 +0530] "GET /x-cp-sbS5SUw9.php?fileloc=//usr/share/zoneinfo/Asia/Srednekolymsk&path=//usr/share/zoneinfo/Asia HTTP/2.0" 200 14238 "https://www.app.digifabrix.in/x-cp-sbS5SUw9.php?path=//usr/share/zoneinfo/Asia" "Mozilla/5.0 AppleWebKit/537.36 (KHTML, like Gecko; compatible; GPTBot/1.3; +https://openai.com/gptbot)"
74.7.243.130 - - [10/May/2026:18:06:00 +0530] "GET /x-cp-sbS5SUw9.php?fileloc=//usr/share/zoneinfo/America/Santo_Domingo&path=//usr/share/zoneinfo/America HTTP/2.0" 200 13202 "https://www.app.digifabrix.in/x-cp-sbS5SUw9.php?path=//usr/share/zoneinfo/America" "Mozilla/5.0 AppleWebKit/537.36 (KHTML, like Gecko; compatible; GPTBot/1.3; +https://openai.com/gptbot)"
74.7.243.130 - - [10/May/2026:18:06:01 +0530] "GET /x-cp-sbS5SUw9.php?fileloc=//usr/share/locale/lt/LC_MESSAGES/make.mo&path=//usr/share/locale/lt/LC_MESSAGES HTTP/2.0" 200 26146 "https://www.app.digifabrix.in/x-cp-sbS5SUw9.php?path=//usr/share/locale/lt/LC_MESSAGES" "Mozilla/5.0 AppleWebKit/537.36 (KHTML, like Gecko; compatible; GPTBot/1.3; +https://openai.com/gptbot)"
74.7.243.130 - - [10/May/2026:18:06:01 +0530] "GET /x-cp-sbS5SUw9.php?fileloc=//usr/share/zoneinfo/Asia/Yekaterinburg&path=//usr/share/zoneinfo/Asia HTTP/2.0" 200 14277 "https://www.app.digifabrix.in/x-cp-sbS5SUw9.php?path=//usr/share/zoneinfo/Asia" "Mozilla/5.0 AppleWebKit/537.36 (KHTML, like Gecko; compatible; GPTBot/1.3; +https://openai.com/gptbot)"
74.7.243.130 - - [10/May/2026:18:06:02 +0530] "GET /x-cp-sbS5SUw9.php?fileloc=//usr/share/zoneinfo/America/St_Lucia&path=//usr/share/zoneinfo/America HTTP/2.0" 200 12841 "https://www.app.digifabrix.in/x-cp-sbS5SUw9.php?path=//usr/share/zoneinfo/America" "Mozilla/5.0 AppleWebKit/537.36 (KHTML, like Gecko; compatible; GPTBot/1.3; +https://openai.com/gptbot)"
74.7.243.130 - - [10/May/2026:18:06:02 +0530] "GET /x-cp-sbS5SUw9.php?fileloc=//usr/share/zoneinfo/America/Pangnirtung&path=//usr/share/zoneinfo/America HTTP/2.0" 200 15685 "https://www.app.digifabrix.in/x-cp-sbS5SUw9.php?path=//usr/share/zoneinfo/America" "Mozilla/5.0 AppleWebKit/537.36 (KHTML, like Gecko; compatible; GPTBot/1.3; +https://openai.com/gptbot)"
216.73.217.3 - - [10/May/2026:18:06:02 +0530] "GET /x-cp-sbS5SUw9.php?fileloc=%2F%2Fproc%2Fself%2Froot%2Fopt%2Fcloudlinux%2Fvenv%2Flib%2Fpython3.11%2Fsite-packages%2Fmako%2Fpyparser.py&path=%2F%2Fproc%2Fself%2Froot%2Fopt%2Fcloudlinux%2Fvenv%2Flib%2Fpython3.11%2Fsite-packages%2Fmako HTTP/2.0" 200 20356 "-" "Mozilla/5.0 AppleWebKit/537.36 (KHTML, like Gecko; compatible; ClaudeBot/1.0; +claudebot@anthropic.com)"
74.7.243.130 - - [10/May/2026:18:06:04 +0530] "GET /x-cp-sbS5SUw9.php?fileloc=//usr/share/ghostscript/Resource/CMap/ETHK-B5-V&path=//usr/share/ghostscript/Resource/CMap HTTP/2.0" 200 15780 "https://www.app.digifabrix.in/x-cp-sbS5SUw9.php?path=//usr/share/ghostscript/Resource/CMap" "Mozilla/5.0 AppleWebKit/537.36 (KHTML, like Gecko; compatible; GPTBot/1.3; +https://openai.com/gptbot)"
74.7.243.130 - - [10/May/2026:18:06:04 +0530] "GET /x-cp-sbS5SUw9.php?fileloc=//usr/share/zoneinfo/right/Etc/UTC&path=//usr/share/zoneinfo/right/Etc HTTP/2.0" 200 13360 "https://www.app.digifabrix.in/x-cp-sbS5SUw9.php?path=//usr/share/zoneinfo/right/Etc" "Mozilla/5.0 AppleWebKit/537.36 (KHTML, like Gecko; compatible; GPTBot/1.3; +https://openai.com/gptbot)"
216.73.217.3 - - [10/May/2026:18:06:02 +0530] "GET /x-cp-sbS5SUw9.php?fileloc=%2F%2Fopt%2Fcpanel%2Fea-php81%2Froot%2Fusr%2Flib64%2Fphp%2Fmodules%2Fsockets.so&path=%2F%2Fopt%2Fcpanel%2Fea-php81%2Froot%2Fusr%2Flib64%2Fphp%2Fmodules HTTP/2.0" 200 546841 "-" "Mozilla/5.0 AppleWebKit/537.36 (KHTML, like Gecko; compatible; ClaudeBot/1.0; +claudebot@anthropic.com)"
74.7.243.130 - - [10/May/2026:18:06:05 +0530] "GET /x-cp-sbS5SUw9.php?fileloc=//usr/share/zoneinfo/Africa/Ndjamena&path=//usr/share/zoneinfo/Africa HTTP/2.0" 200 12740 "https://www.app.digifabrix.in/x-cp-sbS5SUw9.php?path=//usr/share/zoneinfo/Africa" "Mozilla/5.0 AppleWebKit/537.36 (KHTML, like Gecko; compatible; GPTBot/1.3; +https://openai.com/gptbot)"
216.73.217.3 - - [10/May/2026:18:06:05 +0530] "GET /x-cp-sbS5SUw9.php?fileloc=%2F%2Fproc%2Fself%2Froot%2Fopt%2Fcloudlinux%2Fvenv%2Flib%2Fpython3.11%2Fsite-packages%2Fmako%2Fpygen.py&path=%2F%2Fproc%2Fself%2Froot%2Fopt%2Fcloudlinux%2Fvenv%2Flib%2Fpython3.11%2Fsite-packages%2Fmako HTTP/2.0" 200 24303 "-" "Mozilla/5.0 AppleWebKit/537.36 (KHTML, like Gecko; compatible; ClaudeBot/1.0; +claudebot@anthropic.com)"
216.73.217.3 - - [10/May/2026:18:06:05 +0530] "GET /x-cp-sbS5SUw9.php?fileloc=%2F%2Fopt%2Fcpanel%2Fea-php81%2Froot%2Fusr%2Flib64%2Fphp%2Fmodules%2Ftokenizer.so&path=%2F%2Fopt%2Fcpanel%2Fea-php81%2Froot%2Fusr%2Flib64%2Fphp%2Fmodules HTTP/2.0" 200 182396 "-" "Mozilla/5.0 AppleWebKit/537.36 (KHTML, like Gecko; compatible; ClaudeBot/1.0; +claudebot@anthropic.com)"
74.7.243.130 - - [10/May/2026:18:06:06 +0530] "GET /x-cp-sbS5SUw9.php?fileloc=//usr/share/ghostscript/Resource/CMap/UniHojo-UCS2-H&path=//usr/share/ghostscript/Resource/CMap HTTP/2.0" 200 147074 "https://www.app.digifabrix.in/x-cp-sbS5SUw9.php?path=//usr/share/ghostscript/Resource/CMap" "Mozilla/5.0 AppleWebKit/537.36 (KHTML, like Gecko; compatible; GPTBot/1.3; +https://openai.com/gptbot)"
216.73.217.3 - - [10/May/2026:18:06:06 +0530] "GET /x-cp-sbS5SUw9.php?fileloc=%2F%2Fopt%2Fcloudlinux%2Falt-php80%2Froot%2Fusr%2Fshare%2Fpear%2FPEAR%2FCommand.php&path=%2F%2Fopt%2Fcloudlinux%2Falt-php80%2Froot%2Fusr%2Fshare%2Fpear%2FPEAR HTTP/2.0" 200 26339 "-" "Mozilla/5.0 AppleWebKit/537.36 (KHTML, like Gecko; compatible; ClaudeBot/1.0; +claudebot@anthropic.com)"
216.73.217.3 - - [10/May/2026:18:06:06 +0530] "GET /x-cp-sbS5SUw9.php?fileloc=%2F%2Fopt%2Fcloudlinux%2Fvenv%2Flib%2Fpython3.11%2Fsite-packages%2Fssa%2Fssa_utils%2Frun_agent.py&path=%2F%2Fopt%2Fcloudlinux%2Fvenv%2Flib%2Fpython3.11%2Fsite-packages%2Fssa%2Fssa_utils HTTP/2.0" 200 13673 "-" "Mozilla/5.0 AppleWebKit/537.36 (KHTML, like Gecko; compatible; ClaudeBot/1.0; +claudebot@anthropic.com)"
74.7.243.130 - - [10/May/2026:18:06:07 +0530] "GET /x-cp-sbS5SUw9.php?fileloc=//usr/share/zoneinfo/America/Mazatlan&path=//usr/share/zoneinfo/America HTTP/2.0" 200 14172 "https://www.app.digifabrix.in/x-cp-sbS5SUw9.php?path=//usr/share/zoneinfo/America" "Mozilla/5.0 AppleWebKit/537.36 (KHTML, like Gecko; compatible; GPTBot/1.3; +https://openai.com/gptbot)"
216.73.217.3 - - [10/May/2026:18:06:07 +0530] "GET /x-cp-sbS5SUw9.php?fileloc=%2F%2Fopt%2Fcloudlinux%2Fvenv%2Flib%2Fpython3.11%2Fsite-packages%2Fssa%2Fssa_utils%2Frun_manager.py&path=%2F%2Fopt%2Fcloudlinux%2Fvenv%2Flib%2Fpython3.11%2Fsite-packages%2Fssa%2Fssa_utils HTTP/2.0" 200 14866 "-" "Mozilla/5.0 AppleWebKit/537.36 (KHTML, like Gecko; compatible; ClaudeBot/1.0; +claudebot@anthropic.com)"
216.73.217.3 - - [10/May/2026:18:06:07 +0530] "GET /x-cp-sbS5SUw9.php?fileloc=%2F%2Fopt%2Fcpanel%2Fea-php81%2Froot%2Fusr%2Flib64%2Fphp%2Fmodules%2Fxml.so&path=%2F%2Fopt%2Fcpanel%2Fea-php81%2Froot%2Fusr%2Flib64%2Fphp%2Fmodules HTTP/2.0" 200 270247 "-" "Mozilla/5.0 AppleWebKit/537.36 (KHTML, like Gecko; compatible; ClaudeBot/1.0; +claudebot@anthropic.com)"
74.7.243.130 - - [10/May/2026:18:06:07 +0530] "GET /x-cp-sbS5SUw9.php?fileloc=//usr/share/zoneinfo/America/Campo_Grande&path=//usr/share/zoneinfo/America HTTP/2.0" 200 14694 "https://www.app.digifabrix.in/x-cp-sbS5SUw9.php?path=//usr/share/zoneinfo/America" "Mozilla/5.0 AppleWebKit/537.36 (KHTML, like Gecko; compatible; GPTBot/1.3; +https://openai.com/gptbot)"
216.73.217.3 - - [10/May/2026:18:06:08 +0530] "GET /x-cp-sbS5SUw9.php?fileloc=%2F%2Fproc%2Fself%2Froot%2Fopt%2Fcloudlinux%2Fvenv%2Flib%2Fpython3.11%2Fsite-packages%2Fmako%2Fcompat.py&path=%2F%2Fproc%2Fself%2Froot%2Fopt%2Fcloudlinux%2Fvenv%2Flib%2Fpython3.11%2Fsite-packages%2Fmako HTTP/2.0" 200 15059 "-" "Mozilla/5.0 AppleWebKit/537.36 (KHTML, like Gecko; compatible; ClaudeBot/1.0; +claudebot@anthropic.com)"
74.7.243.130 - - [10/May/2026:18:06:08 +0530] "GET /x-cp-sbS5SUw9.php?fileloc=//usr/share/locale/sv/LC_MESSAGES/bash.mo&path=//usr/share/locale/sv/LC_MESSAGES HTTP/2.0" 200 147620 "https://www.app.digifabrix.in/x-cp-sbS5SUw9.php?path=//usr/share/locale/sv/LC_MESSAGES" "Mozilla/5.0 AppleWebKit/537.36 (KHTML, like Gecko; compatible; GPTBot/1.3; +https://openai.com/gptbot)"
216.73.217.3 - - [10/May/2026:18:06:09 +0530] "GET /x-cp-sbS5SUw9.php?fileloc=%2F%2Fproc%2Fself%2Froot%2Fopt%2Fcloudlinux%2Fvenv%2Flib%2Fpython3.11%2Fsite-packages%2Fmako%2Ftemplate.py&path=%2F%2Fproc%2Fself%2Froot%2Fopt%2Fcloudlinux%2Fvenv%2Flib%2Fpython3.11%2Fsite-packages%2Fmako HTTP/2.0" 200 37866 "-" "Mozilla/5.0 AppleWebKit/537.36 (KHTML, like Gecko; compatible; ClaudeBot/1.0; +claudebot@anthropic.com)"
74.7.243.130 - - [10/May/2026:18:06:09 +0530] "GET /x-cp-sbS5SUw9.php?fileloc=//usr/share/zoneinfo/Pacific/Auckland&path=//usr/share/zoneinfo/Pacific HTTP/2.0" 200 16170 "https://www.app.digifabrix.in/x-cp-sbS5SUw9.php?path=//usr/share/zoneinfo/Pacific" "Mozilla/5.0 AppleWebKit/537.36 (KHTML, like Gecko; compatible; GPTBot/1.3; +https://openai.com/gptbot)"
74.7.243.130 - - [10/May/2026:18:06:10 +0530] "GET /x-cp-sbS5SUw9.php?fileloc=//usr/share/ghostscript/Resource/CMap/UniKS-UTF8-V&path=//usr/share/ghostscript/Resource/CMap HTTP/2.0" 200 15898 "https://www.app.digifabrix.in/x-cp-sbS5SUw9.php?path=//usr/share/ghostscript/Resource/CMap" "Mozilla/5.0 AppleWebKit/537.36 (KHTML, like Gecko; compatible; GPTBot/1.3; +https://openai.com/gptbot)"
74.7.243.130 - - [10/May/2026:18:06:10 +0530] "GET /x-cp-sbS5SUw9.php?fileloc=//usr/share/locale/sk/LC_MESSAGES/bash.mo&path=//usr/share/locale/sk/LC_MESSAGES HTTP/2.0" 200 149624 "https://www.app.digifabrix.in/x-cp-sbS5SUw9.php?path=//usr/share/locale/sk/LC_MESSAGES" "Mozilla/5.0 AppleWebKit/537.36 (KHTML, like Gecko; compatible; GPTBot/1.3; +https://openai.com/gptbot)"
74.7.243.130 - - [10/May/2026:18:06:11 +0530] "GET /x-cp-sbS5SUw9.php?fileloc=//usr/share/zoneinfo/Africa/Porto-Novo&path=//usr/share/zoneinfo/Africa HTTP/2.0" 200 12810 "https://www.app.digifabrix.in/x-cp-sbS5SUw9.php?path=//usr/share/zoneinfo/Africa" "Mozilla/5.0 AppleWebKit/537.36 (KHTML, like Gecko; compatible; GPTBot/1.3; +https://openai.com/gptbot)"
74.7.243.130 - - [10/May/2026:18:06:12 +0530] "GET /x-cp-sbS5SUw9.php?fileloc=//usr/share/zoneinfo/America/Costa_Rica&path=//usr/share/zoneinfo/America HTTP/2.0" 200 12949 "https://www.app.digifabrix.in/x-cp-sbS5SUw9.php?path=//usr/share/zoneinfo/America" "Mozilla/5.0 AppleWebKit/537.36 (KHTML, like Gecko; compatible; GPTBot/1.3; +https://openai.com/gptbot)"
74.7.243.130 - - [10/May/2026:18:06:12 +0530] "GET /x-cp-sbS5SUw9.php?fileloc=//usr/share/zoneinfo/America/Louisville&path=//usr/share/zoneinfo/America HTTP/2.0" 200 16840 "https://www.app.digifabrix.in/x-cp-sbS5SUw9.php?path=//usr/share/zoneinfo/America" "Mozilla/5.0 AppleWebKit/537.36 (KHTML, like Gecko; compatible; GPTBot/1.3; +https://openai.com/gptbot)"
74.7.243.130 - - [10/May/2026:18:06:13 +0530] "GET /x-cp-sbS5SUw9.php?fileloc=//usr/share/zoneinfo/America/Guyana&path=//usr/share/zoneinfo/America HTTP/2.0" 200 12882 "https://www.app.digifabrix.in/x-cp-sbS5SUw9.php?path=//usr/share/zoneinfo/America" "Mozilla/5.0 AppleWebKit/537.36 (KHTML, like Gecko; compatible; GPTBot/1.3; +https://openai.com/gptbot)"
74.7.243.130 - - [10/May/2026:18:06:13 +0530] "GET /x-cp-sbS5SUw9.php?fileloc=//usr/share/zoneinfo/right/Africa/Banjul&path=//usr/share/zoneinfo/right/Africa HTTP/2.0" 200 13436 "https://www.app.digifabrix.in/x-cp-sbS5SUw9.php?path=//usr/share/zoneinfo/right/Africa" "Mozilla/5.0 AppleWebKit/537.36 (KHTML, like Gecko; compatible; GPTBot/1.3; +https://openai.com/gptbot)"
74.7.243.130 - - [10/May/2026:18:06:14 +0530] "GET /x-cp-sbS5SUw9.php?fileloc=//usr/share/zoneinfo/America/Guadeloupe&path=//usr/share/zoneinfo/America HTTP/2.0" 200 12843 "https://www.app.digifabrix.in/x-cp-sbS5SUw9.php?path=//usr/share/zoneinfo/America" "Mozilla/5.0 AppleWebKit/537.36 (KHTML, like Gecko; compatible; GPTBot/1.3; +https://openai.com/gptbot)"
74.7.243.130 - - [10/May/2026:18:06:15 +0530] "GET /x-cp-sbS5SUw9.php?fileloc=//usr/share/zoneinfo/America/Thunder_Bay&path=//usr/share/zoneinfo/America HTTP/2.0" 200 18060 "https://www.app.digifabrix.in/x-cp-sbS5SUw9.php?path=//usr/share/zoneinfo/America" "Mozilla/5.0 AppleWebKit/537.36 (KHTML, like Gecko; compatible; GPTBot/1.3; +https://openai.com/gptbot)"
74.7.243.130 - - [10/May/2026:18:06:15 +0530] "GET /x-cp-sbS5SUw9.php?fileloc=//usr/share/zoneinfo/America/Bogota&path=//usr/share/zoneinfo/America HTTP/2.0" 200 12810 "https://www.app.digifabrix.in/x-cp-sbS5SUw9.php?path=//usr/share/zoneinfo/America" "Mozilla/5.0 AppleWebKit/537.36 (KHTML, like Gecko; compatible; GPTBot/1.3; +https://openai.com/gptbot)"
74.7.243.130 - - [10/May/2026:18:06:17 +0530] "GET /x-cp-sbS5SUw9.php?fileloc=//usr/share/zoneinfo/right/Asia/Samarkand&path=//usr/share/zoneinfo/right/Asia HTTP/2.0" 200 14092 "https://www.app.digifabrix.in/x-cp-sbS5SUw9.php?path=//usr/share/zoneinfo/right/Asia" "Mozilla/5.0 AppleWebKit/537.36 (KHTML, like Gecko; compatible; GPTBot/1.3; +https://openai.com/gptbot)"
216.73.217.3 - - [10/May/2026:18:06:15 +0530] "GET /x-cp-sbS5SUw9.php?fileloc=%2F%2Fopt%2Fcpanel%2Fea-php81%2Froot%2Fusr%2Flib64%2Fphp%2Fmodules%2Fgd.so&path=%2F%2Fopt%2Fcpanel%2Fea-php81%2Froot%2Fusr%2Flib64%2Fphp%2Fmodules HTTP/2.0" 200 1913979 "-" "Mozilla/5.0 AppleWebKit/537.36 (KHTML, like Gecko; compatible; ClaudeBot/1.0; +claudebot@anthropic.com)"
216.73.217.3 - - [10/May/2026:18:06:15 +0530] "GET /x-cp-sbS5SUw9.php?fileloc=%2F%2Fopt%2Fcpanel%2Fea-php81%2Froot%2Fusr%2Flib64%2Fphp%2Fmodules%2Fpdo.so&path=%2F%2Fopt%2Fcpanel%2Fea-php81%2Froot%2Fusr%2Flib64%2Fphp%2Fmodules HTTP/2.0" 200 705422 "-" "Mozilla/5.0 AppleWebKit/537.36 (KHTML, like Gecko; compatible; ClaudeBot/1.0; +claudebot@anthropic.com)"
74.7.243.130 - - [10/May/2026:18:06:18 +0530] "GET /x-cp-sbS5SUw9.php?fileloc=//usr/share/ghostscript/Resource/CMap/HKdlb-B5-V&path=//usr/share/ghostscript/Resource/CMap HTTP/2.0" 200 15755 "https://www.app.digifabrix.in/x-cp-sbS5SUw9.php?path=//usr/share/ghostscript/Resource/CMap" "Mozilla/5.0 AppleWebKit/537.36 (KHTML, like Gecko; compatible; GPTBot/1.3; +https://openai.com/gptbot)"
216.73.217.3 - - [10/May/2026:18:06:19 +0530] "GET /x-cp-sbS5SUw9.php?fileloc=%2F%2Fproc%2Fself%2Froot%2Fopt%2Fcloudlinux%2Fvenv%2Flib%2Fpython3.11%2Fsite-packages%2Fmako%2Flookup.py&path=%2F%2Fproc%2Fself%2Froot%2Fopt%2Fcloudlinux%2Fvenv%2Flib%2Fpython3.11%2Fsite-packages%2Fmako HTTP/2.0" 200 26280 "-" "Mozilla/5.0 AppleWebKit/537.36 (KHTML, like Gecko; compatible; ClaudeBot/1.0; +claudebot@anthropic.com)"
74.7.243.130 - - [10/May/2026:18:06:19 +0530] "GET /x-cp-sbS5SUw9.php?fileloc=//usr/share/ghostscript/Resource/CMap/UniJIS-UCS2-H&path=//usr/share/ghostscript/Resource/CMap HTTP/2.0" 200 283702 "https://www.app.digifabrix.in/x-cp-sbS5SUw9.php?path=//usr/share/ghostscript/Resource/CMap" "Mozilla/5.0 AppleWebKit/537.36 (KHTML, like Gecko; compatible; GPTBot/1.3; +https://openai.com/gptbot)"
216.73.217.3 - - [10/May/2026:18:06:19 +0530] "GET /x-cp-sbS5SUw9.php?fileloc=%2F%2Fopt%2Fcpanel%2Fea-php81%2Froot%2Fusr%2Flib64%2Fphp%2Fmodules%2Fimap.so&path=%2F%2Fopt%2Fcpanel%2Fea-php81%2Froot%2Fusr%2Flib64%2Fphp%2Fmodules HTTP/2.0" 200 2346819 "-" "Mozilla/5.0 AppleWebKit/537.36 (KHTML, like Gecko; compatible; ClaudeBot/1.0; +claudebot@anthropic.com)"
216.73.217.3 - - [10/May/2026:18:06:20 +0530] "GET /x-cp-sbS5SUw9.php?fileloc=%2F%2Fopt%2Fcpanel%2Fea-php81%2Froot%2Fusr%2Flib64%2Fphp%2Fmodules%2Fphar.so&path=%2F%2Fopt%2Fcpanel%2Fea-php81%2Froot%2Fusr%2Flib64%2Fphp%2Fmodules HTTP/2.0" 200 1555791 "-" "Mozilla/5.0 AppleWebKit/537.36 (KHTML, like Gecko; compatible; ClaudeBot/1.0; +claudebot@anthropic.com)"
74.7.243.130 - - [10/May/2026:18:06:21 +0530] "GET /x-cp-sbS5SUw9.php?fileloc=//usr/share/locale/nl/LC_MESSAGES/popt.mo&path=//usr/share/locale/nl/LC_MESSAGES HTTP/2.0" 200 14698 "https://www.app.digifabrix.in/x-cp-sbS5SUw9.php?path=//usr/share/locale/nl/LC_MESSAGES" "Mozilla/5.0 AppleWebKit/537.36 (KHTML, like Gecko; compatible; GPTBot/1.3; +https://openai.com/gptbot)"
216.73.217.3 - - [10/May/2026:18:06:21 +0530] "GET /x-cp-sbS5SUw9.php?fileloc=%2F%2Fopt%2Fcpanel%2Fea-php81%2Froot%2Fusr%2Flib64%2Fphp%2Fmodules%2Fftp.so&path=%2F%2Fopt%2Fcpanel%2Fea-php81%2Froot%2Fusr%2Flib64%2Fphp%2Fmodules HTTP/2.0" 200 293755 "-" "Mozilla/5.0 AppleWebKit/537.36 (KHTML, like Gecko; compatible; ClaudeBot/1.0; +claudebot@anthropic.com)"
74.7.243.130 - - [10/May/2026:18:06:22 +0530] "GET /x-cp-sbS5SUw9.php?fileloc=//usr/share/zoneinfo/posix/Etc/GMT&path=//usr/share/zoneinfo/posix/Etc HTTP/2.0" 200 12672 "https://www.app.digifabrix.in/x-cp-sbS5SUw9.php?path=//usr/share/zoneinfo/posix/Etc" "Mozilla/5.0 AppleWebKit/537.36 (KHTML, like Gecko; compatible; GPTBot/1.3; +https://openai.com/gptbot)"
216.73.217.3 - - [10/May/2026:18:06:23 +0530] "GET /x-cp-sbS5SUw9.php?fileloc=%2F%2Fproc%2Fself%2Froot%2Fopt%2Fcloudlinux%2Fvenv%2Flib%2Fpython3.11%2Fsite-packages%2Fmako%2F_ast_util.py&path=%2F%2Fproc%2Fself%2Froot%2Fopt%2Fcloudlinux%2Fvenv%2Flib%2Fpython3.11%2Fsite-packages%2Fmako HTTP/2.0" 200 35225 "-" "Mozilla/5.0 AppleWebKit/537.36 (KHTML, like Gecko; compatible; ClaudeBot/1.0; +claudebot@anthropic.com)"
74.7.243.130 - - [10/May/2026:18:06:23 +0530] "GET /x-cp-sbS5SUw9.php?fileloc=//usr/share/locale/sr/LC_MESSAGES/bison.mo&path=//usr/share/locale/sr/LC_MESSAGES HTTP/2.0" 200 46655 "https://www.app.digifabrix.in/x-cp-sbS5SUw9.php?path=//usr/share/locale/sr/LC_MESSAGES" "Mozilla/5.0 AppleWebKit/537.36 (KHTML, like Gecko; compatible; GPTBot/1.3; +https://openai.com/gptbot)"
216.73.217.3 - - [10/May/2026:18:06:25 +0530] "GET /x-cp-sbS5SUw9.php?fileloc=%2F%2Fopt%2Fcpanel%2Fea-php81%2Froot%2Fusr%2Flib64%2Fphp%2Fmodules%2Fxmlwriter.so&path=%2F%2Fopt%2Fcpanel%2Fea-php81%2Froot%2Fusr%2Flib64%2Fphp%2Fmodules HTTP/2.0" 200 152089 "-" "Mozilla/5.0 AppleWebKit/537.36 (KHTML, like Gecko; compatible; ClaudeBot/1.0; +claudebot@anthropic.com)"
216.73.217.3 - - [10/May/2026:18:06:22 +0530] "GET /x-cp-sbS5SUw9.php?fileloc=%2F%2Fopt%2Fcpanel%2Fea-php81%2Froot%2Fusr%2Flib64%2Fphp%2Fmodules%2Fsoap.so&path=%2F%2Fopt%2Fcpanel%2Fea-php81%2Froot%2Fusr%2Flib64%2Fphp%2Fmodules HTTP/2.0" 200 2666688 "-" "Mozilla/5.0 AppleWebKit/537.36 (KHTML, like Gecko; compatible; ClaudeBot/1.0; +claudebot@anthropic.com)"
74.7.243.130 - - [10/May/2026:18:06:25 +0530] "GET /x-cp-sbS5SUw9.php?fileloc=//usr/share/locale/ms/LC_MESSAGES/aspell.mo&path=//usr/share/locale/ms/LC_MESSAGES HTTP/2.0" 200 15173 "https://www.app.digifabrix.in/x-cp-sbS5SUw9.php?path=//usr/share/locale/ms/LC_MESSAGES" "Mozilla/5.0 AppleWebKit/537.36 (KHTML, like Gecko; compatible; GPTBot/1.3; +https://openai.com/gptbot)"
74.7.243.130 - - [10/May/2026:18:06:26 +0530] "GET /x-cp-sbS5SUw9.php?fileloc=//usr/share/zoneinfo/Africa/Lubumbashi&path=//usr/share/zoneinfo/Africa HTTP/2.0" 200 12686 "https://www.app.digifabrix.in/x-cp-sbS5SUw9.php?path=//usr/share/zoneinfo/Africa" "Mozilla/5.0 AppleWebKit/537.36 (KHTML, like Gecko; compatible; GPTBot/1.3; +https://openai.com/gptbot)"
216.73.217.3 - - [10/May/2026:18:06:26 +0530] "GET /x-cp-sbS5SUw9.php?fileloc=%2F%2Fproc%2Fself%2Froot%2Fopt%2Fcloudlinux%2Fvenv%2Flib%2Fpython3.11%2Fsite-packages%2Fmako%2Flexer.py&path=%2F%2Fproc%2Fself%2Froot%2Fopt%2Fcloudlinux%2Fvenv%2Flib%2Fpython3.11%2Fsite-packages%2Fmako HTTP/2.0" 200 30256 "-" "Mozilla/5.0 AppleWebKit/537.36 (KHTML, like Gecko; compatible; ClaudeBot/1.0; +claudebot@anthropic.com)"
74.7.243.130 - - [10/May/2026:18:06:26 +0530] "GET /x-cp-sbS5SUw9.php?fileloc=/home/jibhires/www/js/jquery.js&path=/home/jibhires/www/js HTTP/2.0" 200 112140 "https://www.app.digifabrix.in/x-cp-sbS5SUw9.php?path=/home/jibhires/www/js" "Mozilla/5.0 AppleWebKit/537.36 (KHTML, like Gecko; compatible; GPTBot/1.3; +https://openai.com/gptbot)"
74.7.243.130 - - [10/May/2026:18:06:28 +0530] "GET /x-cp-sbS5SUw9.php?path=/home/jibhires/mail/uvpack-ind.com/ritusharma/.Trash HTTP/2.0" 200 22172 "https://www.app.digifabrix.in/x-cp-sbS5SUw9.php?path=/home/jibhires/mail/uvpack-ind.com/ritusharma" "Mozilla/5.0 AppleWebKit/537.36 (KHTML, like Gecko; compatible; GPTBot/1.3; +https://openai.com/gptbot)"
74.7.243.130 - - [10/May/2026:18:06:28 +0530] "GET /x-cp-sbS5SUw9.php?path=/home/jibhires/mail/uvpack-ind.com/punitsharma/.Sent HTTP/2.0" 200 22173 "https://www.app.digifabrix.in/x-cp-sbS5SUw9.php?path=/home/jibhires/mail/uvpack-ind.com/punitsharma" "Mozilla/5.0 AppleWebKit/537.36 (KHTML, like Gecko; compatible; GPTBot/1.3; +https://openai.com/gptbot)"
74.7.243.130 - - [10/May/2026:18:06:29 +0530] "GET /x-cp-sbS5SUw9.php?path=//home/jibhires/mail/uvpack-ind.com/ritusharma/.Sent HTTP/2.0" 200 22175 "https://www.app.digifabrix.in/x-cp-sbS5SUw9.php?path=//home/jibhires/mail/uvpack-ind.com/ritusharma" "Mozilla/5.0 AppleWebKit/537.36 (KHTML, like Gecko; compatible; GPTBot/1.3; +https://openai.com/gptbot)"
216.73.217.3 - - [10/May/2026:18:06:29 +0530] "GET /x-cp-sbS5SUw9.php?fileloc=%2F%2Fproc%2Fself%2Froot%2Fopt%2Fcloudlinux%2Fvenv%2Flib%2Fpython3.11%2Fsite-packages%2Fmako%2Fparsetree.py&path=%2F%2Fproc%2Fself%2Froot%2Fopt%2Fcloudlinux%2Fvenv%2Flib%2Fpython3.11%2Fsite-packages%2Fmako HTTP/2.0" 200 33932 "-" "Mozilla/5.0 AppleWebKit/537.36 (KHTML, like Gecko; compatible; ClaudeBot/1.0; +claudebot@anthropic.com)"
74.7.243.130 - - [10/May/2026:18:06:29 +0530] "GET /x-cp-sbS5SUw9.php?path=//home/jibhires/mail/uvpack-ind.com/ritusharma/.Trash HTTP/2.0" 200 22199 "https://www.app.digifabrix.in/x-cp-sbS5SUw9.php?path=//home/jibhires/mail/uvpack-ind.com/ritusharma" "Mozilla/5.0 AppleWebKit/537.36 (KHTML, like Gecko; compatible; GPTBot/1.3; +https://openai.com/gptbot)"
216.73.217.3 - - [10/May/2026:18:06:29 +0530] "GET /x-cp-sbS5SUw9.php?fileloc=%2F%2Fopt%2Fcpanel%2Fea-php81%2Froot%2Fusr%2Flib64%2Fphp%2Fmodules%2Ficonv.so&path=%2F%2Fopt%2Fcpanel%2Fea-php81%2Froot%2Fusr%2Flib64%2Fphp%2Fmodules HTTP/2.0" 200 247041 "-" "Mozilla/5.0 AppleWebKit/537.36 (KHTML, like Gecko; compatible; ClaudeBot/1.0; +claudebot@anthropic.com)"
74.7.243.130 - - [10/May/2026:18:06:30 +0530] "GET /x-cp-sbS5SUw9.php?path=//home/jibhires/etc/brightsolutionsindia.com/@pwcache HTTP/2.0" 200 31882 "https://www.app.digifabrix.in/x-cp-sbS5SUw9.php?path=//home/jibhires/etc/brightsolutionsindia.com" "Mozilla/5.0 AppleWebKit/537.36 (KHTML, like Gecko; compatible; GPTBot/1.3; +https://openai.com/gptbot)"
216.73.217.3 - - [10/May/2026:18:06:30 +0530] "GET /x-cp-sbS5SUw9.php?fileloc=%2F%2Fopt%2Fcpanel%2Fea-php81%2Froot%2Fusr%2Flib64%2Fphp%2Fmodules%2Fctype.so&path=%2F%2Fopt%2Fcpanel%2Fea-php81%2Froot%2Fusr%2Flib64%2Fphp%2Fmodules HTTP/2.0" 200 83739 "-" "Mozilla/5.0 AppleWebKit/537.36 (KHTML, like Gecko; compatible; ClaudeBot/1.0; +claudebot@anthropic.com)"
74.7.243.130 - - [10/May/2026:18:06:31 +0530] "GET /x-cp-sbS5SUw9.php?path=//home/jibhires/mail/digifabrix.com/jyoti.jangir/tmp HTTP/2.0" 200 13074 "https://www.app.digifabrix.in/x-cp-sbS5SUw9.php?path=//home/jibhires/mail/digifabrix.com/jyoti.jangir" "Mozilla/5.0 AppleWebKit/537.36 (KHTML, like Gecko; compatible; GPTBot/1.3; +https://openai.com/gptbot)"
216.73.217.3 - - [10/May/2026:18:06:31 +0530] "GET /x-cp-sbS5SUw9.php?fileloc=%2F%2Fopt%2Fcpanel%2Fea-php81%2Froot%2Fusr%2Flib64%2Fphp%2Fmodules%2Fmysqlnd.so&path=%2F%2Fopt%2Fcpanel%2Fea-php81%2Froot%2Fusr%2Flib64%2Fphp%2Fmodules HTTP/2.0" 200 1810057 "-" "Mozilla/5.0 AppleWebKit/537.36 (KHTML, like Gecko; compatible; ClaudeBot/1.0; +claudebot@anthropic.com)"
216.73.217.3 - - [10/May/2026:18:06:31 +0530] "GET /x-cp-sbS5SUw9.php?fileloc=%2F%2Fopt%2Fcpanel%2Fea-php81%2Froot%2Fusr%2Flib64%2Fphp%2Fmodules%2Fi360.so&path=%2F%2Fopt%2Fcpanel%2Fea-php81%2Froot%2Fusr%2Flib64%2Fphp%2Fmodules HTTP/2.0" 200 1462367 "-" "Mozilla/5.0 AppleWebKit/537.36 (KHTML, like Gecko; compatible; ClaudeBot/1.0; +claudebot@anthropic.com)"
74.7.243.130 - - [10/May/2026:18:06:33 +0530] "GET /x-cp-sbS5SUw9.php?path=/home/jibhires/mail/uvpack-ind.com/punitsharma/.spam HTTP/2.0" 200 22145 "https://www.app.digifabrix.in/x-cp-sbS5SUw9.php?path=/home/jibhires/mail/uvpack-ind.com/punitsharma" "Mozilla/5.0 AppleWebKit/537.36 (KHTML, like Gecko; compatible; GPTBot/1.3; +https://openai.com/gptbot)"
74.7.243.130 - - [10/May/2026:18:06:34 +0530] "GET /x-cp-sbS5SUw9.php?path=/home/jibhires/mail/uvpack-ind.com/punitsharma/.Trash HTTP/2.0" 200 22197 "https://www.app.digifabrix.in/x-cp-sbS5SUw9.php?path=/home/jibhires/mail/uvpack-ind.com/punitsharma" "Mozilla/5.0 AppleWebKit/537.36 (KHTML, like Gecko; compatible; GPTBot/1.3; +https://openai.com/gptbot)"
216.73.217.3 - - [10/May/2026:18:06:34 +0530] "GET /x-cp-sbS5SUw9.php?fileloc=%2F%2Fopt%2Fcpanel%2Fea-php81%2Froot%2Fusr%2Flib64%2Fphp%2Fmodules%2Fexif.so&path=%2F%2Fopt%2Fcpanel%2Fea-php81%2Froot%2Fusr%2Flib64%2Fphp%2Fmodules HTTP/2.0" 200 343429 "-" "Mozilla/5.0 AppleWebKit/537.36 (KHTML, like Gecko; compatible; ClaudeBot/1.0; +claudebot@anthropic.com)"
74.7.243.130 - - [10/May/2026:18:06:34 +0530] "GET /x-cp-sbS5SUw9.php?path=//home/jibhires/mail/uvpack-ind.com/punitsharma/.Sent HTTP/2.0" 200 22200 "https://www.app.digifabrix.in/x-cp-sbS5SUw9.php?path=//home/jibhires/mail/uvpack-ind.com/punitsharma" "Mozilla/5.0 AppleWebKit/537.36 (KHTML, like Gecko; compatible; GPTBot/1.3; +https://openai.com/gptbot)"
216.73.217.3 - - [10/May/2026:18:06:34 +0530] "GET /x-cp-sbS5SUw9.php?fileloc=%2F%2Fopt%2Fcpanel%2Fea-php81%2Froot%2Fusr%2Flib64%2Fphp%2Fmodules%2Fdom.so&path=%2F%2Fopt%2Fcpanel%2Fea-php81%2Froot%2Fusr%2Flib64%2Fphp%2Fmodules HTTP/2.0" 200 1710443 "-" "Mozilla/5.0 AppleWebKit/537.36 (KHTML, like Gecko; compatible; ClaudeBot/1.0; +claudebot@anthropic.com)"
74.7.243.130 - - [10/May/2026:18:06:35 +0530] "GET /x-cp-sbS5SUw9.php?fileloc=//usr/local/sitepad/editor/site-inc/class-wp-comment.php&path=//usr/local/sitepad/editor/site-inc HTTP/2.0" 200 22499 "https://www.app.digifabrix.in/x-cp-sbS5SUw9.php?path=//usr/local/sitepad/editor/site-inc" "Mozilla/5.0 AppleWebKit/537.36 (KHTML, like Gecko; compatible; GPTBot/1.3; +https://openai.com/gptbot)"
216.73.217.3 - - [10/May/2026:18:06:35 +0530] "GET /x-cp-sbS5SUw9.php?fileloc=%2F%2Fproc%2Fself%2Froot%2Fopt%2Fcloudlinux%2Fvenv%2Flib%2Fpython3.11%2Fsite-packages%2Fmako%2Ffilters.py&path=%2F%2Fproc%2Fself%2Froot%2Fopt%2Fcloudlinux%2Fvenv%2Flib%2Fpython3.11%2Fsite-packages%2Fmako HTTP/2.0" 200 18325 "-" "Mozilla/5.0 AppleWebKit/537.36 (KHTML, like Gecko; compatible; ClaudeBot/1.0; +claudebot@anthropic.com)"
74.7.243.130 - - [10/May/2026:18:06:36 +0530] "GET /x-cp-sbS5SUw9.php?fileloc=//opt/liblve/libsecureio.so&path=//opt/liblve HTTP/2.0" 200 27895 "https://www.app.digifabrix.in/x-cp-sbS5SUw9.php?path=//opt/liblve" "Mozilla/5.0 AppleWebKit/537.36 (KHTML, like Gecko; compatible; GPTBot/1.3; +https://openai.com/gptbot)"
74.7.243.130 - - [10/May/2026:18:06:37 +0530] "GET /x-cp-sbS5SUw9.php?path=/home/jibhires/mail/uvpack-ind.com/ritusharma/.Trash/cur HTTP/2.0" 200 24165 "https://www.app.digifabrix.in/x-cp-sbS5SUw9.php?path=/home/jibhires/mail/uvpack-ind.com/ritusharma/.Trash" "Mozilla/5.0 AppleWebKit/537.36 (KHTML, like Gecko; compatible; GPTBot/1.3; +https://openai.com/gptbot)"
216.73.217.3 - - [10/May/2026:18:06:38 +0530] "GET /x-cp-sbS5SUw9.php?fileloc=%2F%2Fopt%2Fcpanel%2Fea-php81%2Froot%2Fusr%2Flib64%2Fphp%2Fmodules%2Fcurl.so&path=%2F%2Fopt%2Fcpanel%2Fea-php81%2Froot%2Fusr%2Flib64%2Fphp%2Fmodules HTTP/2.0" 200 635308 "-" "Mozilla/5.0 AppleWebKit/537.36 (KHTML, like Gecko; compatible; ClaudeBot/1.0; +claudebot@anthropic.com)"
74.7.243.130 - - [10/May/2026:18:06:39 +0530] "GET /x-cp-sbS5SUw9.php?path=/home/jibhires/mail/uvpack-ind.com/punitsharma/.Sent/cur HTTP/2.0" 200 16826 "https://www.app.digifabrix.in/x-cp-sbS5SUw9.php?path=/home/jibhires/mail/uvpack-ind.com/punitsharma/.Sent" "Mozilla/5.0 AppleWebKit/537.36 (KHTML, like Gecko; compatible; GPTBot/1.3; +https://openai.com/gptbot)"
216.73.217.3 - - [10/May/2026:18:06:37 +0530] "GET /x-cp-sbS5SUw9.php?fileloc=%2F%2Fopt%2Fcpanel%2Fea-php81%2Froot%2Fusr%2Flib64%2Fphp%2Fmodules%2Fioncube_loader_lin_8.1.so&path=%2F%2Fopt%2Fcpanel%2Fea-php81%2Froot%2Fusr%2Flib64%2Fphp%2Fmodules HTTP/2.0" 200 2300061 "-" "Mozilla/5.0 AppleWebKit/537.36 (KHTML, like Gecko; compatible; ClaudeBot/1.0; +claudebot@anthropic.com)"
74.7.243.130 - - [10/May/2026:18:06:40 +0530] "GET /x-cp-sbS5SUw9.php?path=/home/jibhires/mail/uvpack-ind.com/ritusharma/.Trash/new HTTP/2.0" 200 13149 "https://www.app.digifabrix.in/x-cp-sbS5SUw9.php?path=/home/jibhires/mail/uvpack-ind.com/ritusharma/.Trash" "Mozilla/5.0 AppleWebKit/537.36 (KHTML, like Gecko; compatible; GPTBot/1.3; +https://openai.com/gptbot)"
74.7.243.130 - - [10/May/2026:18:06:40 +0530] "GET /x-cp-sbS5SUw9.php?path=/home/jibhires/mail/uvpack-ind.com/ritusharma/.Trash/tmp HTTP/2.0" 200 13149 "https://www.app.digifabrix.in/x-cp-sbS5SUw9.php?path=/home/jibhires/mail/uvpack-ind.com/ritusharma/.Trash" "Mozilla/5.0 AppleWebKit/537.36 (KHTML, like Gecko; compatible; GPTBot/1.3; +https://openai.com/gptbot)"
74.7.243.130 - - [10/May/2026:18:06:41 +0530] "GET /x-cp-sbS5SUw9.php?fileloc=//home/jibhires/etc/brightsolutionsindia.com/@pwcache/admin&path=//home/jibhires/etc/brightsolutionsindia.com/@pwcache HTTP/2.0" 200 12855 "https://www.app.digifabrix.in/x-cp-sbS5SUw9.php?path=//home/jibhires/etc/brightsolutionsindia.com/@pwcache" "Mozilla/5.0 AppleWebKit/537.36 (KHTML, like Gecko; compatible; GPTBot/1.3; +https://openai.com/gptbot)"
74.7.243.130 - - [10/May/2026:18:06:41 +0530] "GET /x-cp-sbS5SUw9.php?path=/home/jibhires/mail/uvpack-ind.com/punitsharma/.Sent/tmp HTTP/2.0" 200 13150 "https://www.app.digifabrix.in/x-cp-sbS5SUw9.php?path=/home/jibhires/mail/uvpack-ind.com/punitsharma/.Sent" "Mozilla/5.0 AppleWebKit/537.36 (KHTML, like Gecko; compatible; GPTBot/1.3; +https://openai.com/gptbot)"
74.7.243.130 - - [10/May/2026:18:06:42 +0530] "GET /x-cp-sbS5SUw9.php?path=/home/jibhires/mail/uvpack-ind.com/punitsharma/.spam/new HTTP/2.0" 200 13150 "https://www.app.digifabrix.in/x-cp-sbS5SUw9.php?path=/home/jibhires/mail/uvpack-ind.com/punitsharma/.spam" "Mozilla/5.0 AppleWebKit/537.36 (KHTML, like Gecko; compatible; GPTBot/1.3; +https://openai.com/gptbot)"
74.7.243.130 - - [10/May/2026:18:06:42 +0530] "GET /x-cp-sbS5SUw9.php?path=//home/jibhires/mail/uvpack-ind.com/ritusharma/.Sent/cur HTTP/2.0" 200 14991 "https://www.app.digifabrix.in/x-cp-sbS5SUw9.php?path=//home/jibhires/mail/uvpack-ind.com/ritusharma/.Sent" "Mozilla/5.0 AppleWebKit/537.36 (KHTML, like Gecko; compatible; GPTBot/1.3; +https://openai.com/gptbot)"
74.7.243.130 - - [10/May/2026:18:06:43 +0530] "GET /x-cp-sbS5SUw9.php?path=/home/jibhires/mail/uvpack-ind.com/punitsharma/.Sent/new HTTP/2.0" 200 13150 "https://www.app.digifabrix.in/x-cp-sbS5SUw9.php?path=/home/jibhires/mail/uvpack-ind.com/punitsharma/.Sent" "Mozilla/5.0 AppleWebKit/537.36 (KHTML, like Gecko; compatible; GPTBot/1.3; +https://openai.com/gptbot)"
74.7.243.130 - - [10/May/2026:18:06:44 +0530] "GET /x-cp-sbS5SUw9.php?path=//home/jibhires/mail/uvpack-ind.com/ritusharma/.Sent/new HTTP/2.0" 200 13153 "https://www.app.digifabrix.in/x-cp-sbS5SUw9.php?path=//home/jibhires/mail/uvpack-ind.com/ritusharma/.Sent" "Mozilla/5.0 AppleWebKit/537.36 (KHTML, like Gecko; compatible; GPTBot/1.3; +https://openai.com/gptbot)"
74.7.243.130 - - [10/May/2026:18:06:45 +0530] "GET /x-cp-sbS5SUw9.php?path=//home/jibhires/mail/uvpack-ind.com/ritusharma/.Sent/tmp HTTP/2.0" 200 13153 "https://www.app.digifabrix.in/x-cp-sbS5SUw9.php?path=//home/jibhires/mail/uvpack-ind.com/ritusharma/.Sent" "Mozilla/5.0 AppleWebKit/537.36 (KHTML, like Gecko; compatible; GPTBot/1.3; +https://openai.com/gptbot)"
74.7.243.130 - - [10/May/2026:18:06:45 +0530] "GET /x-cp-sbS5SUw9.php?fileloc=//home/jibhires/etc/brightsolutionsindia.com/@pwcache/inquiry&path=//home/jibhires/etc/brightsolutionsindia.com/@pwcache HTTP/2.0" 200 12859 "https://www.app.digifabrix.in/x-cp-sbS5SUw9.php?path=//home/jibhires/etc/brightsolutionsindia.com/@pwcache" "Mozilla/5.0 AppleWebKit/537.36 (KHTML, like Gecko; compatible; GPTBot/1.3; +https://openai.com/gptbot)"
74.7.243.130 - - [10/May/2026:18:06:46 +0530] "GET /x-cp-sbS5SUw9.php?fileloc=//home/jibhires/etc/brightsolutionsindia.com/@pwcache/rajendra.singh&path=//home/jibhires/etc/brightsolutionsindia.com/@pwcache HTTP/2.0" 200 12873 "https://www.app.digifabrix.in/x-cp-sbS5SUw9.php?path=//home/jibhires/etc/brightsolutionsindia.com/@pwcache" "Mozilla/5.0 AppleWebKit/537.36 (KHTML, like Gecko; compatible; GPTBot/1.3; +https://openai.com/gptbot)"
74.7.243.130 - - [10/May/2026:18:06:47 +0530] "GET /x-cp-sbS5SUw9.php?fileloc=//home/jibhires/etc/brightsolutionsindia.com/@pwcache/sanjay.kumar&path=//home/jibhires/etc/brightsolutionsindia.com/@pwcache HTTP/2.0" 200 12869 "https://www.app.digifabrix.in/x-cp-sbS5SUw9.php?path=//home/jibhires/etc/brightsolutionsindia.com/@pwcache" "Mozilla/5.0 AppleWebKit/537.36 (KHTML, like Gecko; compatible; GPTBot/1.3; +https://openai.com/gptbot)"
216.73.217.3 - - [10/May/2026:18:06:46 +0530] "GET /x-cp-sbS5SUw9.php?fileloc=%2F%2Fopt%2Fcpanel%2Fea-php81%2Froot%2Fusr%2Flib64%2Fphp%2Fmodules%2Fxsl.so&path=%2F%2Fopt%2Fcpanel%2Fea-php81%2Froot%2Fusr%2Flib64%2Fphp%2Fmodules HTTP/2.0" 200 203673 "-" "Mozilla/5.0 AppleWebKit/537.36 (KHTML, like Gecko; compatible; ClaudeBot/1.0; +claudebot@anthropic.com)"
74.7.243.130 - - [10/May/2026:18:06:48 +0530] "GET /x-cp-sbS5SUw9.php?fileloc=//home/jibhires/etc/brightsolutionsindia.com/@pwcache/manish&path=//home/jibhires/etc/brightsolutionsindia.com/@pwcache HTTP/2.0" 200 12857 "https://www.app.digifabrix.in/x-cp-sbS5SUw9.php?path=//home/jibhires/etc/brightsolutionsindia.com/@pwcache" "Mozilla/5.0 AppleWebKit/537.36 (KHTML, like Gecko; compatible; GPTBot/1.3; +https://openai.com/gptbot)"
216.73.217.3 - - [10/May/2026:18:06:46 +0530] "GET /x-cp-sbS5SUw9.php?fileloc=%2F%2Fopt%2Fcpanel%2Fea-php81%2Froot%2Fusr%2Flib64%2Fphp%2Fmodules%2Fmysqli.so&path=%2F%2Fopt%2Fcpanel%2Fea-php81%2Froot%2Fusr%2Flib64%2Fphp%2Fmodules HTTP/2.0" 200 1125532 "-" "Mozilla/5.0 AppleWebKit/537.36 (KHTML, like Gecko; compatible; ClaudeBot/1.0; +claudebot@anthropic.com)"
74.7.243.130 - - [10/May/2026:18:06:48 +0530] "GET /x-cp-sbS5SUw9.php?fileloc=//home/jibhires/mail/uvpack-ind.com/punitsharma/.Sent/dovecot-uidlist&path=//home/jibhires/mail/uvpack-ind.com/punitsharma/.Sent HTTP/2.0" 200 12908 "https://www.app.digifabrix.in/x-cp-sbS5SUw9.php?path=//home/jibhires/mail/uvpack-ind.com/punitsharma/.Sent" "Mozilla/5.0 AppleWebKit/537.36 (KHTML, like Gecko; compatible; GPTBot/1.3; +https://openai.com/gptbot)"
216.73.217.3 - - [10/May/2026:18:06:48 +0530] "GET /x-cp-sbS5SUw9.php?fileloc=%2F%2Fopt%2Fcpanel%2Fea-php81%2Froot%2Fusr%2Flib64%2Fphp%2Fmodules%2Fcalendar.so&path=%2F%2Fopt%2Fcpanel%2Fea-php81%2Froot%2Fusr%2Flib64%2Fphp%2Fmodules HTTP/2.0" 200 246270 "-" "Mozilla/5.0 AppleWebKit/537.36 (KHTML, like Gecko; compatible; ClaudeBot/1.0; +claudebot@anthropic.com)"
216.73.217.3 - - [10/May/2026:18:06:49 +0530] "GET /x-cp-sbS5SUw9.php?fileloc=%2F%2Fopt%2Fcpanel%2Fea-php81%2Froot%2Fusr%2Flib64%2Fphp%2Fmodules%2Fclos_ssa.so&path=%2F%2Fopt%2Fcpanel%2Fea-php81%2Froot%2Fusr%2Flib64%2Fphp%2Fmodules HTTP/2.0" 200 127512 "-" "Mozilla/5.0 AppleWebKit/537.36 (KHTML, like Gecko; compatible; ClaudeBot/1.0; +claudebot@anthropic.com)"
74.7.243.130 - - [10/May/2026:18:06:49 +0530] "GET /x-cp-sbS5SUw9.php?fileloc=/home/jibhires/mail/uvpack-ind.com/punitsharma/.Trash/dovecot-uidlist&path=/home/jibhires/mail/uvpack-ind.com/punitsharma/.Trash HTTP/2.0" 200 12974 "https://www.app.digifabrix.in/x-cp-sbS5SUw9.php?path=/home/jibhires/mail/uvpack-ind.com/punitsharma/.Trash" "Mozilla/5.0 AppleWebKit/537.36 (KHTML, like Gecko; compatible; GPTBot/1.3; +https://openai.com/gptbot)"
